{"id":80,"date":"2014-09-18T14:09:48","date_gmt":"2014-09-18T13:09:48","guid":{"rendered":"http:\/\/agora.xtec.cat\/ceip-marti-poch\/?page_id=80"},"modified":"2018-09-03T17:31:34","modified_gmt":"2018-09-03T15:31:34","slug":"transport-escolar","status":"publish","type":"page","link":"https:\/\/agora.xtec.cat\/ceip-marti-poch\/serveis\/transport-escolar\/","title":{"rendered":"Transport escolar"},"content":{"rendered":"<p style=\"text-align: justify;\">La gesti\u00f3 del servei de transport escolar va a c\u00e0rrec del Consell Comarcal de la Conca de Barber\u00e0 i inclou la pres\u00e8ncia, com a m\u00ednim, d\u2019una persona acompanyant que realitzar\u00e0 tasques de vigil\u00e0ncia i control.<\/p>\n<p style=\"text-align: justify;\">L\u2019escola ofereix a l\u2019alumnat del centre que resideix fora del municipi de l\u2019Espluga de Francol\u00ed i que el Consell Comarcal autoritza, el servei de transport escolar i \u00e9s el propi Consell qui assumeix les compet\u00e8ncies de gesti\u00f3.<\/p>\n<p style=\"text-align: justify;\">L\u2019escola t\u00e9 una c\u00f2pia de la Normativa de funcionament del servei que duu a terme el Consell. Anualment informa\u00a0a les fam\u00edlies dels alumnes que fan \u00fas del transport, els documents i\/o requisits necessaris per tal de sol\u00b7licitar els ajuts relatius a aquest servei que el Consell Comarcal de la Conca de Barber\u00e0 atorga anualment.<\/p>\n<p style=\"text-align: justify;\">Des del curs 2017-2018 hi ha una aplicaci\u00f3 m\u00f2bil anomenada <strong>TRACEUS<\/strong> que facilita informaci\u00f3 a temps real sobre les rutes escolars. Les fam\u00edlies que sol\u00b7licten aquest servei reben un codi d&#8217;acc\u00e8s.<\/p>\n<p><img loading=\"lazy\" decoding=\"async\" class=\"aligncenter \" src=\"data:image\/jpeg;base64,\/9j\/4AAQSkZJRgABAQAAAQABAAD\/2wCEAAkGBxMTEhUTExIWFhUWFR0YGRgXGRsYGBoaFRkbGBUVFxgYHCggGholHRgXITEhJSkrLi4wGB8zODMtNygtLisBCgoKDg0OGhAQGy0lHx8tLS0tLS0tLS0tLS0tLS0tLi0tLSstLS0tLS0tLS0tLy0tLS0tLS0tLS0tLS0tLS0tLf\/AABEIALABHgMBIgACEQEDEQH\/xAAcAAABBQEBAQAAAAAAAAAAAAAEAAECAwUGBwj\/xABLEAABAwIDBAUIBQkGBQUAAAABAAIRAyEEEjEFQVFhE3GBkbEHIjJSobLR8BQzc3TBBhUXIzRCk9PhU2KCkqLxJENEY8IWJTVyg\/\/EABkBAQADAQEAAAAAAAAAAAAAAAABAgMEBf\/EAC0RAAICAQMCAwYHAAAAAAAAAAABAhEhAxIxE0FRcfAEMmGBkbEFIlKhwdHh\/9oADAMBAAIRAxEAPwDoPKB+W2KweKFGiKRYaLX+e1zjLnPBuHi0NG7iucPlR2gLllAf\/m\/+Yn8rpjaLCdPo9P36ixtsOpfRsOGuol4a4VMhl7ifRLrSb+cc2hW6SoozX\/Snj\/Vw\/wDDf\/MS\/Snj\/Vw\/8N\/8xcm19DLdr80CTO\/fv0KtNbDT9U+Ou\/jb54yJpEWdP+lPH+rh\/wCG\/wDmJfpTx\/q4f+G\/+YuZpVsNYOpvjeQd9p3kxY2nf2pOq4a\/6t+vGJHH0rbvbvMhS8BZ036U8f6uH\/hv\/mK7BeU\/HOqU2luHhz2tMU3zDnAGP1mt1xmIqUi2GMIdIJJvYA2F+Y64m1gI7M+upfas98JSFn1B0IS6EKxYlDYj24rp+kbl87zQ0gnNmiTmiRPDcuc0NUsaCATc6CbmNYG9S6ELz\/yqU67a2ExFCnXc+jTxWU0GPeRVfTZ0DXhgPmFwuDYxdcltLCbUp1Wtou2kcpb0xz1anSUnU2urVKbnHomvzFzW02AvBFoV0rB7b0IQ7a9I1TRDx0gbnLJ87KTGaOE+K8j2lV2gXNbSftNuFa2p0VV9Gua3Suc1zWvp0z0tRjGyA6qMrpIMxKetV2q5sijjGYo4iq97wz0cK+m4UmtdmyPLHVMwoh05m7oBTayY7c38vM9j6EJdCFxvkvOK6Ou3EdOWio3o31+lBcMgzlrcQOlaM02cXCSctl2yq8EFfQhLoQrElAK+hCXQhWJICvoQl0IViSAr6EJdCFYkgK+hCXQhWJICvoQl0IViSAr6EJdCFYkgK+hCXQhWJICvoQl0IViSAr6EKqq2CiUPX17FKB4n5YT\/AMe23\/TM9+ouJLCACW2dMG9413rtfLD\/APIN+7M9+qsnbe2MNVoMpU6VVpp2plxEAEjMDDiTYb1uuEZs56eQ9vxSnkPb8UYzaMNg06boAALmgkQ0N7dAb+FlVi8UH5f1bGRPoCJmNVJBRPIe34pTyHt+KZJSB55D2\/FE7MP66lYfWs4+uOaFROzPrqX2rPfCgH07UqRq4C8CYF9wTyeKqxFJronQGYkibEQY3XQwwNj59yZmOcmL2kwbbx2LmNA0OPHwT5jx8FnnAf3+O7iAL3vMAniRuRwPNASzHj4JZjx8E0pSgHzHj4JZjx8E0pSgHzHj4JZjx8E0pSgHzHj4JZjx8E0pSgHzHj4JZjx8E0pSgHzHj4JZjx8E0pSgHzHj4JZjx8E0pSgHzHj4JZjx8E0pSgHzHj4JZjx8E0pZkA+Y8fBLMePgo5ksyAlmPHwSzHj4KOZLMgJZjx8FW8qWZRcVKB4Z5aXkbQH3Vnv1Vkbe\/JoYegKoxXSHM1rmZA0tzhxuRVcR6NpaJBkLX8tDf\/cW2\/6Wn79Vc7tX8oq+IoUaFR73Np6yQQ4gnozAaCMrXFuplbK6RQDfs3EANd0VQh7Q5paC4EESD5sxa8G8Jjs7EQD0NWCSB5jtWRmtEiC4DrkbjE6G2MQwFrarwHBoItcMGVouNALQif8A1PjZJ6d8nU5W30N\/N5DuA0CnJBkZzxKWY8Smg8Cng8CpAsx4lF7Jceno3P11P32oSDwKK2SP19G3\/Op++1AfUUXTNc0zDmmDBggweBvqnc6D2oKps3Dl2Y0GF1zOUb7uJ4krms1oPyJZFHpuXtSNbWyWKZLIlkVdPFAzxFiDqFPpOSWKHyJZFVUxMai3FV\/TxMZT1onYphORLIhKm0MroNN2X1hEdo1CeptJo3TIkRz38u1IvdwJLarYVkSyIMbTG9p70nbSHqnvCttZn1IhmRLIh8Njmv0sRuOv9exX9KqvHJdO1aHyJZFHpkjW5JZNEsiWRMKqY1eSWKJZEsigK\/JLpwoTTFE8iWRRNXkqquMgx0byImRBG+2szb2qbFF+RLIgmbUBJHR1BBg20MTx5hGdJySxQ+RLIm6TkmfVtYTylLFDlqihqW0WudkILXcDwE39iJUoj4ni3li\/b2\/dme\/VXMbQ2aGNztLi20SBo4ayDbcLgaxddP5Yv29v3Znv1VxZruy5czsvCTFtBC3XBRhbdlPIBBaQWZuq0hp\/vHgqMbgn0iA+JPAzoYQ8JAKSBJJJKQJFbL+vo\/as98IVFbL+vo\/as98KAfS1UKDrX7\/irKn4qG5cjNojkJjuCYOPBQrtduI7UJJVKc8iND+HMckzHmYOvjzafw\/3SpAxcgn5hSe0EQfnn\/VQCqrRzGcxH9QrKdcNa0B8FusgnjElQkjXsd+Dvj8mVVunGVFU7QHdjQNajbgx5p+Y0UTtNn9s3\/KdQZPsQWJdmeeQAj2nxHch3NtBW6has5nq02atLajNTWYQOR7OpEDadL1x7VyG0tnNfTImNCZlwdlIcA4SCRYb5V+yfNYKZAaGmGkaOBuCL2G6JOg1VlCNc5LObfunUfnOl649vwUmY+mdHT3\/AAWG9kq3BEh+ky3s80iPeKhwSREdVtpGz9LZx9h+CY4xnrew\/BDyRrp4f0Sqiyys3ov+nU\/W9h+Cgdp0vXHt+CycWCXBotae3ehqzCNTdZ73V0c2prON0uDo2Y6mdHT2H4J\/pjPW9h+CydntIsdD33Rjxr1K94N4Pck2Sc+ZPOQmcVIpsqguVVWSeBGh\/A8RZOK+5wg+zsKepRB3nsKVGnFr9t\/FSB2vB0IPUZ8FXiq+RsgS42aOJPHkrKlIG+h3EarJFUvxJk2otDREgZ6nnOJ5hoaI\/vdihl9NK7fCDsLhA0hzrv3u4yLgf3eXJGobovPa6BYETJkW0A04IlXiZzbbtni3li\/b2\/dme\/VXM7QosbRoQDnLSXGGgQTmDTFy6HNN9xGmi6byxft7fuzPfqriXsI1BEgG\/AiQeohdC4MmGtoUC1v64gx50tcbxo2B+PHkkMPQ\/tyOumfwKASUkE6oAJAMgEwdJG4wdFBJJSBIrZf19H7VnvhCorZf19H7VnvhQD6Xf+KiE9UeKqIjf3x8FyM2RMi\/zuTlRDZ3n59iZ1MdXUhYk3RC4jFZTo8xYw0kb9\/Z7RxVrpHNCOxtP+0b2kW7991KRUkcc3Qtfe3oO7jb57QpYaoZh2u7XTd28evsT0yCJbERqOSd7J6xcG2qCyjFRndcDQjuj\/xKgdAVGs1tUB4uWyCNdDDhbeCCOw8VRTosHnNbqInWQblaxe5Y+ZyTVSZY49yi5oIgpy2bRIVPR07WZy0\/Ba0UTHoVcuplvHeOviFo4S75FxlPtIjwKza5gS3uEJU3VGNc5oMO9Uts7zpAsdAQ6OZ7aT4wbQqbzivX1+5u1KoaL9uneZQGLxgEQ48PRcRy0F+9UUajnQXAm1jIPcBoUQs1pfqEtaV4AnYoE3e0ROtN7bxA\/BX08G4wSRG83\/FNXYdx3dc24Kuk97PRdbhGlhEX3cPkzLRT4M5NSf50HYMnMQTOXwR4WXhgekJLgRAiBGsGZlabHTosTp0+B4STpKTQZVYhzhdoBsdTF480abyrYTO0QFdKo6CXtDQBNjPXuCzdiszUnVCJ6V7qh32cYYNPUDURtTz2Gk10Z7EjUNNnEc4MdqJZAaABDWwI5DQR7FVmlVDz9evIahIIEyPaLG3Px69xKFw+oJ37kUtImLPFvLF+3t+7M9+qsb8oMfSq02kBvSAUxLdwyuztjk6PYtnyxft7fuzPfqrlsdsetRaH1GZQTHpNMEiQ1wBkGLroXCM2RpYmlAz0sxDYscs21OUCTzKd9ehBAokG8HO7gYME8Y4\/EJzSNREib2sdD1JpU0QJJPlMTBjju1A8SB2hMpAkVsv6+j9qz3whUVsv6+j9qz3woB9LVRO+L7lS55GveNDPgVPEm1p13X9nBDvxFoc0RwJie8Ae1ckjS6CAfnwTzxQja8agng4+HnWndzV9GpI5jd8+KqXTTIYqpECCZ4buvvQvTA6Un9cCLSDN7FGn5EfPFC1qB3VHAXNo39mgvCsmCqnQabxUbefScL77Byb0JgEiNTU4amHmBr82SpVwA49IHHg4tGkxoLTrdM7FHQtZ\/EGh03datZW0PRquDoyWcZ9IQDvFtd5VtbDTdtjMxu\/oeaqDXRAYGjUEOBAOoMAcYKtNfzQcp1i14Mwe4qVJrJEoprII\/CunR3+Fwi0aTB9nFNRwG7IP8ZEeyTK0zrPzqk72fPz2K\/UZl0FfL\/b+gNuAZYuElplu4CDMhvde\/ihKuApgkBmUCwueHGeFuxarTMwdLxv5fHuQVZ8E2J846df9Ug7dkasVGKS4A2U2sdma2QNQNRbUc43JbVq1OjDqRIOa5Dc0NgknKdTMd6va7+465G7jvKji6JIOQwTrwjedDdap07KKp4eH4l+FJcxub0sozcnQM2ml5Tll\/bKpp4oACW5Rod+7VNiqodABkbyN86Cfb3JHLK6lwVslTxJEtboNHHnuA33Bg\/gnbWcCDnPDh4fNlQ2oBPV2m9vA9yz8djejbmqvABMCM0SQTEC+5adK3hGPVe3P+HQ06ztQ\/vuPj7UVQxINiIdw3HqP4LnKLnQCCBItc+Gi0KNabO13Ecr9hCznpIvp67T9ekbLzZVYpzWsLncN97nQBVNxYyZnH0TBjedwA5yDHMJU6ZcQ+oAIu1pMxzPPwlcjxg9TTppSfHrHrghgaRI6R3pP0Goa3Vre5XwJg34fA9SdroJB6wY7wpETp3qi4EpOTtkmturFBqmtYmTPFvLF+3t+7M9+qua2ltc1mBvRtaZDqjhrUc0ZWudwsT3rp\/K6zNtFgmJw9MSdPTqawuROBhpdm3EggS2wmZMa6CJvZdC4M2W0tsVBAhpAgXbuEiJ7T8yl+eKlvRsZ0167yfk63VbNlVSA4NBBEzIFsubfy8FKrsesCAG5iRNiNwki\/DepwCY21UEABkCP3eAAG\/kL\/wBEFiKxe7MYkxpYWEfgiBsqsdGT1Fu\/tv2aqjE4Z9Mw9sE9R0MbuYTAKUVsv6+j9qz3whUVsv6+j9qz3whB9KYhwAk2EqgPB0M23KePPm3jWL81XQAuNHf0gEclxuVSo2WVjsUYpjhBpsBO8TE8uBmVRUdUsWsANxZ4MQTqNN25aLWkaqk4ZmacoJkHTeDM94VsEUU4fD1TPSGQDpmEH\/K0dx4q4UG6CabuRgHs9F3ioPrnOA3KRvvDp3AbutWurzYg8bajhIKo5rsT0ylrBJDqYDokwJDtxIIBtyKTqTDaIPHJOnZyKo6ek6HNqAO477XIIOosbHgpjaIFyWxuMwIjmFan2KrHJMUTH1rt37gA0IP7vP2KAeWXh7gdYAF90AwLiB2DijGVsx0i0gzMz1KeUEQRY+Ci3wWq0YzNrNL4HoGwmxnnOl\/BabngAk6C\/wA+CwNqYV7HkkTJkG0O6xuKhUx73s6OMo0LjrHq\/wCxWa1KuznWq42phmzKoawuyGC8zUBuASIkRdtwpFzX1CQOrUAkbxzjdyKzBI00iOxPE8RB6jI3qunquD+BhKb20HxSBINjpqd+g1RlO45HwWG6sSQ1+8gBwHj39XgtNuIYBlDhAt3a3XfGW7KKQ1LbC7CyzalAGY83zjcW0MdW5FMqNOhmeFz2BMKBzEOECZjeQb35TPctY45E27VGd+saZIziJkWdF4kb9N3FD7VxLOizyfNcMpa5zDJBB85pBFi4LYxjbh3KPh+PsWZjMEHtLYs7Ucf6rSMryUccNcPxA9kbTLnmk4NkAEZCSIsQDO+Ctqo+BIOl+5ZmztnUqJLgTncACXmTAsBYaWHcjYzGP3SbnjGvZzURbpbue5GzLq0u15f1754NHZ1PO8vOgHmDvl5HHgtVzuKFwTZLj1DuknxHcizcLh1OT1dOVxXhmvqQradRlKnVh3w6lJzePzyUcIPPHb4FUislmQwZAaxhfLmyL2J36TeLIpUuoFppgvL4BBc7Lmdw0A05K5XhFRSS7ESduzxjyvuI2gwjUYdnv1FxJrGCIaJtZrQe8Bdp5Yv29v3Znv1VgbRwbGscRSLSDrLtzw0ek46hdC4RkzIDyNCe\/gn6R3rHvKKpYNhEmq0WmJaSfNBiJEecSL8Fa7Z1Ow+kMmTe0RaN\/X7N0kSAA1CdXHvKZzydST13TOCZCBIrZf19H7VnvhCorZf19H7VnvhAfSOOpFzSBrPggPoFSQbW5nctfeh3YmCR0VTrAsYnn4rklBS5JcE3uKG0Kk3cIv7dOtWHDne4n2eCmMUCfqqusXaR29SZmLBj9VVEui7T3ngL69fBR04m29ldPAtDswHt49quqU51E9sEdR1VZxwieiraT6B5T237YKLpwQDBE7jY9oVqRWzO+jVA+Q4FpF59IHcLCCO7tRDaJ3+wovIEsgRJLgNtgL8LeQB1OAIvrzCnTpEbgARcDjyReQJZAlEGNtLAPqOBEQGxc75PLqQTdiVRvYesn4LpsgSyBUelF5KPTTds5j8x1P7nefh1pO2JV3ZOqTB\/0rp8gSyBT04kdKJz9DZDw4ElsAg2PC\/DitB2DBN2tPXB\/BaGQJZArRSjwTHTilQHToZdAB1KvGYUugiJB37x8\/N1oZAlkCsnTss4pqjK+hPiDlI60M\/ZT9xBHMwfC63sgSyBXWrJGUtCLObrbFqOM+YO0n2Qi8Ls1zW7s2kzI5btOX+62cgSyBHqtk9KNUCUaOUADT28z1yrC0q\/IEsgWZqsYMnEYas8iS2BoN3bZFMY+ZtMdYn2WRmQJZAlE2B0qTgW+iGifNa3KL9vFEKbmqClEHi3li\/b2\/dme\/VXDwu58r8fnBk6fR6cxrGepMLlMS7zTOSAIZlifTndcDKXa8putk6oKN2wFJHMfQgZmPmB6MAaecTJMmb7uEcUKmHlvmPiDmmNYtlg8Zue5WMwFJaIqYa\/m1Y\/wk79\/b\/ugapEnKCBuB15+1AQRWy\/r6P2rPfCFRWy\/r6P2rPfCA+mmDzldlCqp+koYvCU6hBeyS2YMkETE6dQ7lzGoQGhPkCDoYCkx2ZrADMzJ1iPAovOgHyBLIE2dLOgFlCYhvHTmh6+DpvIc5kkCJkiw6utVfmuj6n+p3xQB+QJZAqqDGsaGtEAbp4mTqrM6AWUJZQq6zA8Q4SJ4kadSEGyaMzk\/wBTvZdAHhoT5Aq6LQ1oa0QGgADgBYBTzoB8gTED5PHRIvQuIwNOo7M9kmI1PgLIArKE+QKjC4dlOcjYkybkyYjf1K7OgHyBNlCWdD4nCsqRnbMaXIImJuOoIC9oadD7U5aEF+bKMR0duEu3gDjyCens6kCCGQQZFzqgDcgTED5KResCvjcAHOa57QcxzCX+lPnab5QvDTnP3E35KzoMgSyBY9P8o8I0ACs0ACB6Wg7Fr50E9KcPfi15qiNVohUIiofNKHUozPF\/LCf+Pb92Z79RcPPJdv5Yf29v3Znv1Vw63jwUY88kp5JklYgeeSU8kySAeeSK2Wf19G3\/ADWe+EIitl\/X0vtWe+FAPpun6SjXoZv3nDXQxqpU\/ST4hzxGRoPGTHDfB57lzGoMzBQPrKh\/xX8E\/wBD\/wC5U\/zdfLn4KZqVo+rZP\/3tz\/d6lE1a9\/1TOQz3PC8fM8rgL6J\/3Kn+b+iupsgRJNyb87pUH1CfOY0DiHSe6EQgBK1DN+84aaGNDPBVjBD136R6XKOHNEVXPBGVoI5mOPI8u\/les1K1v1bdb+fu4+j2ICs4Ieu\/f+9xjlyCvpsgASTHHVVCrX\/s29WbuvCuoPeSczQBuh0+yEA1VmYESRO8WKHdgATOd+s+lx+dEZVLoOUAndOiHz1p9FgF4Mk9U6ICr83t9Z\/+Y7uCcYEes89bkThnVDOcADdBvzkd29XoChjYAF7CL3NuJ4qqrhg4zmcLRYwLX0RZVFZ1SfNa0iN\/FADjANiMz+vNfvT\/AEITOZ\/VNu6PmSnNTEeozTidVIVK29jdeO7fHPuQFlGmGiASesybmdVCvQzR5zh1GNePcrcOX3zgDhH4+xNXc8RkAPX2c+tANSp5QBJMbyZPaVNSol0DMADvjRTQFK4qv+TmJ6Sq4MouD6jnAuJmHOJHV1LuivMsbtJ\/TVg7FVWRVeGgOcRAcYEA9m5VlR6v4VHVbl02u3Kb+wZiPyWxLgR0dBs72kg9V5su8aLLy3EbUeGktxtZx4ZnjtnMvVmaDqSNdjT8VjrJQ6jT5qk14eJB\/olUImtp88UMro8U8W8sX7e37sz36q4deueUD8iMVjMUK1E0gwUWs89zmmWueTYMNocN\/Fc3+izH+th\/4j\/5a2UlRRo4dJdx+izH+th\/4j\/5aX6LMf62H\/iP\/lqdyFHDpLuP0WY\/1sP\/ABH\/AMtL9FmP9bD\/AMR\/8tNyFHDorZn11L7VnvBdd+izH+th\/wCI\/wDlq7BeTDHNqMcXYeGva4xUfMNcCY\/V62TchR7PT9JKrXDTBOv4apmOvKcuC5zQHO1KQkGoBEzJ9X0u7eiw5QzhLOgJylKhnSzoBnVwDBN\/j\/sqRtOl\/aDv4aq\/MEs6AnKUqGdLOgFVrBoLnGANVQ7aVMav3kaHUajRX50s4QFFPadNxAD7nkd5gbkVKhnCWdATJVFXGsacrnQYnQ6ExwVmdLOEAN+daXr94cPwUhtKmf398aHU6blfnSzBASZUkAg2IkdR0VVfFNZGZ0T18uHWFZnTZwgHpVg4BzTIOilKhnSzoCcrlK35VVs9RrMOHBj3NkOv5piYhdRnWFX\/ACXw7nOcTUlzi4w6BLiSbRzUO+x2exz9ni31lfhz\/DRnVvywrtBLsLAG8kgcr5V2Icucd+SOGNiav+f+i6AOCK+5b2yfs0lHoKub5+Fct\/Em\/wBEqhWOfaFWrHAf\/9k=\" width=\"426\" height=\"262\" \/><\/p>\n<p>Trobareu informaci\u00f3 actualitzada al web del <a href=\"http:\/\/www.concadebarbera.cat\/noticies\/consulteu-des-daqui-totes-les-rutes-del-transport-escolar-aquest-curs-2018-2019\">Consell Comarcal de la Conca de Barber\u00e0.<\/a><\/p>\n<p><img loading=\"lazy\" decoding=\"async\" class=\"aligncenter \" src=\"data:image\/jpeg;base64,\/9j\/4AAQSkZJRgABAQAAAQABAAD\/2wCEAAkGBxMTEhUTExMWFhUXGBgYGRgYGB0aFxoaHR0aHh0XGhgYHSggGholHRUXITEhJS0rLi4uFyAzODMsNygtLisBCgoKDg0OGhAQGi0lHyUtLTAtLS0vLS0tLS0tLS8tLS0tLS0tLS0tLS0tLS0tKy0tLS0tLS0tLS0tLSstLS0tLf\/AABEIAMIBAwMBIgACEQEDEQH\/xAAbAAABBQEBAAAAAAAAAAAAAAAFAAIDBAYBB\/\/EAEsQAAECAwUEBwMHCgQGAwEAAAECEQADIQQFEjFBBlFhcRMigZGhsdEywfAUQlJicpLhByMkM1NjgqKy0jRzwvEVJUODs+JUk6MW\/8QAGgEAAwEBAQEAAAAAAAAAAAAAAAECAwQFBv\/EAC4RAAICAQMBBwMDBQAAAAAAAAABAhEDEiExBBMyQVFhcYEiQtFSkfAFM6HB4f\/aAAwDAQACEQMRAD8AeiCuzw\/SZP8AmI84ESFAhwQQdQaQX2c\/xMn\/ADE+ccye51yWx6zChQo6TkFChQoAFChQoAFChQoAFChQoAFChQoAFChQoAFFG+7xFnkrmn5ooN50EXo8u\/KdfWOYJCT1ZdVcVbuyM8uTRGzTFDXKileG1820kJUkCjdUEMCQ5qo1OXdE9pu3pujSo4UrUAQPaIZ2BegpxPBqxSuq7AiQVK9tSkuNQKkDur2xpDIKgCeqkVABZR4k6Z0A9Y4YNyds7JVFVEqIWhBmpoCSgAJBcscy2jauRy1knzsIfXSHzEJQksANaQMnrLKUasCabgHYQ5rdWKG5GuYARiNVKAD6k6RNeUsJkLA3ecDrjsRnNap1A56KXmx3lszR+xzwJ31+pX2eYiJvgq7Idh5IFtkHdZ1E\/eIjlwqezyjvSD31ixswEiagpV+d6HA2iU1UVHeSzAROtCQpSUNhBZLMzDJmo1NI2zv6UYYu8xpLc4s3WkdITRwk+adYr0A+Pj4MUrZe4ky5swFjhwpf6RPuYnsjGHJtLgg2t2gwPJlnrfPUMx9UHfvOkYW1W0JDqLRQtt6FSmQCpR7eZ484rG6lkKmTiSwJbQUjpr9Rh7EFpveZNJRKSW3\/ABlCslyOcUw4ju0\/GD1y3SejSAmuv4nSNFZbmA9qvkOfwO2CWatkVHF4szKLvS2QhRtUpADAZdnp5Qox7Q00Fa7nMtBJzANMhvAOod6wc2YH6VJ+2Izez8xJs6GOTjuJ00jTbKj9Kk\/a9xjf7jN8HqsKFCjqOQUKFCgAUKFAParaSXY5YURiWp8CHzbMk6JEDdDjFydIOQo8ZnflCtpXiExKR9EITh5VBPjGw2H20Fo\/NTyBNfqmgCuFKPu3sd1ZUkzfJ008cdTNtChQoo5xQoUKABQoUImAAZtJeos1nXNObMkb1HL17I8bshxLVPml0pJUXeqs9KkAOe6Nzt3tbZkEyFyhNUkhwoHqkj2gKOcJ3x5xaNp5I6qbPjSMQDqUhwrMlIcBR57o58uGeSSrg3x5Y44vzNDdFqxS5igoKC7QS719gUA3QTvvaISyUJAWsUJySOG8kBnjAydp0I\/V2VKQ7tjUQ+Ts8Rz9pUqfFZk1JJ666vn86FHpci4E+og0rNNdd5TrTNDrZAcMKBRYlt5AYnsjQWuUEypjfQV5GPPbJtOJa0rTZgCkEJ66mAOdDR+MEjt3iBSuRQggsqtf4YifS5WWupxhq4ZZFoSSSWsimD0S6g7DR2DnMsIv3yHkqDgezUlhmN8Z6w7bWdAwmUsdUJxMl2BcOXBbOg3wQlbWWNdCttesksO1mic2GdqkGLLDe2TWaxqXUYkJKUpJqFrA8UJqfrHhlF90oDABgGA+MhEab0RMH5paFDeFA+GkBJ1vmzSU2dLB2M2YDhG\/Ck1WeJYc4z0ybuRtFxrYvXleKEJxTVBI0GpO4DNR+KRnbXLm2wAFPRSQXD1mK4tkmh5wRTd0qU82cvEr9pMPkMhyEBL12xQnqyE4jvIp2JzPa0aRX6UJ+pbs90pl9VCa6nMniT6xZvC6vzKwc1AJpkMRAr3\/AIwP2Jnzps6ZMmv7DJ4OoOwGWWkHNplkSQRmZkkCrO8xGX4caRm7U6KTTjZLYkDCABl2Dtyr3HnFsy20y7PT\/T2w2ylkitfjJtOXdD0\/HDx8HHKMyyIJ7PDwp5QokxtR2+OzyhQ6EAdnEpMgEBiat4Yv4sL83jU7Jp\/S5PM\/0qjG7KSMKV0IxMQ5dmcFPBlEnji5xstk\/wDGSeZ\/pVHY++c\/2nqUKFCjpOUUKFCgAUeQbVS1Wy2z+vhTKIlij5O7V+kFHtj1+PFNu5c6y22dhUUpmnpARq+deCioRM68Tq6VScmounWxGjZdGsxR5ADzeBdts4kz8CCqnRsSauSmrhq1gfMt01Wc1Z\/iPrBXZC5ZtstSUo9mWpK5qzUJY0TxUWNPQxMWm9kdeaGTHjbyTu1SR79CiredoVLkzJiEY1JSpQTXrEB2oCfCHXdaellS5jNjQlbbsQBbxjQ8osQoUKABQD2h2gk2dUuUsl5hyGiXZzwfyMG1qABJyEeUbVzntU3Fm4HJkikJsUnSMxtXakzrTaZiSCkzGBGRCQAGjJrEFcRTOmJIHRzBiR9pITi7TiB7IhVHTj4MZyBuCFgjW2SyApBdnSk\/yj0hSLtAIKlCnHm9X5RLzxTafgUoNpNGTww4CNNeslIS6W9sa6FJ\/tgahI3A9kaxepWZS2dAxo4UA5gGCfRJ3Q0yE6CKFZmrchUtYIJwqy+qrcILXXtVaZZVLBxgJpiDlyc31NdeET2y7xMQUu27gRlACbJXJmoUoNiSW1yHqBHLngjow5A4bDabSrFNUfQeQHKDN37OIRpXxf14d0XrrvhE0Apll9wLnuCTugvJmJU7pWkAZ4SQeGQp8Ujkp8GzyJ7iuezhGJmyA+NDyNYrbUJxIlj9\/Jd+Cn+H74IXatKgSMnAr20rTTWKO06gEyg+c6WKcQWrmPGOaX9w64dwISSMORyL\/j+IPOJQdW7fcK17zyivYgQgcB8cH5ROWeudc8+71BjNGpCZzUcjg34jyjsS9LuJ7D6ERyGBidj5xUAJYw54mcgHi+TjxBbMxvdj5j2yUCzuqoNPZVoajx5x5xsjaujT1ioLIOEUMuoGElRUCKlmJZyHY1jf7ATMVsQGYpUsPwKVFsm3ZR2zX1nL9p65ChRyNzmOwoy3\/wDcyHYyp4P2Aab6KdomRtrZT+1HOUv3CFY9LNHGH\/K4j9ESWGILLH+BdORYQWVtZIWqWiSt1KmJBBSpPVOZ6yeUZP8AKteiukEgEhKZRUW1UtwMtwT\/ADQ+Qtx3PN7BJC1grVM6Av1paUpmtocKioCmj9se+7IXdZ5FllpstZZGLF85ZOalH6VG4M2keEXVYkrlJWt1KIckmPWfyaW4CSqUpQDTOoDxS5A+6TBVDlklN\/U7NvFK5P8ADSP8qX\/SIsItCFPhUDhJBYuxGYPGBmzNqKpCUqSE4ESgk4nxJMtBxfVLkhvq8YCQxHCYb0g3xHamUhSQogqBS4zBIZw9HrAAE2et5tZXMIIlomqCC\/VU1B1W0bPe8efbSzcVqnHJ1nu0Pcxj1CRYxIlS7PKFKJJP0c1KJ+ka9qo8o2vtiE22elRYhfmAfIxk7pWLJvwZq9SAiUolvzyu1wpDeXdFJQixe5dNmZVDNmOBqxmKH9IMMMrjHZiexjJBq57VKEplkYn4CjAVJI3Hvggi1S9MP30e9YjJYKx2NKM6D1\/FKkpIahL9ZBqWywqO4wFFcotWCXLd5hcbmLeET2yWnpApDYVJelBuy7InVToekpyJLqSDkSAe+CN4SkpLJAAYUEQyk9dP2h5xbtyhj7BEuVyQNbAu1pZXMAwH2mlNKQvce4Kz8oOXop1j7I98Ur4k4rOQz9VTcwXgyd1MmL3D2ySkmzskAYVKBYNn1g7cFAYuEGClgX3fFcjzjLfk\/tDpUnelJGhcOCxPNFI1M9XVVy5eGkcLVM7JO4Ed0N1\/te7xijtUutnSP26TxolRy9I5Y76ky19EtWFSmIJcJ3AFWQy1pC2olErkKxMUqUQGDOQz7siRHO1eR\/zwOyCccMb8fyFrIl06+\/t\/ERKSOefxqB3CILN7IBO743eMOmluOefqcuwxibWPVaOKuw0\/qjkQdKePef7oUMR5ndlqCQlQbpHYYhiS2e4h3DA1YnhG3\/J1f0uStC52JMtJUStlqbqEMosWPs\/ec6x5hZVP2uX03VA09YL2OYsyyOnABJdIDuSnM86gngCd49OcbONS2Z7gPyjoEwggFNSBhUlTOz1HwYLJ23skyVMUichCghWHEoAlTGgBzLjwMeR2iVZ5FqSkzJs9QQerKJJSQRRnLgJctU6xLYiEyZClKw4plE4iWcWgPkC5JAbg+pEJJkUTAWYl\/liQeJY8vbhyejWCn5W43EuPBRijasHRW0dOkEq9l2Knly9Hru7IvywlNoW02X+pT7QoesugfWJLvktyVqBYWlKi1HctxDmhpA6+5i1FSlL6Q9GOsFFVA4ZzUcjviO7rGjDY3MsvLqGDhpJzpn74qrkASlAYKzZyQUgP7bVapG6KhyTN3EfdExKZKASAQkO5Zu+C9320oYpWzTMWFjmke0TlnTv7QZuwSkTJdCuUhRxKSTiIQVvU6tFo3Wp0KQgEKlqCmI9pQSRUmpd3OlYyzz1LSmKEdw9ZNqlpdAUwUozF1PSGuaiK1DDuglde28xEvAGJARVtyQgIDaUBfiY89vOzz5JlTRLJTLQRMYj2Szhnrv3UeL0ibLdNTkkhIyLpBPOpjibyY4pp2jTl0eqXDtXiWoTpoCESk5gOtfzluMtwEErXtRIcMcSWfEPpbmO4f1CPJrosqZk4IWr5z4dCzMFLrSopxEFL0XhVPYABALAUAZAJI7X7o6YZXKF+pOnctytsFylyLPLUGVgXNWWxEFRxjEW6yhLz+tvaMv8AlBvnprzlrFP0eYgh\/wB3Opx9od0DlqKp6CQB0ctCEqFACcbYgMxmCcw44wKvafivAKP0F9\/RrBoOJMbw3fwJlywICkWd3p0isqZYc+2L5kp0MVsWCxSAPnAk95PpF275Lyx1cnHcY6IuvExkrKwDaendDVF6xctNnarHKKgEbJp7mVHAoxIlZpU0hhESJAZzDJJQFAgvxzjsycpRqa8T+EV8zFueoMGam4ZxNbjq0R20uUnemBV9WWaqVjlBRKVVw5sc6Cu6CtoUkhOEN7T1c5uPAt2QVuRahKWEqw9bMAPkMn5Qp90UFuZr8nsw9KhAFVY0VHAkgvxQI3m0NjmypJWMJwhynEXbekNXk8eeW20ql2zEVucQJUCBuByyoDBCdfEpRczE9nWP8rvHDk5s9PBgjOLTZRn3lZplVyVqXkCFEcgAFcYKT5k5KJQmlJUMADZszF83LvXwi3syiUtK5oQnFjICsJCh1U5EimfnHb4T15fPnli3NGClcmvRnTncFFRhdL1sJ2WYNM\/jcRFxK20rTOh90DJANDy3t\/MDFqXz3a+ihGVEl0TTx8fUx2Kwfd3g+9JhQCPIJaZIqDMevzh2hsGWYjs0SQc1perO4au8P46RUXLOPMEPQpI36gVyzHHnFtNj6SahI4YjuSSA9T9bTxj0Wzgp3VlyRPRniUXzOEAqFHBOIOD784L2W9VrwS0Y8KFUCEgqFF4QCpTZKXXVzC2b2flzpsxEwlpWIMksCcTZ9kVbisqCrrJxATEhqlwUTSRTilJ7IjWuAeqk75CCrYFJnpwTStwVHB7LpQHVhNHwk9oh063y1zVE43CAkhUoqUFAqJBDdXMRXTYZYNsBl+wE4Pa6hOtPfSH3ddktU+egoOFJoAVBstXfXWHQtcuC1dV5ygJHXPUSoKKUKIfA1GTWprECLfIwrJWHUuYr2DUFZIqw0PY8U7lsSVS5ZL1mTQSFEOBKUpqGnWasQyZYFjWa1YZ0YFLADSpMOPmS5uiZVllKCujUrU0dgMjnUtEEmWR7E49iqvyzeJJVmSjGErWlQLZEGmTp+bWJJFxFSSpamUXIBD94iNjo3CFyWuamckKmLmJIViQpVAGIcu45RRu+cMSg7BLMzChBgVIv3oerKAxVBxB61y4Nvh13WwLmBkAFRCW0ckAM+WcRlhcHsS3vZsLivNKFJK1dUEdVKaHm+gLHsht\/3\/JSu0ywsqUrGQWLddLpY7mKY0113DJSgE9ckAkk030A5x59tJco+VLV0iUJWsISCklmASA4+zq0Z9PFJVL3Kkmia4JqlpmlRJJYPyFPMQAmz\/0oE5l\/5nPkoQX2cmkIW6VDrMWAoQAMieEAbaofLCz+0ltDkI64r6mZWz1DZ2zylWSSZkoKATmWLFgWYnKvjBu7vk4BAlygHyaWNM6KjF2e9LIJEpM0zCUg0QAc0oDF\/sxPYtpLEjJE+o1w6clRrG0wcMbjbbv2\/wChfa5aR0YlpSAoKfC2hFOrTWM4IdfO0sheESpcxk4iXb52HXF9WAMy\/Vv1JYbeon3CNU0jFx8g6oR0ijQAVek0\/PQnkkmLVnt1OvaO6TXvKodi0hyTIJSSBQRw13QOReUsf9aZ9xI8kmJpV5Sfp\/ykeQgE0W5lmIDswMKSI4Lwln\/qjtPrD0TJZyWk8iIBGNvshNoXzfvbPvh9mvNaEJSlA6oIcpB13tuiLan9eojLL+n+0xekWUskg0KRmDmanTKOLMtzrxvb9jWbHTyqzlRAHXVlTRO6kOvpTzJfbmee+GbMSsEkDepRJZWZZ24Q2+lkzJYCsuByrkc3rHJHvSOp91BCylgGbw9yosBZbhTe3mfhoryAWGfju1dMPBHDTSnYMEQjQmTy8P8A0hRC3Dw\/9IUIDH2O6kWaa5mJWoyJuIN7K2BoeSt2hiew2ZHyaRMwjGV4cWpHSJod+Q7oZe6z0x6rtLnNn9BNd3dEtjP6JZx9cf8AlTHS23RytJSr0\/Be2MP5+081f1qgRsojEtv3gPdKnRd2PnNMtBqeVfnLipsST0qQxLzD\/wCGb6wJbv4M09ofIcsUlzeORYyBXOtKUMXbms36ZbyzlI3jUHeM6cIFWS85aDbgSevMk4SASGSqr7ot3LfcoWm3KJP509Sm7Fnui9RUY7r5\/wBlXZWQ9mk\/5tpOmknlAuYn\/lsriqZ\/Wge6Cuy01rLJ52s\/\/m3vgWs\/8ukfamf+UekVFmTS0r2\/BHbJ6ZU9bKNFkgqD0fNTHOCKrTNVLMwAFAIDSwVLU+gJGXZFW23Wr5TME9QmnpThIricn2mGj+zvcc9fZBhSwRh5mpPFvdTSOPqOpWPZcns9J0DyLVPZGdk7OCbLUFpwISgrwOCoAfOIJYecUruuJMhaSpWIJBKBhYlWIEFRDuA5LncBGsmWpImpQoMZktcpfIpKu32T3mAH\/G5arOgFJK6KfJlGpqoeTxWGTnj1t8m3U4U8qx6dkuf54Waq7J2JIxAZaFQ\/1RitqlJM1LfNtMtJ7EqVz1T3Rs7AeqC3w2cY2\/7KflOElsVoQoHT9Uph3ho6InkZEZyfMUm0KSkmq3pqCyiOwPAy2z2tClbiD\/KKQUt0mYm2lMtQxhWensB8+BZoksl2dJPEqakJxhVUgA0GYIpmBSOhcX6HOUfliSkM+W7s3wpVoB1Yak5CNBK2LlEkCfMSzZoBGZGn2SfNokGwhyTagRm3R+kyF2iC0ZpVrSThHs+JO87hwiRM4QdP5P1\/\/IT\/APWf7o6jYSYP+ug\/wn1h9qgtAFU0VhpnJ+mR2eojQK2JnftJX83pFZWw9o+nJ71f2QdqGwGMz96fup\/thgWX\/W\/yj0g0diLT9KT95X9kMOxVq3yvvq\/sh9ohbAtc1QymJPMekN+WA0UWPh4QUOxdq3yvvn+2I1bFWrfL+8f7YfaIm0CrTRtxy3HkcjGmu4BIlEuAUu4cgkjd3Cm6Bp2MtIo8tqUxlnbP2Y0thmCUhEuZXo5ZQwBJMxmDFg4cpPZGOSUXyb4t7oJS7XQAVDJZ3fIGtaV84G3haHmJNMstNIlmqZRyNSaeXYzQOtkzrJ7fdHJhScb9DrzbSr1DUm2ED2R4e8GJTbvqeI\/sgXLmUiZJilFAXxah9DxH9sKKXSRyHoQWdvi5JCZU1YQyghSgwDOxbSkV7quWTNs8pSgQrMkNVlZFxuS3aYKX4D8mmua4FeXgI7s6Gs0r7PvMS5OuTDSnPdeAG2YuqXNlKUrSYoUCcmGpSTrHLluiXMmWgFwETSlLNlUbuGkXtjP8OTvWryTHdl\/btR\/fK8zCk3uKCX0FW6brlqm2hKicKVgDLca5ZgsYkue7ELXaHUoNNUkMcxx35xauA\/nbUf3rdwh+zSSVWksf16\/dCbe\/wVFLb5B922RBshNUlCp7EEh86Hgwina7ME2SUz9dMsmupIdt0XrrnJTYl4lJBPTMFKAJd8gTUwPt9tlmzSUBYUsIluAXYjNJbIxtC9TMZ6dC9iSSgptqCUkJQshszUHCeILivGNlNmgDEp2GVG7vWPPrPeal2tMxaGUSeqDSgIcg6imcFrTfgdlAjk\/oY87q8EnJUvA+i\/p3URljep8P\/BYviYeqvIpOI8hp3E98Z5VnUmaJZqaANkQagjgxbsgobx6chOEJBIdSsq6nVtTBoWICRJmnDjGKW4GaQVBJBNckjvjo6THLS4sfXZVCsi9vwXcZakZC9rLNNqTNzl9UGuSgFAEjX2j38I0yJlKE98ULyW6SOKT4jWO08GW6MdMtQRbCpTs546QVu+8kzLVKCQWGOrVqk6bqQICUm2EKTiHWcNwofKObOy3tZToDMDPoyhGn216GDPS5a\/rt3e+OlI+m3Jh5QIuC7+hmoWtaloSXKSFVHHCpQjTbV2yzzVFUpPRjCoBL4OuyQlRDpYZ5Po4rHM214D7ON0pFEzf3g8I50x\/aJ7vxijKsilENoC\/XBSoaBnzbXzjq5yiQla1gJcFlqTQ5KOEjcQfSKoyLgnK+kD\/CYXSq+EKiqlEv9oo\/95Z\/1x1UlDFiSWLDpFVO53gEWemVw+6qOdOdSnuPrFCRLPzkgB6kTVfR061es40oQQTUCdSZf0yP+6of6odUDVEyrT9dHx2xwTvrI+O2K5UkB0TFli5PSrVQVq6iKs3bDVy1lQJKgks5ByFcVHDnJuWkAJWWJs36yfjtjJ2ucoTFkE+0cucbi8ptmVYujlpULQVUmBWJg+RAJL4dG7Yo4JKh1kJJYOQGPaRWMckXJI7emqDe\/wCxnrHPJSHLmufMxWtanWmu\/wB0W7cUJmKSigDU1yB98ULQesnv8orHsvg0yO2vcIyVRYEUZSonCoEMsBPGFHErhQ7AVvvPpZS0IlzlFYZ8HVEdsN4zJcpEvoPZSzqmIR4FzFBNqWoElCKcSf6oaJ8w5EAfZFBxaL0LyOfxty3LFxWqbLkhKBKAcnr4yuvBFI7JmLk4yJ4QFqK1NKTUncZppFSalRSSJqlEZioDdsDkoDuc97vD0ehOyoLSrVKBURPnOs4lYF4Ao7z0affHFIkk\/qFLcv11qLneylhzxaKQW5Bq3xpD5k4vnFUTS8iyuYlPsSJYPJD\/ANJMMtFomLbEE8Hr4Bmiik13PV\/SJUKdiSfTu0hUy9lsiVNlGZIc8knwS\/jAbaZDKSQSWGEknM5jLmYLLWHcVzcjTm0Ur4CejW+rEcCDn3P3xcNmTJgBM07z3x6HsLd\/SWYKKiOsvjv38jHn4kdZKScyAw4749su2wokyhLQlkoSW4smp5kqftjfOtKomDbfIxdxUJCzThxV6DvgBeUpSThYHcXZ9Y284sPvHuUg7+JjJX6kpUDqKfdP4RzI1tnnt4zFSrQqaARhUmm8KFXP8JEO2bX+luKglZ7CCRGuviyS5sknCzgF\/wDbnGOk2NdnmImghSR4pND4GHqTVEOLNyZ3VVyMWV3mlDBSiH5wJTa0qSWILg5GJ5slEwgrejZcC8ZmQSM1BqQk8SkHxIiJRlHRPYSn+kjdEJWkBqjs\/GI8afpeEKxFsIQdV9kxR8yYaqzp+kvvT70xRnhJSoAhyC1D6Q2zy0hKRhqBV8Jq3HOpioq1yCRe+To3r70\/2Q8S0\/SV98j+looTQlgyG1NBubfQaw1MxLuRh0DCumfd5wNV4jaCH5vc\/Naleao6uehNWSG+qH72ikLWjee4esMm2mWQxqOYgRNFv5ZjAIcjjyMVUWlDsFB9xoe4xDZp6cQD4UcK017YIWn5KpLYlH7SX8aHxikjXHaK80A+0kHnnFWdYEKIIKk7hmPWOGypB\/NTVJ4FymGLnzUDroSofST+EKkaamSpu86KB5hvWOGQsfNJ5ViOVekss4UnxHePSCMiYlXsqB5M\/dnC7MtZWD+k3g934QoL1+l5woXZj7UFLRLAxIxBMw0QsEYQACKkuVUJLUDjtiVMIQpA1Bpo+kV7bO6xHWIDYXLlhvrnSOWQYlAnflrkY1fmYurpEKZrgtmRXlEdjZ65ZGDSkoQCWA9YDzZrEsXfdp6iHbbJLU9QLJS1NRlyiVNjUxJA9e+GXYCnrdGFcd3GtInn2xSiwDal827MhEMpAzG+cXjdyCGKlccoqou5anKUqV2MO\/WC1muNZSOkVhO4B+x8naLq+Be4FmYgWFCMuW945b7KVoK+GelPCNXZbgkp+aVE6qLnwpA\/bKclEtKAGKu3qjyq3fF48blJIlypMxt2yCudKTqqagd6g8e5yJBYngs9xDGPJdhMCrfKxnILKX+kzD3x7BhGE0+Y9Dv30jTqe9QY+B0+RmkfWT3pB8xAC+rNiSTyPYfxjRKUyjlSYA3NA07d0ULXLxJIycEd1N8cyRoZCzys0PlXsMZe87CoEoc0NI2VlHWGVaVHxuh17XehTKO8BR4b+x4aQrPKrTYyDFXCoZEjlHrEzZGWfnKPd6RTVsUh9e38IumTaPNOnmD56vvGO\/Kpv7Rf3j6xtLy2W6M5dU+HCKX\/AAIQqAzHyub+0X94+sd+Vzf2i\/vH1jW2e5kA1SCINydmZSgClKW5QJAebdPNPz1\/ePrCBXqT3mPUU7Ko+gOTRSteyZSMSUunhmPWHpFZhbNMUIMWWeo5g90FE3WnQQQsSzLoRiTu17DCoqwdIkrVkhR7DEpQoFiCDuIY90bG7lyl+yet3Hui7abChYZaX50I7YekNRhUxfsVjmL9gP8AxAHuJeCVp2dOco4huND35HwgWqSpCmIKVDfQxNDsuK2fmL9uSOYUkHvBivP2XUmoccDUfeTlzIi9Yr8moYFlp45\/e9Xg7ZL7lzGDhCtyz5HKGkhGO\/4daNMRHBdOysKPQTZkmuFJ4sDCiqEePTz1ic33afHvixd1mUo0OHiYKzLhAJIWEucgNOG7m8WZN0SxRlq5qIHcG3cdYTi+EJNcsz1tCycD4zUMG76RPZbhmsCopl8y5HFhRu2NZZrMAGSkJG5NI6LqQSSpyTmSSX4BzQenKKjGluJsCos6EAArx6nIJA+lQkt590Plz0DKUMsTkgqCBqzPXQAajfB8Xeirg8S\/cnl6cIfKskpySlNc6By2QOp05QaYoLbAIvRVOqMitQAUTh+akUHWPvTEaL2m1JSKJcskghR9lOEYjqCe2NMmUjRI7hXhSHSpedNXhgZmbbp7KABogCiCTjU2RwMwGIa+yN8CNp7umTEpWleNYKUFGFiCWq+RdWdBmN0bqYTWkAWWm0KUUEpO6u5nG+ggU3FpodJ8lK5bk6OZiRKUnCpsRNVAPXOici1DveNFOlTBmpYCglOdfncTDpK1Vo1I5faSAkuc9DziZb7giJRJJcqLsc9zeg7o6ZKdSAObQIXi\/arHb6RAJWpWTzrEUVYWnT0AdSpBBevODK5YUkAhRxUo1HGZjOWSUg5qfwjVXeSUJ1ozvSkAEVzKdJSr20HCezI\/G6CQkwJnHop6V0CVjCWycZHy7jBsppn5xaZLRVn2FMxJScuHnzjHW2xGWooOeh0I0MbxExwHpvBz5RQvSxpmpIcYh7J9x4GG9xJ0YwS4t2C1GWaVScx7xxiJaGJBzFCN0NasQWbCzLRMSFJNPEcDEwllIANaZjLujJWO1mWXT2jQxqrDa0TUuGI1BzHOKTsloG3lciVjGhknPgfSM5Ps5SWUGO6PQFkJFXIPAmvBoq22yImBliuhcOO0QmhpmFAIqKcRBm7b8KaTHI+kMxzGsV7zutcovRSd4940ge3fAM2ssomB0KBHDy3v6w2dZwoYVgKHF3HI74x8iatBcFjwy5Qeu++waTKbj83t3RSZLRDbNn9ZZP2TQ9hy74ETpCkHCoEHcY2iVOHzPMt3xFPSlQwqSCONR+HODSFmPTOUKBSgOBMKDq7iQS4Kxwce+OwtLHqIkWcaVbNhmeDecKWkCnjEmLea8nYcXjoqaklssvKLtMg5LSak\/HbEqqf7x3BpWufxuiMJD1fx7oVgORXWkWABDEAClIeVd5yhDOS0gbokMRpLOals\/OHlTNTj8bs4Bkag7x3ogTlEYLvTg\/x2xL3ZQgEgcG08Yo7SEdSup8k+sXUIdnNR5\/BgVtHKdSA+QJ8vSExg1SeDxD2EfGjGJEhhv7Y4nM1pyhDEhYGo7aecaG419Qiub+1RuTwFSYvXQvDMDFgXHh6tAwCd4yccsgCoqMsxy4RcuS1iZKH0k0PuPd5GEJo5QGslrTZ7SUFQAWWGtDke+lYSYNGknqAbfkKFjnQs7dsSSklnyera8ojUXDV8PdESZ6hQ58\/H43xoQD7\/ALtKh0ifaGYGo9RGaeN3KmAhqmM1fl3FCsafZOfAn3HziWUmCwA2r8g3e7+EOs1oVLOJNN+484Sk0hpESUzWXZeImgbxmPU6xbW5oSz78+zfpGLkTFIUFJLEfFY0133kJgqwUNPeKxSZLReYVBKeIannlAO87jFVSmB+icj9l8uXlBc1pU138eG6I0KL51bQEgv20yMUIxuEhwQxGn+8LDGrtliRODHMZKGfKuYjO2yxTJR6woTQ6H8eES0UmcsdtXL9k01Byg1Z7zSsN7Kt2\/kfgxnzDS0NMKNgCNX7BTwhRl021YDYj4e+FFaidIYnig5xHJyEdhQhCmGnxuiWxpDCmkKFABNoqHN1xyPuhQoBiRkefvhz0MKFCAhkZdg8ocuFCgA7Lz+OEB9o\/bTyPmYUKEykDJcSNHYUJARn2otWM9dPOFCgEaiaKwCv0dZ9cOfaY7CiFyUGrAHS5qaZ10iZSA2Q7oUKNkZvk5d+Qjl4ewrkffChQhmU0hnpChRBZyOSFHGPtD3QoUIDVSPa7Ifmz7yOx8uUKFGhBIlRwiukTzkhSCCARh1rpChQxmETHB7XZ74UKIKKxWd574UKFAB\/\/9k=\" width=\"404\" height=\"303\" \/><\/p>\n","protected":false},"excerpt":{"rendered":"<p>La gesti\u00f3 del servei de transport escolar va a c\u00e0rrec del Consell Comarcal de la Conca de Barber\u00e0 i inclou la pres\u00e8ncia, com a m\u00ednim, d\u2019una persona acompanyant que realitzar\u00e0 tasques de vigil\u00e0ncia i control.<br \/>\nL\u2019escola ofereix a l\u2019alumnat del centre que resideix fora del municipi&hellip;  <a href=\"https:\/\/agora.xtec.cat\/ceip-marti-poch\/serveis\/transport-escolar\/\" title=\"Read Transport escolar\">Llegeix m\u00e9s\u00bb<\/a><\/p>\n","protected":false},"author":1,"featured_media":0,"parent":66,"menu_order":40,"comment_status":"closed","ping_status":"closed","template":"page-templates\/side-menu.php","meta":{"_bbp_topic_count":0,"_bbp_reply_count":0,"_bbp_total_topic_count":0,"_bbp_total_reply_count":0,"_bbp_voice_count":0,"_bbp_anonymous_reply_count":0,"_bbp_topic_count_hidden":0,"_bbp_reply_count_hidden":0,"_bbp_forum_subforum_count":0,"footnotes":""},"class_list":["post-80","page","type-page","status-publish","hentry"],"post_mailing_queue_ids":[],"_links":{"self":[{"href":"https:\/\/agora.xtec.cat\/ceip-marti-poch\/wp-json\/wp\/v2\/pages\/80","targetHints":{"allow":["GET"]}}],"collection":[{"href":"https:\/\/agora.xtec.cat\/ceip-marti-poch\/wp-json\/wp\/v2\/pages"}],"about":[{"href":"https:\/\/agora.xtec.cat\/ceip-marti-poch\/wp-json\/wp\/v2\/types\/page"}],"author":[{"embeddable":true,"href":"https:\/\/agora.xtec.cat\/ceip-marti-poch\/wp-json\/wp\/v2\/users\/1"}],"replies":[{"embeddable":true,"href":"https:\/\/agora.xtec.cat\/ceip-marti-poch\/wp-json\/wp\/v2\/comments?post=80"}],"version-history":[{"count":5,"href":"https:\/\/agora.xtec.cat\/ceip-marti-poch\/wp-json\/wp\/v2\/pages\/80\/revisions"}],"predecessor-version":[{"id":1529,"href":"https:\/\/agora.xtec.cat\/ceip-marti-poch\/wp-json\/wp\/v2\/pages\/80\/revisions\/1529"}],"up":[{"embeddable":true,"href":"https:\/\/agora.xtec.cat\/ceip-marti-poch\/wp-json\/wp\/v2\/pages\/66"}],"wp:attachment":[{"href":"https:\/\/agora.xtec.cat\/ceip-marti-poch\/wp-json\/wp\/v2\/media?parent=80"}],"curies":[{"name":"wp","href":"https:\/\/api.w.org\/{rel}","templated":true}]}}