{"id":1299,"date":"2018-04-17T12:49:24","date_gmt":"2018-04-17T10:49:24","guid":{"rendered":"http:\/\/agora.xtec.cat\/ceip-marti-poch\/?page_id=1299"},"modified":"2021-09-09T10:18:12","modified_gmt":"2021-09-09T08:18:12","slug":"documents","status":"publish","type":"page","link":"https:\/\/agora.xtec.cat\/ceip-marti-poch\/documents\/","title":{"rendered":"Documents i protocols"},"content":{"rendered":"<p><a href=\"http:\/\/www.acdiabetis.org\/docs\/Autoritzacio%20control_glucosa_%20insulina.pdf\">Sol\u00b7licitud de control de glucosa i administraci\u00f3 d\u2019insulina <\/a><\/p>\n<p><a href=\"http:\/\/www.acdiabetis.org\/docs\/autoritzacio_glucago.pdf\">Sol\u00b7licitud i autoritzaci\u00f3 d\u2019administraci\u00f3 de glucag\u00f3 als alumnes amb diabetis <\/a><\/p>\n<p><a href=\"http:\/\/agora.xtec.cat\/ceip-marti-poch\/wp-content\/uploads\/usu1040\/2018\/04\/canvi-dopci\u00f3-1.doc\">Canvi d&#8217;opci\u00f3: Religi\u00f3-Educaci\u00f3 amb valors<\/a><\/p>\n<p><a href=\"http:\/\/agora.xtec.cat\/ceip-marti-poch\/wp-content\/uploads\/usu1040\/2018\/04\/Autoritzacio-Medicaments.pdf\">Autoritzaci\u00f3 medicaments<\/a><\/p>\n<p><a href=\"http:\/\/agora.xtec.cat\/ceip-marti-poch\/wp-content\/uploads\/usu1040\/2018\/04\/autoritzaci\u00f3-paracetamol.pdf\">Autoritzaci\u00f3 paracetamol<\/a><\/p>\n<p><a href=\"http:\/\/agora.xtec.cat\/ceip-marti-poch\/wp-content\/uploads\/usu1040\/2018\/04\/Autoritzaci\u00f3-sortida-de-lescola.doc\">Autoritzaci\u00f3 sortida de l&#8217;escola<\/a><\/p>\n<p><a href=\"http:\/\/xtec.cat\/monografics\/nodes\/links.html?id=imatge_menors_14\" target=\"_blank\" rel=\"noopener noreferrer\">Autoritzaci\u00f3 drets d\u2019imatge, dades i materials (menors de 14 anys)<\/a><\/p>\n<p><a href=\"http:\/\/agora.xtec.cat\/ceip-marti-poch\/wp-content\/uploads\/usu1040\/2018\/04\/Carta-de-comprom\u00eds-educatiu-Prim\u00e0ria.pdf\">Carta de comprom\u00eds educatiu Prim\u00e0ria<\/a><\/p>\n<p><a href=\"http:\/\/agora.xtec.cat\/ceip-marti-poch\/wp-content\/uploads\/usu1040\/2018\/04\/Carta-de-comprom\u00eds-educatiu-Infantil.pdf\">Carta de comprom\u00eds educatiu Infantil<\/a><\/p>\n<p>Protocols per a la millora de la conviv\u00e8ncia en el centre:<\/p>\n<ul>\n<li style=\"list-style-type: none;\">\n<ul>\n<li><a href=\"http:\/\/xtec.gencat.cat\/ca\/centres\/projeducatiu\/convivencia\/protocols\/conflictes-greus\/index.html\">Protocol d&#8217;intervenci\u00f3 en cas de conflicte greu<\/a><\/li>\n<li><a href=\"http:\/\/xtec.gencat.cat\/ca\/centres\/projeducatiu\/convivencia\/protocols\/assetjament-ciberassetjament-entre-iguals\/index.html\">Protocol de prevenci\u00f3, detecci\u00f3 i intervenci\u00f3 davant l&#8217;assetjament i el ciberassetjament entre iguals<\/a><\/li>\n<li><a href=\"http:\/\/xtec.gencat.cat\/ca\/centres\/projeducatiu\/convivencia\/protocols\/assetjament-escolar-persones-lgbti\/index.html\">Protocol de prevenci\u00f3, detecci\u00f3 i intervenci\u00f3 enfront l&#8217;assetjament escolar a persones LGTBI<\/a><\/li>\n<li><a href=\"http:\/\/xtec.gencat.cat\/ca\/centres\/projeducatiu\/convivencia\/protocols\/violencia-masclista\/index.html\">Protocol de prevenci\u00f3, detecci\u00f3 i intervenci\u00f3 davant la viol\u00e8ncia masclista entre l&#8217;alumnat<\/a><\/li>\n<\/ul>\n<\/li>\n<\/ul>\n<p>En col\u00b7laboraci\u00f3 amb altres Departaments, tamb\u00e9 s&#8217;han elaborat els protocols seg\u00fcents per a la millora de la conviv\u00e8ncia:<\/p>\n<ul>\n<li style=\"list-style-type: none;\">\n<ul>\n<li><a href=\"http:\/\/xtec.gencat.cat\/ca\/centres\/projeducatiu\/convivencia\/protocols\/maltractament-infantil-adolescent\/index.html\">Protocol de prevenci\u00f3, detecci\u00f3, notificaci\u00f3, derivaci\u00f3 i coordinaci\u00f3 de les situacions de maltractament infantil i adolescent en l&#8217;\u00e0mbit educatiu<\/a><\/li>\n<li><a href=\"http:\/\/xtec.gencat.cat\/ca\/centres\/projeducatiu\/convivencia\/protocols\/conflicte-comissio-infraccio-penal\/index.html\">Protocol d&#8217;actuaci\u00f3 amb menors de catorze anys en situacions de conflicte o comissi\u00f3 d&#8217;una infracci\u00f3 penal<\/a><\/li>\n<li><a href=\"http:\/\/xtec.gencat.cat\/ca\/centres\/projeducatiu\/convivencia\/protocols\/conductes-odi-i-discriminacio\/\">Protocol de prevenci\u00f3, detecci\u00f3 i intervenci\u00f3 davant conductes d&#8217;odi i discriminaci\u00f3<\/a><\/li>\n<\/ul>\n<\/li>\n<\/ul>\n<p>Declaraci\u00f3 responsable per a les fam\u00edlies d&#8217;alumnes &#8211; COVID<\/p>\n<ul>\n<li style=\"list-style-type: none;\">\n<ul>\n<li><a href=\"https:\/\/agora.xtec.cat\/ceip-marti-poch\/wp-content\/uploads\/usu1040\/2021\/09\/Declaracio-responsable-families-Educacio-Infantil-21-22.pdf\">Declaraci\u00f3 responsable Educaci\u00f3 Infantil 2021-2022<\/a><\/li>\n<li><a href=\"https:\/\/agora.xtec.cat\/ceip-marti-poch\/wp-content\/uploads\/usu1040\/2021\/09\/Declaracio-responsable-families-Educacio-primaria-21-22.pdf\">Declaraci\u00f3 responsable Educaci\u00f3 Prim\u00e0ria 2021-2022<\/a><\/li>\n<\/ul>\n<\/li>\n<\/ul>\n","protected":false},"excerpt":{"rendered":"<p><a href=\"http:\/\/www.acdiabetis.org\/docs\/Autoritzacio%20control_glucosa_%20insulina.pdf\">Sol\u00b7licitud de control de glucosa i administraci\u00f3 d\u2019insulina <\/a><br \/>\n<a href=\"http:\/\/www.acdiabetis.org\/docs\/autoritzacio_glucago.pdf\">Sol\u00b7licitud i autoritzaci\u00f3 d\u2019administraci\u00f3 de glucag\u00f3 als alumnes amb diabetis <\/a><br \/>\n<a href=\"http:\/\/agora.xtec.cat\/ceip-marti-poch\/wp-content\/uploads\/usu1040\/2018\/04\/canvi-dopci\u00f3-1.doc\">Canvi d&#8217;opci\u00f3: Religi\u00f3-Educaci\u00f3 amb valors<\/a><br \/>\n<a href=\"http:\/\/agora.xtec.cat\/ceip-marti-poch\/wp-content\/uploads\/usu1040\/2018\/04\/Autoritzacio-Medicaments.pdf\">Autoritzaci\u00f3 medicaments<\/a><br \/>\n<a href=\"http:\/\/agora.xtec.cat\/ceip-marti-poch\/wp-content\/uploads\/usu1040\/2018\/04\/autoritzaci\u00f3-paracetamol.pdf\">Autoritzaci\u00f3 paracetamol<\/a><br \/>\n<a href=\"http:\/\/agora.xtec.cat\/ceip-marti-poch\/wp-content\/uploads\/usu1040\/2018\/04\/Autoritzaci\u00f3-sortida-de-lescola.doc\">Autoritzaci\u00f3 sortida de l&#8217;escola<\/a><br \/>\n<a href=\"http:\/\/xtec.cat\/monografics\/nodes\/links.html?id=imatge_menors_14\" target=\"_blank\" rel=\"noopener noreferrer\">Autoritzaci\u00f3 drets d\u2019imatge, dades i materials (menors de&hellip;  <a href=\"https:\/\/agora.xtec.cat\/ceip-marti-poch\/documents\/\" title=\"Read Documents i protocols\">Llegeix m\u00e9s\u00bb<\/a><\/p>\n","protected":false},"author":1,"featured_media":0,"parent":0,"menu_order":0,"comment_status":"closed","ping_status":"closed","template":"","meta":{"_bbp_topic_count":0,"_bbp_reply_count":0,"_bbp_total_topic_count":0,"_bbp_total_reply_count":0,"_bbp_voice_count":0,"_bbp_anonymous_reply_count":0,"_bbp_topic_count_hidden":0,"_bbp_reply_count_hidden":0,"_bbp_forum_subforum_count":0,"footnotes":""},"class_list":["post-1299","page","type-page","status-publish","hentry"],"post_mailing_queue_ids":[],"_links":{"self":[{"href":"https:\/\/agora.xtec.cat\/ceip-marti-poch\/wp-json\/wp\/v2\/pages\/1299","targetHints":{"allow":["GET"]}}],"collection":[{"href":"https:\/\/agora.xtec.cat\/ceip-marti-poch\/wp-json\/wp\/v2\/pages"}],"about":[{"href":"https:\/\/agora.xtec.cat\/ceip-marti-poch\/wp-json\/wp\/v2\/types\/page"}],"author":[{"embeddable":true,"href":"https:\/\/agora.xtec.cat\/ceip-marti-poch\/wp-json\/wp\/v2\/users\/1"}],"replies":[{"embeddable":true,"href":"https:\/\/agora.xtec.cat\/ceip-marti-poch\/wp-json\/wp\/v2\/comments?post=1299"}],"version-history":[{"count":4,"href":"https:\/\/agora.xtec.cat\/ceip-marti-poch\/wp-json\/wp\/v2\/pages\/1299\/revisions"}],"predecessor-version":[{"id":5209,"href":"https:\/\/agora.xtec.cat\/ceip-marti-poch\/wp-json\/wp\/v2\/pages\/1299\/revisions\/5209"}],"wp:attachment":[{"href":"https:\/\/agora.xtec.cat\/ceip-marti-poch\/wp-json\/wp\/v2\/media?parent=1299"}],"curies":[{"name":"wp","href":"https:\/\/api.w.org\/{rel}","templated":true}]}}