{"id":1238,"date":"2018-04-09T12:19:18","date_gmt":"2018-04-09T10:19:18","guid":{"rendered":"http:\/\/agora.xtec.cat\/ceip-marti-poch\/?page_id=1238"},"modified":"2024-02-14T23:30:23","modified_gmt":"2024-02-14T22:30:23","slug":"miro-penso-jugo","status":"publish","type":"page","link":"https:\/\/agora.xtec.cat\/ceip-marti-poch\/miro-penso-jugo\/","title":{"rendered":"Programa Escacs a l&#8217;escola"},"content":{"rendered":"<p>Des del curs 2012-2013, la nostra escola participa al programa Escacs a\u00a0l\u2019escola, el qual promou l\u2019\u00fas dels escacs com a eina educativa dins l\u2019horari\u00a0lectiu.<\/p>\n<p>Els alumnes de primer de prim\u00e0ria s\u00b4inicien cada curs en el joc dels escacs a\u00a0trav\u00e9s d\u2019aquest programa, el qual desenvolupem amb tot l\u2019alumnat d\u2019educaci\u00f3\u00a0prim\u00e0ria del centre i t\u00e9 per lema <strong>\u201cObservo, penso, jugo\u201d<\/strong>.<br \/>\nAquesta activitat es duu a terme quinzenalment, en sessions d\u2019una hora de\u00a0durada, a c\u00e0rrec de la mestra Marta Amig\u00f3.<\/p>\n<p><strong>Els objectius pedag\u00f2gics de l\u2019\u00fas dels escacs a l\u2019escola s\u00f3n molts. En\u00a0destaquem:<\/strong><br \/>\n&#8211; Fomentar valors com el respecte, l\u2019empatia i l\u2019autoestima.<br \/>\n&#8211; Aprendre a respectar el torn i \u201csaber esperar\u201d (control de l\u2019impuls),<br \/>\nresoldre els propis problemes i prendre decisions.<br \/>\n&#8211; Saber acceptar els propis errors i treure\u2019n aprenentatges positius.<\/p>\n<p>&#8211; Treballar les capacitats de concentraci\u00f3, mem\u00f2ria visual, atenci\u00f3, c\u00e0lcul<br \/>\nmental, creativitat i imaginaci\u00f3, lateralitat i orientaci\u00f3 espacial.<br \/>\n&#8211; Practicar estrat\u00e8gies de causa-efecte, tempteig, plantejament\u00a0d\u2019hip\u00f2tesis\u2026 relacionades tamb\u00e9 amb la resoluci\u00f3 de problemes\u00a0matem\u00e0tics.<br \/>\n&#8211; Aprendre el moviment de les peces i les normes b\u00e0siques del joc dels\u00a0escacs.<br \/>\n&#8211; Millorar les habilitats lectores dels infants.<\/p>\n<p style=\"text-align: justify;\">El curs 2022\/23, la plataforma <strong>Docents.cat<\/strong> va venir a la nostra escola a\u00a0enregistrar el documental <strong>Escacs a l\u2019escola<\/strong>, en el qual va participar alumnat\u00a0de 3r i 4t de prim\u00e0ria i les mestres Merc\u00e8 Badia, Ester Angl\u00e8s i Marta Amig\u00f3.<\/p>\n<p>Podeu visionar-lo clicant <a href=\"https:\/\/agora.xtec.cat\/ceip-marti-poch\/general\/documental-del-projecte-escacs-a-lescolaa-la-plataforma-docents-cat-la-comunitat-dels-docents\/\">AQU\u00cd.<\/a><\/p>\n<p><img loading=\"lazy\" decoding=\"async\" class=\"aligncenter wp-image-7427 size-large\" src=\"https:\/\/agora.xtec.cat\/ceip-marti-poch\/wp-content\/uploads\/usu1040\/2023\/10\/IMG_4369-1024x579.jpg\" alt=\"\" width=\"1024\" height=\"579\" srcset=\"https:\/\/agora.xtec.cat\/ceip-marti-poch\/wp-content\/uploads\/usu1040\/2023\/10\/IMG_4369-1024x579.jpg 1024w, https:\/\/agora.xtec.cat\/ceip-marti-poch\/wp-content\/uploads\/usu1040\/2023\/10\/IMG_4369-300x170.jpg 300w, https:\/\/agora.xtec.cat\/ceip-marti-poch\/wp-content\/uploads\/usu1040\/2023\/10\/IMG_4369-768x435.jpg 768w, https:\/\/agora.xtec.cat\/ceip-marti-poch\/wp-content\/uploads\/usu1040\/2023\/10\/IMG_4369.jpg 1170w\" sizes=\"auto, (max-width: 1024px) 100vw, 1024px\" \/><\/p>\n<p><img loading=\"lazy\" decoding=\"async\" class=\"aligncenter wp-image-7423 size-large\" src=\"https:\/\/agora.xtec.cat\/ceip-marti-poch\/wp-content\/uploads\/usu1040\/2023\/10\/IMG_4361-1024x571.jpg\" alt=\"\" width=\"1024\" height=\"571\" srcset=\"https:\/\/agora.xtec.cat\/ceip-marti-poch\/wp-content\/uploads\/usu1040\/2023\/10\/IMG_4361-1024x571.jpg 1024w, https:\/\/agora.xtec.cat\/ceip-marti-poch\/wp-content\/uploads\/usu1040\/2023\/10\/IMG_4361-300x167.jpg 300w, https:\/\/agora.xtec.cat\/ceip-marti-poch\/wp-content\/uploads\/usu1040\/2023\/10\/IMG_4361-768x428.jpg 768w, https:\/\/agora.xtec.cat\/ceip-marti-poch\/wp-content\/uploads\/usu1040\/2023\/10\/IMG_4361.jpg 1170w\" sizes=\"auto, (max-width: 1024px) 100vw, 1024px\" \/><\/p>\n<p><img loading=\"lazy\" decoding=\"async\" class=\"aligncenter wp-image-7422 size-large\" src=\"https:\/\/agora.xtec.cat\/ceip-marti-poch\/wp-content\/uploads\/usu1040\/2023\/10\/IMG_4360-1024x578.jpg\" alt=\"\" width=\"1024\" height=\"578\" srcset=\"https:\/\/agora.xtec.cat\/ceip-marti-poch\/wp-content\/uploads\/usu1040\/2023\/10\/IMG_4360-1024x578.jpg 1024w, https:\/\/agora.xtec.cat\/ceip-marti-poch\/wp-content\/uploads\/usu1040\/2023\/10\/IMG_4360-300x169.jpg 300w, https:\/\/agora.xtec.cat\/ceip-marti-poch\/wp-content\/uploads\/usu1040\/2023\/10\/IMG_4360-768x433.jpg 768w, https:\/\/agora.xtec.cat\/ceip-marti-poch\/wp-content\/uploads\/usu1040\/2023\/10\/IMG_4360.jpg 1170w\" sizes=\"auto, (max-width: 1024px) 100vw, 1024px\" \/><\/p>\n<p style=\"text-align: justify;\">Els cursos 2017\/18 i 2018\/19 vam formar part del projecte\u00a0Erasmus+ Black\u00a0and white sport: Chess.<\/p>\n<p style=\"text-align: justify;\"><strong>Escacs a l\u2019escola \u00e9s un programa impulsat pel Departament d\u2019Educaci\u00f3 i la\u00a0Federaci\u00f3 Catalana d\u2019Escacs<\/strong>, en el qual tamb\u00e9 hi participen la Universitat de\u00a0Girona, la Universitat de Lleida i la Universitat Rovira i Virgili. El programa\u00a0compta amb la participaci\u00f3 de centenars de centres educatius d\u2019arreu de\u00a0Catalunya.<\/p>\n<p><img loading=\"lazy\" decoding=\"async\" class=\"aligncenter size-medium wp-image-7298\" src=\"https:\/\/agora.xtec.cat\/ceip-marti-poch\/wp-content\/uploads\/usu1040\/2023\/10\/387847996_17960750351651730_8863382800766928271_n-240x300.jpg\" alt=\"\" width=\"240\" height=\"300\" srcset=\"https:\/\/agora.xtec.cat\/ceip-marti-poch\/wp-content\/uploads\/usu1040\/2023\/10\/387847996_17960750351651730_8863382800766928271_n-240x300.jpg 240w, https:\/\/agora.xtec.cat\/ceip-marti-poch\/wp-content\/uploads\/usu1040\/2023\/10\/387847996_17960750351651730_8863382800766928271_n-819x1024.jpg 819w, https:\/\/agora.xtec.cat\/ceip-marti-poch\/wp-content\/uploads\/usu1040\/2023\/10\/387847996_17960750351651730_8863382800766928271_n-768x960.jpg 768w, https:\/\/agora.xtec.cat\/ceip-marti-poch\/wp-content\/uploads\/usu1040\/2023\/10\/387847996_17960750351651730_8863382800766928271_n.jpg 1080w\" sizes=\"auto, (max-width: 240px) 100vw, 240px\" \/><\/p>\n<p><img loading=\"lazy\" decoding=\"async\" class=\"aligncenter size-medium wp-image-7295\" src=\"https:\/\/agora.xtec.cat\/ceip-marti-poch\/wp-content\/uploads\/usu1040\/2023\/10\/591e20e7-cd0d-4f7c-afd6-f86a29d62a58-225x300.jpeg\" alt=\"\" width=\"225\" height=\"300\" srcset=\"https:\/\/agora.xtec.cat\/ceip-marti-poch\/wp-content\/uploads\/usu1040\/2023\/10\/591e20e7-cd0d-4f7c-afd6-f86a29d62a58-225x300.jpeg 225w, https:\/\/agora.xtec.cat\/ceip-marti-poch\/wp-content\/uploads\/usu1040\/2023\/10\/591e20e7-cd0d-4f7c-afd6-f86a29d62a58-768x1024.jpeg 768w, https:\/\/agora.xtec.cat\/ceip-marti-poch\/wp-content\/uploads\/usu1040\/2023\/10\/591e20e7-cd0d-4f7c-afd6-f86a29d62a58-1152x1536.jpeg 1152w, https:\/\/agora.xtec.cat\/ceip-marti-poch\/wp-content\/uploads\/usu1040\/2023\/10\/591e20e7-cd0d-4f7c-afd6-f86a29d62a58.jpeg 1536w\" sizes=\"auto, (max-width: 225px) 100vw, 225px\" \/><\/p>\n","protected":false},"excerpt":{"rendered":"<p>Des del curs 2012-2013, la nostra escola participa al programa Escacs a\u00a0l\u2019escola, el qual promou l\u2019\u00fas dels escacs com a eina educativa dins l\u2019horari\u00a0lectiu.<br \/>\nEls alumnes de primer de prim\u00e0ria s\u00b4inicien cada curs en el joc dels escacs a\u00a0trav\u00e9s d\u2019aquest programa, el qual desenvolupem amb tot&hellip;  <a href=\"https:\/\/agora.xtec.cat\/ceip-marti-poch\/miro-penso-jugo\/\" title=\"Read Programa Escacs a l&#8217;escola\">Llegeix m\u00e9s\u00bb<\/a><\/p>\n","protected":false},"author":1,"featured_media":0,"parent":0,"menu_order":0,"comment_status":"closed","ping_status":"closed","template":"","meta":{"_bbp_topic_count":0,"_bbp_reply_count":0,"_bbp_total_topic_count":0,"_bbp_total_reply_count":0,"_bbp_voice_count":0,"_bbp_anonymous_reply_count":0,"_bbp_topic_count_hidden":0,"_bbp_reply_count_hidden":0,"_bbp_forum_subforum_count":0,"footnotes":""},"class_list":["post-1238","page","type-page","status-publish","hentry"],"post_mailing_queue_ids":[],"_links":{"self":[{"href":"https:\/\/agora.xtec.cat\/ceip-marti-poch\/wp-json\/wp\/v2\/pages\/1238","targetHints":{"allow":["GET"]}}],"collection":[{"href":"https:\/\/agora.xtec.cat\/ceip-marti-poch\/wp-json\/wp\/v2\/pages"}],"about":[{"href":"https:\/\/agora.xtec.cat\/ceip-marti-poch\/wp-json\/wp\/v2\/types\/page"}],"author":[{"embeddable":true,"href":"https:\/\/agora.xtec.cat\/ceip-marti-poch\/wp-json\/wp\/v2\/users\/1"}],"replies":[{"embeddable":true,"href":"https:\/\/agora.xtec.cat\/ceip-marti-poch\/wp-json\/wp\/v2\/comments?post=1238"}],"version-history":[{"count":6,"href":"https:\/\/agora.xtec.cat\/ceip-marti-poch\/wp-json\/wp\/v2\/pages\/1238\/revisions"}],"predecessor-version":[{"id":7998,"href":"https:\/\/agora.xtec.cat\/ceip-marti-poch\/wp-json\/wp\/v2\/pages\/1238\/revisions\/7998"}],"wp:attachment":[{"href":"https:\/\/agora.xtec.cat\/ceip-marti-poch\/wp-json\/wp\/v2\/media?parent=1238"}],"curies":[{"name":"wp","href":"https:\/\/api.w.org\/{rel}","templated":true}]}}