{"id":1236,"date":"2018-04-09T12:19:18","date_gmt":"2018-04-09T10:19:18","guid":{"rendered":"http:\/\/agora.xtec.cat\/ceip-marti-poch\/?page_id=1236"},"modified":"2018-04-17T10:57:48","modified_gmt":"2018-04-17T08:57:48","slug":"lhort-de-lescola","status":"publish","type":"page","link":"https:\/\/agora.xtec.cat\/ceip-marti-poch\/lhort-de-lescola\/","title":{"rendered":"L&#8217;hort de l&#8217;escola"},"content":{"rendered":"<p style=\"text-align: justify;\">Un hort \u00e9s un espai natural de trobada, de treball, d&#8217;experimentaci\u00f3 i de creaci\u00f3.<\/p>\n<p style=\"text-align: justify;\">Planificar i portar a terme aquest projecte, ofereix un lloc idoni per apropar els infants a la natura i a m\u00e9s proporciona un context \u00fanic per aprendre a pensar, per educar emocionalment i per treballar les habilitats socials. Al mateix temps permet\u00a0introduir temes a cavall de diversos \u00e0mbits: el de l\u2019educaci\u00f3 ambiental, l\u2019educaci\u00f3 del consumidor, l\u2019educaci\u00f3 per a la salut i la formaci\u00f3 en ci\u00e8ncies naturals.<\/p>\n<div><\/div>\n<div>\n<p><b>OBJECTIUS GENERALS<\/b><\/p>\n<\/div>\n<div>\n<ol>\n<li style=\"text-align: justify;\">Participar en activitats de grup adoptant un comportament constructiu, responsable i solidari, valorant les aportacions pr\u00f2pies i les dels altres.<\/li>\n<li style=\"text-align: justify;\">Con\u00e8ixer les feines m\u00e9s usuals de l\u2019hort, con\u00e8ixer tamb\u00e9 les eines que es fan servir.<\/li>\n<li style=\"text-align: justify;\">Fer hip\u00f2tesis i realitzar una observaci\u00f3 directa del proc\u00e9s de creixement de les plantes sembrades.<\/li>\n<li>Apropar-nos als procediments b\u00e0sics per a sembrar, plantar i tenir cura de les plantes.<\/li>\n<li>Aprendre el qu\u00e8 s&#8217;ha de fer per tenir cura i protegir els vegetals.<\/li>\n<li>Adquirir actituds responsables a favor del medi ambient natural.<\/li>\n<\/ol>\n<p><img loading=\"lazy\" decoding=\"async\" class=\"size-full wp-image-589 aligncenter\" src=\"http:\/\/agora.xtec.cat\/ceip-marti-poch\/wp-content\/uploads\/usu1040\/2018\/03\/2-3.jpg\" alt=\"\" width=\"448\" height=\"336\" srcset=\"https:\/\/agora.xtec.cat\/ceip-marti-poch\/wp-content\/uploads\/usu1040\/2018\/03\/2-3.jpg 448w, https:\/\/agora.xtec.cat\/ceip-marti-poch\/wp-content\/uploads\/usu1040\/2018\/03\/2-3-300x225.jpg 300w, https:\/\/agora.xtec.cat\/ceip-marti-poch\/wp-content\/uploads\/usu1040\/2018\/03\/2-3-200x150.jpg 200w\" sizes=\"auto, (max-width: 448px) 100vw, 448px\" \/><\/p>\n<\/div>\n","protected":false},"excerpt":{"rendered":"<p>Un hort \u00e9s un espai natural de trobada, de treball, d&#8217;experimentaci\u00f3 i de creaci\u00f3.<br \/>\nPlanificar i portar a terme aquest projecte, ofereix un lloc idoni per apropar els infants a la natura i a m\u00e9s proporciona un context \u00fanic per aprendre a pensar, per educar emocionalment&hellip;  <a href=\"https:\/\/agora.xtec.cat\/ceip-marti-poch\/lhort-de-lescola\/\" title=\"Read L&#8217;hort de l&#8217;escola\">Llegeix m\u00e9s\u00bb<\/a><\/p>\n","protected":false},"author":1,"featured_media":0,"parent":0,"menu_order":0,"comment_status":"closed","ping_status":"closed","template":"","meta":{"_bbp_topic_count":0,"_bbp_reply_count":0,"_bbp_total_topic_count":0,"_bbp_total_reply_count":0,"_bbp_voice_count":0,"_bbp_anonymous_reply_count":0,"_bbp_topic_count_hidden":0,"_bbp_reply_count_hidden":0,"_bbp_forum_subforum_count":0,"footnotes":""},"class_list":["post-1236","page","type-page","status-publish","hentry"],"post_mailing_queue_ids":[],"_links":{"self":[{"href":"https:\/\/agora.xtec.cat\/ceip-marti-poch\/wp-json\/wp\/v2\/pages\/1236","targetHints":{"allow":["GET"]}}],"collection":[{"href":"https:\/\/agora.xtec.cat\/ceip-marti-poch\/wp-json\/wp\/v2\/pages"}],"about":[{"href":"https:\/\/agora.xtec.cat\/ceip-marti-poch\/wp-json\/wp\/v2\/types\/page"}],"author":[{"embeddable":true,"href":"https:\/\/agora.xtec.cat\/ceip-marti-poch\/wp-json\/wp\/v2\/users\/1"}],"replies":[{"embeddable":true,"href":"https:\/\/agora.xtec.cat\/ceip-marti-poch\/wp-json\/wp\/v2\/comments?post=1236"}],"version-history":[{"count":4,"href":"https:\/\/agora.xtec.cat\/ceip-marti-poch\/wp-json\/wp\/v2\/pages\/1236\/revisions"}],"predecessor-version":[{"id":1293,"href":"https:\/\/agora.xtec.cat\/ceip-marti-poch\/wp-json\/wp\/v2\/pages\/1236\/revisions\/1293"}],"wp:attachment":[{"href":"https:\/\/agora.xtec.cat\/ceip-marti-poch\/wp-json\/wp\/v2\/media?parent=1236"}],"curies":[{"name":"wp","href":"https:\/\/api.w.org\/{rel}","templated":true}]}}