{"id":1103,"date":"2018-03-21T08:59:08","date_gmt":"2018-03-21T07:59:08","guid":{"rendered":"http:\/\/agora.xtec.cat\/ceip-marti-poch\/?page_id=1103"},"modified":"2025-09-09T18:40:01","modified_gmt":"2025-09-09T16:40:01","slug":"activitats-extraescolars","status":"publish","type":"page","link":"https:\/\/agora.xtec.cat\/ceip-marti-poch\/afa\/activitats-extraescolars\/","title":{"rendered":"Activitats extraescolars"},"content":{"rendered":"<p style=\"text-align: justify;\">L&#8217;AFA organitza les activitats extraescolars que es proposen a l\u2019inici de cada curs i que es duen a terme d\u2019octubre a juny<br \/>\nen horari de migdia (de 14 a 15h) o de tarda (a partir de les 16.30 h):<\/p>\n<p><a href=\"https:\/\/drive.google.com\/file\/d\/1YBSC3_t4lqPhFzeB6a-uWicAWs-px_rW\/view?usp=sharing\">Enlla\u00e7 per a m\u00e9s informaci\u00f3.\u00a0<\/a><\/p>\n<p><img loading=\"lazy\" decoding=\"async\" class=\"aligncenter wp-image-9015 size-full\" src=\"https:\/\/agora.xtec.cat\/ceip-marti-poch\/wp-content\/uploads\/usu1040\/2025\/09\/Quadre-extraescolars.png\" alt=\"\" width=\"937\" height=\"559\" srcset=\"https:\/\/agora.xtec.cat\/ceip-marti-poch\/wp-content\/uploads\/usu1040\/2025\/09\/Quadre-extraescolars.png 937w, https:\/\/agora.xtec.cat\/ceip-marti-poch\/wp-content\/uploads\/usu1040\/2025\/09\/Quadre-extraescolars-300x179.png 300w, https:\/\/agora.xtec.cat\/ceip-marti-poch\/wp-content\/uploads\/usu1040\/2025\/09\/Quadre-extraescolars-768x458.png 768w\" sizes=\"auto, (max-width: 937px) 100vw, 937px\" \/><\/p>\n<p style=\"text-align: justify;\">o Activitats de caire educatiu: rob\u00f2tica, angl\u00e8s, ci\u00e8ncia, b\u00e0squet, escacs, patinatge,<br \/>\ntennis taula, mecanografia, teatre, dansa&#8230;<br \/>\no Les activitats estan dirigides per empreses especialitzades.<br \/>\no En cas d\u2019impagats, els infants no podran gaudir de l\u2019activitat fins que la fam\u00edlia estigui<br \/>\nal corrent de pagament.o El cost dels rebuts retornats haur\u00e0 de ser assumit per la fam\u00edlia.o Correu de contacte: afa@escolamartipoch.cat<\/p>\n<p>&nbsp;<\/p>\n<p>&nbsp;<\/p>\n<p>&nbsp;<\/p>\n<p>&nbsp;<\/p>\n<p>&nbsp;<\/p>\n<p>&nbsp;<\/p>\n","protected":false},"excerpt":{"rendered":"<p>L&#8217;AFA organitza les activitats extraescolars que es proposen a l\u2019inici de cada curs i que es duen a terme d\u2019octubre a juny<br \/>\nen horari de migdia (de 14 a 15h) o de tarda (a partir de les 16.30 h):<br \/>\n<a href=\"https:\/\/drive.google.com\/file\/d\/1YBSC3_t4lqPhFzeB6a-uWicAWs-px_rW\/view?usp=sharing\">Enlla\u00e7 per a m\u00e9s informaci\u00f3.\u00a0<\/a><\/p>\n<p>o Activitats de&hellip;  <a href=\"https:\/\/agora.xtec.cat\/ceip-marti-poch\/afa\/activitats-extraescolars\/\" title=\"Read Activitats extraescolars\">Llegeix m\u00e9s\u00bb<\/a><\/p>\n","protected":false},"author":1,"featured_media":0,"parent":903,"menu_order":4,"comment_status":"closed","ping_status":"closed","template":"","meta":{"_bbp_topic_count":0,"_bbp_reply_count":0,"_bbp_total_topic_count":0,"_bbp_total_reply_count":0,"_bbp_voice_count":0,"_bbp_anonymous_reply_count":0,"_bbp_topic_count_hidden":0,"_bbp_reply_count_hidden":0,"_bbp_forum_subforum_count":0,"footnotes":""},"class_list":["post-1103","page","type-page","status-publish","hentry"],"post_mailing_queue_ids":[],"_links":{"self":[{"href":"https:\/\/agora.xtec.cat\/ceip-marti-poch\/wp-json\/wp\/v2\/pages\/1103","targetHints":{"allow":["GET"]}}],"collection":[{"href":"https:\/\/agora.xtec.cat\/ceip-marti-poch\/wp-json\/wp\/v2\/pages"}],"about":[{"href":"https:\/\/agora.xtec.cat\/ceip-marti-poch\/wp-json\/wp\/v2\/types\/page"}],"author":[{"embeddable":true,"href":"https:\/\/agora.xtec.cat\/ceip-marti-poch\/wp-json\/wp\/v2\/users\/1"}],"replies":[{"embeddable":true,"href":"https:\/\/agora.xtec.cat\/ceip-marti-poch\/wp-json\/wp\/v2\/comments?post=1103"}],"version-history":[{"count":6,"href":"https:\/\/agora.xtec.cat\/ceip-marti-poch\/wp-json\/wp\/v2\/pages\/1103\/revisions"}],"predecessor-version":[{"id":9016,"href":"https:\/\/agora.xtec.cat\/ceip-marti-poch\/wp-json\/wp\/v2\/pages\/1103\/revisions\/9016"}],"up":[{"embeddable":true,"href":"https:\/\/agora.xtec.cat\/ceip-marti-poch\/wp-json\/wp\/v2\/pages\/903"}],"wp:attachment":[{"href":"https:\/\/agora.xtec.cat\/ceip-marti-poch\/wp-json\/wp\/v2\/media?parent=1103"}],"curies":[{"name":"wp","href":"https:\/\/api.w.org\/{rel}","templated":true}]}}