{"id":1097,"date":"2018-03-21T08:54:15","date_gmt":"2018-03-21T07:54:15","guid":{"rendered":"http:\/\/agora.xtec.cat\/ceip-marti-poch\/?page_id=1097"},"modified":"2025-09-09T18:56:40","modified_gmt":"2025-09-09T16:56:40","slug":"biblioteca-josep-vallverdu","status":"publish","type":"page","link":"https:\/\/agora.xtec.cat\/ceip-marti-poch\/globalitzats\/biblioteca-josep-vallverdu\/","title":{"rendered":"Biblioteca Josep Vallverd\u00fa"},"content":{"rendered":"<p style=\"text-align: justify;\">La nostra biblioteca &#8220;Josep Vallverd\u00fa&#8221; porta funcionant des de l&#8217;any 2000. \u00c9s un espai de recursos on tant els alumnes com els professors, i tota la comunitat educativa en general poden trobar informaci\u00f3 en diversos suports. \u00c9s un\u00a0recurs fonamental per a l\u2019adquisici\u00f3 de les compet\u00e8ncies b\u00e0siques i el desplegament dels continguts curriculars, i com un element clau en l\u2019assoliment de l\u2019h\u00e0bit lector, la compet\u00e8ncia informacional i l\u2019adquisici\u00f3 d\u2019aprenentatges aut\u00f2noms.<\/p>\n<p><a href=\"http:\/\/xtec.gencat.cat\/ca\/projectes\/biblioteca\/puntedu\/funcions\/#bloc2\">Funcions:<\/a><\/p>\n<ul>\n<li>Organitzar i gestionar la informaci\u00f3 i el fons documental<\/li>\n<li>Impulsar la lectura<\/li>\n<li>Facilitar l\u2019adquisici\u00f3 de les compet\u00e8ncies en l\u2019\u00fas de la informaci\u00f3<\/li>\n<li>Proveir de serveis i recursos per a l&#8217;aprenentatge<\/li>\n<li>Col\u00b7laborar amb l\u2019entorn<\/li>\n<\/ul>\n<p>&nbsp;<\/p>\n<p><strong>L&#8217;abril del 2023 hem rebut aquest segell de bones pr\u00e0ctiques que ens atorga el Departament d&#8217;educaci\u00f3 per l&#8217;experi\u00e8ncia: <a href=\"https:\/\/projectes.xtec.cat\/bescat\/general\/bones-practiques-regalem-lectures-de-poemes-de-josep-vallverdu\/\">Regalem lectures de poemes de Josep Vallverd\u00fa<\/a><\/strong><\/p>\n<p><img loading=\"lazy\" decoding=\"async\" class=\"aligncenter size-medium wp-image-6867\" src=\"https:\/\/agora.xtec.cat\/ceip-marti-poch\/wp-content\/uploads\/usu1040\/2023\/04\/BESCAT.edu2-1-300x300.png\" alt=\"\" width=\"300\" height=\"300\" srcset=\"https:\/\/agora.xtec.cat\/ceip-marti-poch\/wp-content\/uploads\/usu1040\/2023\/04\/BESCAT.edu2-1-300x300.png 300w, https:\/\/agora.xtec.cat\/ceip-marti-poch\/wp-content\/uploads\/usu1040\/2023\/04\/BESCAT.edu2-1-150x150.png 150w, https:\/\/agora.xtec.cat\/ceip-marti-poch\/wp-content\/uploads\/usu1040\/2023\/04\/BESCAT.edu2-1.png 500w\" sizes=\"auto, (max-width: 300px) 100vw, 300px\" \/><\/p>\n<p style=\"font-weight: 400;\">Aquest segell indica que l&#8217;experi\u00e8ncia compleix amb els objectius seg\u00fcents:<\/p>\n<ul>\n<li style=\"font-weight: 400;\">Detectar bons models\u00a0de\u00a0funcionament\u00a0de\u00a0biblioteques\u00a0de\u00a0centres educatius\u00a0de\u00a0totes les etapes.<\/li>\n<li style=\"font-weight: 400;\">Afavorir l\u2019intercanvi entre centres i la consolidaci\u00f3 d\u2019una xarxa\u00a0de\u00a0biblioteques escolars.<\/li>\n<li style=\"font-weight: 400;\">Establir lligams entre el programa \u201cpuntedu\u201d i les biblioteques dels centres educatius.<\/li>\n<li style=\"font-weight: 400;\">Fer visible el paper\u00a0de\u00a0la biblioteca com a centre\u00a0de\u00a0recursos per a l&#8217;aprenentatge i l\u2019ensenyament, com a eix\u00a0del\u00a0pla\u00a0de\u00a0lectura\u00a0de\u00a0centre i com a motor d\u2019innovaci\u00f3 en el centre educatiu.<\/li>\n<\/ul>\n<h3>Voleu trobar un llibre, conte&#8230;? Entreu a l&#8217;aplicaci\u00f3 e-pergam i podreu veure el nostre cat\u00e0leg.<\/h3>\n<p><a href=\"https:\/\/aplicacions.gestioeducativa.gencat.cat\/epergam\/web\/biblioteca.jsp\">https:\/\/aplicacions.gestioeducativa.gencat.cat\/epergam\/web\/biblioteca.jsp<\/a><\/p>\n<p>&nbsp;<\/p>\n","protected":false},"excerpt":{"rendered":"<p>La nostra biblioteca &#8220;Josep Vallverd\u00fa&#8221; porta funcionant des de l&#8217;any 2000. \u00c9s un espai de recursos on tant els alumnes com els professors, i tota la comunitat educativa en general poden trobar informaci\u00f3 en diversos suports. \u00c9s un\u00a0recurs fonamental per a l\u2019adquisici\u00f3 de les compet\u00e8ncies&hellip;  <a href=\"https:\/\/agora.xtec.cat\/ceip-marti-poch\/globalitzats\/biblioteca-josep-vallverdu\/\" title=\"Read Biblioteca Josep Vallverd\u00fa\">Llegeix m\u00e9s\u00bb<\/a><\/p>\n","protected":false},"author":1,"featured_media":0,"parent":1233,"menu_order":0,"comment_status":"closed","ping_status":"closed","template":"","meta":{"_bbp_topic_count":0,"_bbp_reply_count":0,"_bbp_total_topic_count":0,"_bbp_total_reply_count":0,"_bbp_voice_count":0,"_bbp_anonymous_reply_count":0,"_bbp_topic_count_hidden":0,"_bbp_reply_count_hidden":0,"_bbp_forum_subforum_count":0,"footnotes":""},"class_list":["post-1097","page","type-page","status-publish","hentry"],"post_mailing_queue_ids":[],"_links":{"self":[{"href":"https:\/\/agora.xtec.cat\/ceip-marti-poch\/wp-json\/wp\/v2\/pages\/1097","targetHints":{"allow":["GET"]}}],"collection":[{"href":"https:\/\/agora.xtec.cat\/ceip-marti-poch\/wp-json\/wp\/v2\/pages"}],"about":[{"href":"https:\/\/agora.xtec.cat\/ceip-marti-poch\/wp-json\/wp\/v2\/types\/page"}],"author":[{"embeddable":true,"href":"https:\/\/agora.xtec.cat\/ceip-marti-poch\/wp-json\/wp\/v2\/users\/1"}],"replies":[{"embeddable":true,"href":"https:\/\/agora.xtec.cat\/ceip-marti-poch\/wp-json\/wp\/v2\/comments?post=1097"}],"version-history":[{"count":6,"href":"https:\/\/agora.xtec.cat\/ceip-marti-poch\/wp-json\/wp\/v2\/pages\/1097\/revisions"}],"predecessor-version":[{"id":8926,"href":"https:\/\/agora.xtec.cat\/ceip-marti-poch\/wp-json\/wp\/v2\/pages\/1097\/revisions\/8926"}],"up":[{"embeddable":true,"href":"https:\/\/agora.xtec.cat\/ceip-marti-poch\/wp-json\/wp\/v2\/pages\/1233"}],"wp:attachment":[{"href":"https:\/\/agora.xtec.cat\/ceip-marti-poch\/wp-json\/wp\/v2\/media?parent=1097"}],"curies":[{"name":"wp","href":"https:\/\/api.w.org\/{rel}","templated":true}]}}