{"id":3340,"date":"2026-02-17T11:35:35","date_gmt":"2026-02-17T10:35:35","guid":{"rendered":"https:\/\/agora.xtec.cat\/ceip-mariustorres\/?page_id=3340"},"modified":"2026-02-17T11:36:29","modified_gmt":"2026-02-17T10:36:29","slug":"3340-2","status":"publish","type":"page","link":"https:\/\/agora.xtec.cat\/ceip-mariustorres\/3340-2\/","title":{"rendered":""},"content":{"rendered":"\n<p><strong>La Biblioteca escolar &#8220;Ester Mainar&#8221; un espai obert a la imaginaci\u00f3 i a l\u2019aprenentatge<\/strong>.<\/p>\n\n\n\n<p>A la\u00a0 biblioteca escolar\u00a0 busquem molt m\u00e9s que fer pr\u00e9stec de llibres: volem despertar la\u00a0<strong>passi\u00f3 per la lectura<\/strong>\u00a0i convertir-la en un motor d\u2019aprenentatge i creixement personal. \u00c9s un espai\u00a0<strong>obert i din\u00e0mic<\/strong>, on cada nen i nena pot seguir els seus\u00a0<strong>propis camins literaris<\/strong>, descobrir nous mons i construir la seva pr\u00f2pia relaci\u00f3 amb els llibres.  Aqu\u00ed els infants coneixen els\u00a0<strong>contes tradicionals<\/strong>, la\u00a0<strong>literatura nacional<\/strong>\u00a0i les obres de la\u00a0<strong>literatura universal<\/strong>, aprenent a valorar diferents cultures, hist\u00f2ries i estils. A m\u00e9s, oferim llibres de coneixement, revistes i contes il\u00b7lustrats, que fomenten la\u00a0<strong>curiositat, el pensament cr\u00edtic i la creativitat<\/strong>, i ajuden a desenvolupar l\u2019<strong>autonomia lectora<\/strong>.<\/p>\n\n\n\n<p>Cada visita \u00e9s una oportunitat per descobrir, imaginar i aprendre jugant. Els alumnes poden crear la seva\u00a0<strong>pr\u00f2pia biblioteca personal<\/strong>, amb llibres que els agradin i els motivin a seguir llegint, construint aix\u00ed una base s\u00f2lida per al seu futur acad\u00e8mic i personal. Tamb\u00e9 es fan lectures al vest\u00edbul de l&#8217;escola, un espai ample a on es poden dur a terme lectures relaxades que busquen el gust per a la lectura. <\/p>\n\n\n\n<figure class=\"wp-block-gallery has-nested-images columns-default is-cropped wp-block-gallery-1 is-layout-flex wp-block-gallery-is-layout-flex\">\n<figure class=\"wp-block-image size-large\"><a href=\"https:\/\/agora.xtec.cat\/ceip-mariustorres\/wp-content\/uploads\/usu915\/2026\/02\/IMG_4028.jpeg\"><img loading=\"lazy\" decoding=\"async\" width=\"640\" height=\"480\" data-id=\"3348\" src=\"https:\/\/agora.xtec.cat\/ceip-mariustorres\/wp-content\/uploads\/usu915\/2026\/02\/IMG_4028.jpeg\" alt=\"\" class=\"wp-image-3348\" srcset=\"https:\/\/agora.xtec.cat\/ceip-mariustorres\/wp-content\/uploads\/usu915\/2026\/02\/IMG_4028.jpeg 640w, https:\/\/agora.xtec.cat\/ceip-mariustorres\/wp-content\/uploads\/usu915\/2026\/02\/IMG_4028-300x225.jpeg 300w\" sizes=\"auto, (max-width: 640px) 100vw, 640px\" \/><\/a><\/figure>\n\n\n\n<figure class=\"wp-block-image size-large\"><a href=\"https:\/\/agora.xtec.cat\/ceip-mariustorres\/wp-content\/uploads\/usu915\/2026\/02\/IMG_1713-1.jpeg\"><img loading=\"lazy\" decoding=\"async\" width=\"640\" height=\"440\" data-id=\"3350\" src=\"https:\/\/agora.xtec.cat\/ceip-mariustorres\/wp-content\/uploads\/usu915\/2026\/02\/IMG_1713-1.jpeg\" alt=\"\" class=\"wp-image-3350\" srcset=\"https:\/\/agora.xtec.cat\/ceip-mariustorres\/wp-content\/uploads\/usu915\/2026\/02\/IMG_1713-1.jpeg 640w, https:\/\/agora.xtec.cat\/ceip-mariustorres\/wp-content\/uploads\/usu915\/2026\/02\/IMG_1713-1-300x206.jpeg 300w\" sizes=\"auto, (max-width: 640px) 100vw, 640px\" \/><\/a><\/figure>\n\n\n\n<figure class=\"wp-block-image size-large\"><a href=\"https:\/\/agora.xtec.cat\/ceip-mariustorres\/wp-content\/uploads\/usu915\/2026\/02\/IMG_1717-1.jpeg\"><img loading=\"lazy\" decoding=\"async\" width=\"563\" height=\"640\" data-id=\"3351\" src=\"https:\/\/agora.xtec.cat\/ceip-mariustorres\/wp-content\/uploads\/usu915\/2026\/02\/IMG_1717-1.jpeg\" alt=\"\" class=\"wp-image-3351\" srcset=\"https:\/\/agora.xtec.cat\/ceip-mariustorres\/wp-content\/uploads\/usu915\/2026\/02\/IMG_1717-1.jpeg 563w, https:\/\/agora.xtec.cat\/ceip-mariustorres\/wp-content\/uploads\/usu915\/2026\/02\/IMG_1717-1-264x300.jpeg 264w\" sizes=\"auto, (max-width: 563px) 100vw, 563px\" \/><\/a><\/figure>\n\n\n\n<figure class=\"wp-block-image size-large\"><a href=\"https:\/\/agora.xtec.cat\/ceip-mariustorres\/wp-content\/uploads\/usu915\/2026\/02\/fcd880d6-3dbd-407c-8f5b-7f8f3196c0f8-1.jpg\"><img loading=\"lazy\" decoding=\"async\" width=\"640\" height=\"592\" data-id=\"3346\" src=\"https:\/\/agora.xtec.cat\/ceip-mariustorres\/wp-content\/uploads\/usu915\/2026\/02\/fcd880d6-3dbd-407c-8f5b-7f8f3196c0f8-1.jpg\" alt=\"\" class=\"wp-image-3346\" srcset=\"https:\/\/agora.xtec.cat\/ceip-mariustorres\/wp-content\/uploads\/usu915\/2026\/02\/fcd880d6-3dbd-407c-8f5b-7f8f3196c0f8-1.jpg 640w, https:\/\/agora.xtec.cat\/ceip-mariustorres\/wp-content\/uploads\/usu915\/2026\/02\/fcd880d6-3dbd-407c-8f5b-7f8f3196c0f8-1-300x278.jpg 300w\" sizes=\"auto, (max-width: 640px) 100vw, 640px\" \/><\/a><\/figure>\n\n\n\n<figure class=\"wp-block-image size-large\"><a href=\"https:\/\/agora.xtec.cat\/ceip-mariustorres\/wp-content\/uploads\/usu915\/2026\/02\/IMG_6449-1.jpeg\"><img loading=\"lazy\" decoding=\"async\" width=\"640\" height=\"510\" data-id=\"3347\" src=\"https:\/\/agora.xtec.cat\/ceip-mariustorres\/wp-content\/uploads\/usu915\/2026\/02\/IMG_6449-1.jpeg\" alt=\"\" class=\"wp-image-3347\" srcset=\"https:\/\/agora.xtec.cat\/ceip-mariustorres\/wp-content\/uploads\/usu915\/2026\/02\/IMG_6449-1.jpeg 640w, https:\/\/agora.xtec.cat\/ceip-mariustorres\/wp-content\/uploads\/usu915\/2026\/02\/IMG_6449-1-300x239.jpeg 300w\" sizes=\"auto, (max-width: 640px) 100vw, 640px\" \/><\/a><\/figure>\n\n\n\n<figure class=\"wp-block-image size-large\"><a href=\"https:\/\/agora.xtec.cat\/ceip-mariustorres\/wp-content\/uploads\/usu915\/2026\/02\/IMG_1952-1.jpeg\"><img loading=\"lazy\" decoding=\"async\" width=\"640\" height=\"480\" data-id=\"3349\" src=\"https:\/\/agora.xtec.cat\/ceip-mariustorres\/wp-content\/uploads\/usu915\/2026\/02\/IMG_1952-1.jpeg\" alt=\"\" class=\"wp-image-3349\" srcset=\"https:\/\/agora.xtec.cat\/ceip-mariustorres\/wp-content\/uploads\/usu915\/2026\/02\/IMG_1952-1.jpeg 640w, https:\/\/agora.xtec.cat\/ceip-mariustorres\/wp-content\/uploads\/usu915\/2026\/02\/IMG_1952-1-300x225.jpeg 300w\" sizes=\"auto, (max-width: 640px) 100vw, 640px\" \/><\/a><\/figure>\n<\/figure>\n","protected":false},"excerpt":{"rendered":"<p>La Biblioteca escolar &#8220;Ester Mainar&#8221; un espai obert a la imaginaci\u00f3 i a l\u2019aprenentatge. A la\u00a0 biblioteca escolar\u00a0 busquem molt m\u00e9s que fer pr\u00e9stec de llibres: volem despertar la\u00a0passi\u00f3 per la lectura\u00a0i convertir-la en un motor d\u2019aprenentatge i creixement personal. \u00c9s un espai\u00a0obert i din\u00e0mic, on cada nen i nena pot seguir els seus\u00a0propis camins [&hellip;]<\/p>\n","protected":false},"author":1,"featured_media":0,"parent":0,"menu_order":0,"comment_status":"closed","ping_status":"close","template":"","meta":{"_bbp_topic_count":0,"_bbp_reply_count":0,"_bbp_total_topic_count":0,"_bbp_total_reply_count":0,"_bbp_voice_count":0,"_bbp_anonymous_reply_count":0,"_bbp_topic_count_hidden":0,"_bbp_reply_count_hidden":0,"_bbp_forum_subforum_count":0,"site-sidebar-layout":"default","site-content-layout":"","ast-site-content-layout":"default","site-content-style":"default","site-sidebar-style":"default","ast-global-header-display":"","ast-banner-title-visibility":"","ast-main-header-display":"","ast-hfb-above-header-display":"","ast-hfb-below-header-display":"","ast-hfb-mobile-header-display":"","site-post-title":"","ast-breadcrumbs-content":"","ast-featured-img":"","footer-sml-layout":"","theme-transparent-header-meta":"","adv-header-id-meta":"","stick-header-meta":"","header-above-stick-meta":"","header-main-stick-meta":"","header-below-stick-meta":"","astra-migrate-meta-layouts":"set","ast-page-background-enabled":"default","ast-page-background-meta":{"desktop":{"background-color":"var(--ast-global-color-4)","background-image":"","background-repeat":"repeat","background-position":"center center","background-size":"auto","background-attachment":"scroll","background-type":"","background-media":"","overlay-type":"","overlay-color":"","overlay-opacity":"","overlay-gradient":""},"tablet":{"background-color":"","background-image":"","background-repeat":"repeat","background-position":"center center","background-size":"auto","background-attachment":"scroll","background-type":"","background-media":"","overlay-type":"","overlay-color":"","overlay-opacity":"","overlay-gradient":""},"mobile":{"background-color":"","background-image":"","background-repeat":"repeat","background-position":"center center","background-size":"auto","background-attachment":"scroll","background-type":"","background-media":"","overlay-type":"","overlay-color":"","overlay-opacity":"","overlay-gradient":""}},"ast-content-background-meta":{"desktop":{"background-color":"var(--ast-global-color-5)","background-image":"","background-repeat":"repeat","background-position":"center center","background-size":"auto","background-attachment":"scroll","background-type":"","background-media":"","overlay-type":"","overlay-color":"","overlay-opacity":"","overlay-gradient":""},"tablet":{"background-color":"var(--ast-global-color-5)","background-image":"","background-repeat":"repeat","background-position":"center center","background-size":"auto","background-attachment":"scroll","background-type":"","background-media":"","overlay-type":"","overlay-color":"","overlay-opacity":"","overlay-gradient":""},"mobile":{"background-color":"var(--ast-global-color-5)","background-image":"","background-repeat":"repeat","background-position":"center center","background-size":"auto","background-attachment":"scroll","background-type":"","background-media":"","overlay-type":"","overlay-color":"","overlay-opacity":"","overlay-gradient":""}},"footnotes":""},"class_list":["post-3340","page","type-page","status-publish","hentry"],"post_mailing_queue_ids":[],"_links":{"self":[{"href":"https:\/\/agora.xtec.cat\/ceip-mariustorres\/wp-json\/wp\/v2\/pages\/3340","targetHints":{"allow":["GET"]}}],"collection":[{"href":"https:\/\/agora.xtec.cat\/ceip-mariustorres\/wp-json\/wp\/v2\/pages"}],"about":[{"href":"https:\/\/agora.xtec.cat\/ceip-mariustorres\/wp-json\/wp\/v2\/types\/page"}],"author":[{"embeddable":true,"href":"https:\/\/agora.xtec.cat\/ceip-mariustorres\/wp-json\/wp\/v2\/users\/1"}],"replies":[{"embeddable":true,"href":"https:\/\/agora.xtec.cat\/ceip-mariustorres\/wp-json\/wp\/v2\/comments?post=3340"}],"version-history":[{"count":2,"href":"https:\/\/agora.xtec.cat\/ceip-mariustorres\/wp-json\/wp\/v2\/pages\/3340\/revisions"}],"predecessor-version":[{"id":3354,"href":"https:\/\/agora.xtec.cat\/ceip-mariustorres\/wp-json\/wp\/v2\/pages\/3340\/revisions\/3354"}],"wp:attachment":[{"href":"https:\/\/agora.xtec.cat\/ceip-mariustorres\/wp-json\/wp\/v2\/media?parent=3340"}],"curies":[{"name":"wp","href":"https:\/\/api.w.org\/{rel}","templated":true}]}}