{"id":234,"date":"2016-02-11T11:26:10","date_gmt":"2016-02-11T10:26:10","guid":{"rendered":"http:\/\/agora.xtec.cat\/ceip-mariustorres\/?page_id=234"},"modified":"2026-04-09T15:27:01","modified_gmt":"2026-04-09T13:27:01","slug":"cicle-inicial","status":"publish","type":"page","link":"https:\/\/agora.xtec.cat\/ceip-mariustorres\/oferta-educativa\/cicle-inicial\/","title":{"rendered":"Educaci\u00f3 prim\u00e0ria"},"content":{"rendered":"\n<p>Durant aquesta etapa, el centra vetlla per a que l&#8217;alumnat adquireixi les habilitats cognitives, f\u00edsiques i socials per tal d&#8217;afrontar la seg\u00fcent etapa educativa amb una bona base i alhora, esdevingui un ciutad\u00e0 o ciutadana amb criteri, capacitat de reflexi\u00f3 i amb valors. A continuaci\u00f3 presentem la nostra proposta pedag\u00f2gica: <\/p>\n\n\n\n<ul class=\"wp-block-list\">\n<li>Les \u00e0rees es duen a terme a trav\u00e9s del <strong>seguiment dels diferents llibres digitals de l&#8217;editorial Baula. <\/strong><\/li>\n\n\n\n<li>Durant el cicle inicial es treballa de manera priorit\u00e0ria la lectoescriptura. A banda, es fa \u00fas de la<strong> plataforma Glifing <\/strong>per tal de donar m\u00e9s eines a l&#8217;alumnat i d&#8217;aquesta manera, li sigui m\u00e9s f\u00e0cil consolidar el proc\u00e9s lector.<\/li>\n\n\n\n<li>Realitzaci\u00f3 de la compet\u00e8ncia matem\u00e0tica amb activitats de <strong>sistematitzaci\u00f3 i el c\u00e0lcul,<\/strong> aix\u00ed com a trav\u00e9s de <strong>material manipulatiu<\/strong>, per tal d&#8217;entendre els processos matem\u00e0tics . Activitats visuals i de manipulaci\u00f3 per tal d&#8217;assolir el sabers relacionats amb la geometria. Pel que fa  al pensament computacional, es treballa a trav\u00e9s de l&#8217;\u00fas dels<strong> robots<\/strong> i de programari digital.<\/li>\n\n\n\n<li><strong>Aula Steam:<\/strong> Aula dissenyada per tal de dur a terme el projecte de <strong>Science:<\/strong> realitzaci\u00f3 d&#8217;experiments seguint el m\u00e8tode cient\u00edfic a 4rt, 5\u00e8 i 6\u00e8, en llengua anglesa. A m\u00e9s a m\u00e9s, es fan les sessions de digital amb l&#8217;alumnat de<strong> 6\u00e8 de prim\u00e0ria<\/strong> que durant el curs, <strong>fa \u00fas de diferents robots<\/strong>. <\/li>\n\n\n\n<li>Arts and Crafts: realitzaci\u00f3 d&#8217;activitats art\u00edstiques manuals en llengua anglesa als cursos de 1er, 2n i 3er. <\/li>\n\n\n\n<li>A banda de l&#8217;\u00fas del llibre digital, es treballa l&#8217;\u00e0rea de coneixement del medi natural i social a trav\u00e9s d&#8217;<strong>activitats vivencials i competencials <\/strong>. Projecte de l&#8217;hort a cicle inicial i mitj\u00e0. <\/li>\n\n\n\n<li>Pla lector : es duu a terme 30 minuts de lectura di\u00e0ria i totes les classes assisteixen a la biblioteca del centre, la qual est\u00e0 liderada per una mestra especialista. Aquest espai presenta gran quantitat de llibres de diferents tipologies i cada trimestre es va nodrint l&#8217;espai amb novetats relacionades amb tot all\u00f2 que es treballa a l&#8217;escola, aix\u00ed com de les darreres novetats liter\u00e0ries.<\/li>\n\n\n\n<li>Realitzaci\u00f3 d&#8217;activitats f\u00edsiques que vetllen per a aconseguir la consolidaci\u00f3 i el <strong>perfeccionament de la psicomotricitat gruixuda<\/strong>.<\/li>\n\n\n\n<li>Pel que fa a les \u00e0rees art\u00edstiques, es dona molta import\u00e0ncia a la <strong>realitzaci\u00f3 de danses<\/strong>. A banda, l&#8217;escola participa als projectes de &#8220;<strong>La canalla balla<\/strong>&#8221; &#8221; <strong>La Clika<\/strong>&#8221; i &#8220;<strong>la Cant\u00e0nia&#8221;<\/strong>. Pel que fa a l&#8217;\u00e0rea d&#8217;educaci\u00f3 pl\u00e0stica i visual es realitzen activitats amb <strong>diferents t\u00e8cniques art\u00edstiques<\/strong>. A banda, l&#8217;alumnat de 3er, 4rt, 5\u00e8 i 6\u00e8<strong> fa classes de teatre,<\/strong> dins del projecte T\u00c0NDEM de l&#8217;Ajuntament, amb un actor professional i duen a terme una obra al teatre Joventut.<\/li>\n\n\n\n<li><strong>Apadrinament lector<\/strong>: l&#8217;alumnat m\u00e9s gran del centre ajuda a llegir als m\u00e9s menuts  (I4-4rt, I5-5\u00e8, 1er-6\u00e8). <\/li>\n\n\n\n<li><strong>Introducci\u00f3 de la llengua castellana i anglesa al primer curs de prim\u00e0ria<\/strong>, esdevenint segona i tercer llengua del centre. Es continua amb la llengua catalana, com a idioma vehicular de centre. <\/li>\n\n\n\n<li>Participaci\u00f3 als projectes:<strong> Parlem de lectures <\/strong>( alumnat d&#8217;Institut explica contes al nens i nenes de 3er de prim\u00e0ria),<strong> Jornada Steam<\/strong> ( les dones i la ci\u00e8ncia, amb l&#8217;alumnat de 5\u00e8) i <strong>Jornades virtuals de Matem\u00e0tiques<\/strong> ( alumnat de 6\u00e8) ,organitzats pels serveis territorials.<\/li>\n\n\n\n<li>Pla de conviv\u00e8ncia : es prioritza el<strong> benestar emocional de l&#8217;alumnat<\/strong>. \u00c9s per aix\u00f2 que el centre t\u00e9 una <strong>comissi\u00f3 <\/strong>dedicada a que la conviv\u00e8ncia al centre sigui la m\u00e9s positiva possible i es disposa d&#8217;una <strong>professional que realitza tallers per abordar el factor emocional<\/strong> de l&#8217;infant. <\/li>\n<\/ul>\n\n\n\n<p>A banda, el centre disposa\u00a0 d\u2019una\u00a0<strong>mestra d\u2019educaci\u00f3 especial<\/strong>\u00a0 a dedicaci\u00f3 plena per a cada cicle, d\u2019un<strong>\u00a0referent de l\u2019equip d\u2019assessorament pedag\u00f2gic<\/strong> i d\u2019una\u00a0<strong>logopeda<\/strong>.<\/p>\n\n\n\n<figure class=\"wp-block-image size-large\"><a href=\"https:\/\/agora.xtec.cat\/ceip-mariustorres\/wp-content\/uploads\/usu915\/2026\/02\/IMG_3712-scaled.jpg\"><img loading=\"lazy\" decoding=\"async\" width=\"1024\" height=\"768\" src=\"https:\/\/agora.xtec.cat\/ceip-mariustorres\/wp-content\/uploads\/usu915\/2026\/02\/IMG_3712-1024x768.jpg\" alt=\"\" class=\"wp-image-3208\" srcset=\"https:\/\/agora.xtec.cat\/ceip-mariustorres\/wp-content\/uploads\/usu915\/2026\/02\/IMG_3712-1024x768.jpg 1024w, https:\/\/agora.xtec.cat\/ceip-mariustorres\/wp-content\/uploads\/usu915\/2026\/02\/IMG_3712-300x225.jpg 300w, https:\/\/agora.xtec.cat\/ceip-mariustorres\/wp-content\/uploads\/usu915\/2026\/02\/IMG_3712-768x576.jpg 768w, https:\/\/agora.xtec.cat\/ceip-mariustorres\/wp-content\/uploads\/usu915\/2026\/02\/IMG_3712-1536x1152.jpg 1536w, https:\/\/agora.xtec.cat\/ceip-mariustorres\/wp-content\/uploads\/usu915\/2026\/02\/IMG_3712-2048x1536.jpg 2048w\" sizes=\"auto, (max-width: 1024px) 100vw, 1024px\" \/><\/a><\/figure>\n\n\n\n<figure class=\"wp-block-gallery has-nested-images columns-default is-cropped wp-block-gallery-1 is-layout-flex wp-block-gallery-is-layout-flex\"><\/figure>\n\n\n\n<p><\/p>\n","protected":false},"excerpt":{"rendered":"<p>Durant aquesta etapa, el centra vetlla per a que l&#8217;alumnat adquireixi les habilitats cognitives, f\u00edsiques i socials per tal d&#8217;afrontar la seg\u00fcent etapa educativa amb una bona base i alhora, esdevingui un ciutad\u00e0 o ciutadana amb criteri, capacitat de reflexi\u00f3 i amb valors. A continuaci\u00f3 presentem la nostra proposta pedag\u00f2gica: A banda, el centre disposa\u00a0 [&hellip;]<\/p>\n","protected":false},"author":1,"featured_media":0,"parent":3287,"menu_order":2,"comment_status":"closed","ping_status":"closed","template":"","meta":{"_bbp_topic_count":0,"_bbp_reply_count":0,"_bbp_total_topic_count":0,"_bbp_total_reply_count":0,"_bbp_voice_count":0,"_bbp_anonymous_reply_count":0,"_bbp_topic_count_hidden":0,"_bbp_reply_count_hidden":0,"_bbp_forum_subforum_count":0,"site-sidebar-layout":"default","site-content-layout":"","ast-site-content-layout":"default","site-content-style":"default","site-sidebar-style":"default","ast-global-header-display":"","ast-banner-title-visibility":"","ast-main-header-display":"","ast-hfb-above-header-display":"","ast-hfb-below-header-display":"","ast-hfb-mobile-header-display":"","site-post-title":"","ast-breadcrumbs-content":"","ast-featured-img":"","footer-sml-layout":"","theme-transparent-header-meta":"","adv-header-id-meta":"","stick-header-meta":"","header-above-stick-meta":"","header-main-stick-meta":"","header-below-stick-meta":"","astra-migrate-meta-layouts":"set","ast-page-background-enabled":"default","ast-page-background-meta":{"desktop":{"background-color":"var(--ast-global-color-4)","background-image":"","background-repeat":"repeat","background-position":"center center","background-size":"auto","background-attachment":"scroll","background-type":"","background-media":"","overlay-type":"","overlay-color":"","overlay-opacity":"","overlay-gradient":""},"tablet":{"background-color":"","background-image":"","background-repeat":"repeat","background-position":"center center","background-size":"auto","background-attachment":"scroll","background-type":"","background-media":"","overlay-type":"","overlay-color":"","overlay-opacity":"","overlay-gradient":""},"mobile":{"background-color":"","background-image":"","background-repeat":"repeat","background-position":"center center","background-size":"auto","background-attachment":"scroll","background-type":"","background-media":"","overlay-type":"","overlay-color":"","overlay-opacity":"","overlay-gradient":""}},"ast-content-background-meta":{"desktop":{"background-color":"var(--ast-global-color-5)","background-image":"","background-repeat":"repeat","background-position":"center center","background-size":"auto","background-attachment":"scroll","background-type":"","background-media":"","overlay-type":"","overlay-color":"","overlay-opacity":"","overlay-gradient":""},"tablet":{"background-color":"var(--ast-global-color-5)","background-image":"","background-repeat":"repeat","background-position":"center center","background-size":"auto","background-attachment":"scroll","background-type":"","background-media":"","overlay-type":"","overlay-color":"","overlay-opacity":"","overlay-gradient":""},"mobile":{"background-color":"var(--ast-global-color-5)","background-image":"","background-repeat":"repeat","background-position":"center center","background-size":"auto","background-attachment":"scroll","background-type":"","background-media":"","overlay-type":"","overlay-color":"","overlay-opacity":"","overlay-gradient":""}},"footnotes":""},"class_list":["post-234","page","type-page","status-publish","hentry"],"post_mailing_queue_ids":[],"_links":{"self":[{"href":"https:\/\/agora.xtec.cat\/ceip-mariustorres\/wp-json\/wp\/v2\/pages\/234","targetHints":{"allow":["GET"]}}],"collection":[{"href":"https:\/\/agora.xtec.cat\/ceip-mariustorres\/wp-json\/wp\/v2\/pages"}],"about":[{"href":"https:\/\/agora.xtec.cat\/ceip-mariustorres\/wp-json\/wp\/v2\/types\/page"}],"author":[{"embeddable":true,"href":"https:\/\/agora.xtec.cat\/ceip-mariustorres\/wp-json\/wp\/v2\/users\/1"}],"replies":[{"embeddable":true,"href":"https:\/\/agora.xtec.cat\/ceip-mariustorres\/wp-json\/wp\/v2\/comments?post=234"}],"version-history":[{"count":5,"href":"https:\/\/agora.xtec.cat\/ceip-mariustorres\/wp-json\/wp\/v2\/pages\/234\/revisions"}],"predecessor-version":[{"id":3529,"href":"https:\/\/agora.xtec.cat\/ceip-mariustorres\/wp-json\/wp\/v2\/pages\/234\/revisions\/3529"}],"up":[{"embeddable":true,"href":"https:\/\/agora.xtec.cat\/ceip-mariustorres\/wp-json\/wp\/v2\/pages\/3287"}],"wp:attachment":[{"href":"https:\/\/agora.xtec.cat\/ceip-mariustorres\/wp-json\/wp\/v2\/media?parent=234"}],"curies":[{"name":"wp","href":"https:\/\/api.w.org\/{rel}","templated":true}]}}