{"id":1733,"date":"2021-06-15T23:32:49","date_gmt":"2021-06-15T21:32:49","guid":{"rendered":"http:\/\/agora.xtec.cat\/ceip-mariustorres\/?page_id=1733"},"modified":"2021-10-07T22:10:05","modified_gmt":"2021-10-07T20:10:05","slug":"projecte-mans-a-lhort","status":"publish","type":"page","link":"https:\/\/agora.xtec.cat\/ceip-mariustorres\/projecte-mans-a-lhort\/","title":{"rendered":"Projecte Mans a l&#8217;Hort"},"content":{"rendered":"<p><strong>PROJECTE MANS A L\u2019HORT<\/strong><\/p>\n<p>Aquest projecte t\u00e9 com a objectiu principal aproximar\u00a0 els\u00a0 alumnes\u00a0 al\u00a0 coneixement\u00a0 de\u00a0 treballs\u00a0 i\u00a0 t\u00e8cniques\u00a0 que\u00a0 requereix\u00a0 un\u00a0 hort\u00a0 establint un contacte directe i manipulatiu amb elements com la terra, les llavors, l\u2019aigua, els adobs&#8230; P5 i Cicle Inicial, al primer trimestre, i Cicle Mitj\u00e0, al segon, es fan c\u00e0rrec de l\u2019hort i porten a terme treballs de plantaci\u00f3, observaci\u00f3 i manteniment de diferents varietats hort\u00edcoles.<\/p>\n<div class=\"separator\" style=\"clear: both; text-align: center;\"><a style=\"margin-left: 1em; margin-right: 1em;\" href=\"https:\/\/1.bp.blogspot.com\/-Z9654VP3IOw\/WluZNeCSLHI\/AAAAAAAADaA\/wHjUm4zV0dIS8zNXKNcNhwJMqLpagtmeQCLcBGAs\/s1600\/Diapositiva1.JPG\"><img loading=\"lazy\" decoding=\"async\" src=\"https:\/\/1.bp.blogspot.com\/-Z9654VP3IOw\/WluZNeCSLHI\/AAAAAAAADaA\/wHjUm4zV0dIS8zNXKNcNhwJMqLpagtmeQCLcBGAs\/s640\/Diapositiva1.JPG\" width=\"640\" height=\"480\" border=\"0\" data-original-height=\"720\" data-original-width=\"960\" \/><\/a><\/div>\n<p>&nbsp;<\/p>\n<div class=\"separator\" style=\"clear: both; text-align: center;\"><a style=\"margin-left: 1em; margin-right: 1em;\" href=\"https:\/\/2.bp.blogspot.com\/-aVaprqyYjns\/WluZN17bvmI\/AAAAAAAADaI\/KFrWP1a0m2s-qLrOLLrOnLYjmiXKDmZSgCLcBGAs\/s1600\/Diapositiva2.JPG\"><img loading=\"lazy\" decoding=\"async\" src=\"https:\/\/2.bp.blogspot.com\/-aVaprqyYjns\/WluZN17bvmI\/AAAAAAAADaI\/KFrWP1a0m2s-qLrOLLrOnLYjmiXKDmZSgCLcBGAs\/s640\/Diapositiva2.JPG\" width=\"640\" height=\"480\" border=\"0\" data-original-height=\"720\" data-original-width=\"960\" \/><\/a><\/div>\n<p>&nbsp;<\/p>\n<div class=\"separator\" style=\"clear: both; text-align: center;\"><a style=\"margin-left: 1em; margin-right: 1em;\" href=\"https:\/\/4.bp.blogspot.com\/-EftNHH65vd8\/WluZONrjAXI\/AAAAAAAADaM\/S7P3lWNgDgwTAjvHRQyibMW4yJ0XkoVhQCLcBGAs\/s1600\/Diapositiva3.JPG\"><img loading=\"lazy\" decoding=\"async\" src=\"https:\/\/4.bp.blogspot.com\/-EftNHH65vd8\/WluZONrjAXI\/AAAAAAAADaM\/S7P3lWNgDgwTAjvHRQyibMW4yJ0XkoVhQCLcBGAs\/s640\/Diapositiva3.JPG\" width=\"640\" height=\"480\" border=\"0\" data-original-height=\"720\" data-original-width=\"960\" \/><\/a><\/div>\n<p>&nbsp;<\/p>\n<div class=\"separator\" style=\"clear: both; text-align: center;\"><a style=\"margin-left: 1em; margin-right: 1em;\" href=\"https:\/\/3.bp.blogspot.com\/-d3J9oa99mZA\/WluZObTbqSI\/AAAAAAAADaQ\/yZ1K3jyXB7gQXtfseiB26L13wQ4zLRtnQCLcBGAs\/s1600\/Diapositiva4.JPG\"><img loading=\"lazy\" decoding=\"async\" src=\"https:\/\/3.bp.blogspot.com\/-d3J9oa99mZA\/WluZObTbqSI\/AAAAAAAADaQ\/yZ1K3jyXB7gQXtfseiB26L13wQ4zLRtnQCLcBGAs\/s640\/Diapositiva4.JPG\" width=\"640\" height=\"480\" border=\"0\" data-original-height=\"720\" data-original-width=\"960\" \/><\/a><\/div>\n<p>&nbsp;<\/p>\n<div class=\"separator\" style=\"clear: both; text-align: center;\"><a style=\"margin-left: 1em; margin-right: 1em;\" href=\"https:\/\/4.bp.blogspot.com\/-YTYc5z9K0Is\/WluZOmWIxAI\/AAAAAAAADaU\/29iHy8GbTus5WnGhPk92UPYHrXk60b7pQCLcBGAs\/s1600\/Diapositiva5.JPG\"><img loading=\"lazy\" decoding=\"async\" src=\"https:\/\/4.bp.blogspot.com\/-YTYc5z9K0Is\/WluZOmWIxAI\/AAAAAAAADaU\/29iHy8GbTus5WnGhPk92UPYHrXk60b7pQCLcBGAs\/s640\/Diapositiva5.JPG\" width=\"640\" height=\"480\" border=\"0\" data-original-height=\"720\" data-original-width=\"960\" \/><\/a><\/div>\n<p>&nbsp;<\/p>\n<div class=\"separator\" style=\"clear: both; text-align: center;\"><a style=\"margin-left: 1em; margin-right: 1em;\" href=\"https:\/\/2.bp.blogspot.com\/-LYy6ePU5H_E\/WluZO40_krI\/AAAAAAAADaY\/oycXmQjmBx075iRg7lWvyhCWPJK85_oxACLcBGAs\/s1600\/Diapositiva6.JPG\"><img loading=\"lazy\" decoding=\"async\" src=\"https:\/\/2.bp.blogspot.com\/-LYy6ePU5H_E\/WluZO40_krI\/AAAAAAAADaY\/oycXmQjmBx075iRg7lWvyhCWPJK85_oxACLcBGAs\/s640\/Diapositiva6.JPG\" width=\"640\" height=\"480\" border=\"0\" data-original-height=\"720\" data-original-width=\"960\" \/><\/a><\/div>\n<p>&nbsp;<\/p>\n<div class=\"separator\" style=\"clear: both; text-align: center;\"><a style=\"margin-left: 1em; margin-right: 1em;\" href=\"https:\/\/1.bp.blogspot.com\/-8KRrlc7VJTI\/WluZPAH0hdI\/AAAAAAAADac\/Qqn0aSpJJe06s-ymgRWYuGkfEVODTFeTwCLcBGAs\/s1600\/Diapositiva7.JPG\"><img loading=\"lazy\" decoding=\"async\" src=\"https:\/\/1.bp.blogspot.com\/-8KRrlc7VJTI\/WluZPAH0hdI\/AAAAAAAADac\/Qqn0aSpJJe06s-ymgRWYuGkfEVODTFeTwCLcBGAs\/s640\/Diapositiva7.JPG\" width=\"640\" height=\"480\" border=\"0\" data-original-height=\"720\" data-original-width=\"960\" \/><\/a><\/div>\n<p>&nbsp;<\/p>\n<div class=\"separator\" style=\"clear: both; text-align: center;\"><a style=\"margin-left: 1em; margin-right: 1em;\" href=\"https:\/\/4.bp.blogspot.com\/-AsVxVR0rJxA\/WluZPU-jofI\/AAAAAAAADag\/oNWerVh0D9EbARp-vMWEKlGksx-e1Ja1QCLcBGAs\/s1600\/Diapositiva8.JPG\"><img loading=\"lazy\" decoding=\"async\" src=\"https:\/\/4.bp.blogspot.com\/-AsVxVR0rJxA\/WluZPU-jofI\/AAAAAAAADag\/oNWerVh0D9EbARp-vMWEKlGksx-e1Ja1QCLcBGAs\/s640\/Diapositiva8.JPG\" width=\"640\" height=\"480\" border=\"0\" data-original-height=\"720\" data-original-width=\"960\" \/><\/a><\/div>\n<p>&nbsp;<\/p>\n<div class=\"separator\" style=\"clear: both; text-align: center;\"><a style=\"margin-left: 1em; margin-right: 1em;\" href=\"https:\/\/1.bp.blogspot.com\/-HuhP6hiH0wE\/WluZPlC_qbI\/AAAAAAAADak\/tsMhNAXdYlM906JIP3dlyf0daM-koQFMQCLcBGAs\/s1600\/Diapositiva9.JPG\"><img loading=\"lazy\" decoding=\"async\" src=\"https:\/\/1.bp.blogspot.com\/-HuhP6hiH0wE\/WluZPlC_qbI\/AAAAAAAADak\/tsMhNAXdYlM906JIP3dlyf0daM-koQFMQCLcBGAs\/s640\/Diapositiva9.JPG\" width=\"640\" height=\"480\" border=\"0\" data-original-height=\"720\" data-original-width=\"960\" \/><\/a><\/div>\n<p>&nbsp;<\/p>\n<div class=\"separator\" style=\"clear: both; text-align: center;\"><a style=\"margin-left: 1em; margin-right: 1em;\" href=\"https:\/\/1.bp.blogspot.com\/-9o4RnBT7aLI\/WluZUn9tVHI\/AAAAAAAADao\/sF6LtaJRrhMmWbLMDb7_j7e3oEAkDhFeQCLcBGAs\/s1600\/Diapositiva10.JPG\"><img loading=\"lazy\" decoding=\"async\" src=\"https:\/\/1.bp.blogspot.com\/-9o4RnBT7aLI\/WluZUn9tVHI\/AAAAAAAADao\/sF6LtaJRrhMmWbLMDb7_j7e3oEAkDhFeQCLcBGAs\/s640\/Diapositiva10.JPG\" width=\"640\" height=\"480\" border=\"0\" data-original-height=\"720\" data-original-width=\"960\" \/><\/a><\/div>\n<p>&nbsp;<\/p>\n<div class=\"separator\" style=\"clear: both; text-align: center;\"><a style=\"margin-left: 1em; margin-right: 1em;\" href=\"https:\/\/1.bp.blogspot.com\/-KqMzjLwy1A0\/WluZNdpvlsI\/AAAAAAAADaE\/kKM9AB5e7wUeDmgfZgeFhp9ts-b0AmsIgCLcBGAs\/s1600\/Diapositiva11.JPG\"><img loading=\"lazy\" decoding=\"async\" src=\"https:\/\/1.bp.blogspot.com\/-KqMzjLwy1A0\/WluZNdpvlsI\/AAAAAAAADaE\/kKM9AB5e7wUeDmgfZgeFhp9ts-b0AmsIgCLcBGAs\/s640\/Diapositiva11.JPG\" width=\"640\" height=\"480\" border=\"0\" data-original-height=\"720\" data-original-width=\"960\" \/><\/a><\/div>\n<div><\/div>\n<div class=\"separator\" style=\"clear: both; text-align: center;\"><a style=\"margin-left: 1em; margin-right: 1em;\" href=\"https:\/\/3.bp.blogspot.com\/-x4VoSYh65hk\/WmS1oIUG56I\/AAAAAAAADbI\/ZNjS1pJRE14Kkec_bUSv7_gYoiIoqiReACLcBGAs\/s1600\/Diapositiva1.JPG\"><img loading=\"lazy\" decoding=\"async\" src=\"https:\/\/3.bp.blogspot.com\/-x4VoSYh65hk\/WmS1oIUG56I\/AAAAAAAADbI\/ZNjS1pJRE14Kkec_bUSv7_gYoiIoqiReACLcBGAs\/s640\/Diapositiva1.JPG\" width=\"640\" height=\"360\" border=\"0\" data-original-height=\"720\" data-original-width=\"1280\" \/><\/a><\/div>\n<div class=\"separator\" style=\"clear: both; text-align: center;\"><a style=\"margin-left: 1em; margin-right: 1em;\" href=\"https:\/\/1.bp.blogspot.com\/-BNkP8bjUONs\/WmS15X2ZyHI\/AAAAAAAADbU\/rs-1072n7CI2T_osM6fWOIGn9zGZzH9wgCLcBGAs\/s1600\/Diapositiva2.JPG\"><img loading=\"lazy\" decoding=\"async\" src=\"https:\/\/1.bp.blogspot.com\/-BNkP8bjUONs\/WmS15X2ZyHI\/AAAAAAAADbU\/rs-1072n7CI2T_osM6fWOIGn9zGZzH9wgCLcBGAs\/s640\/Diapositiva2.JPG\" width=\"640\" height=\"360\" border=\"0\" data-original-height=\"720\" data-original-width=\"1280\" \/><\/a><\/div>\n<div class=\"separator\" style=\"clear: both; text-align: center;\"><a style=\"margin-left: 1em; margin-right: 1em;\" href=\"https:\/\/2.bp.blogspot.com\/-wWFg_1oniZg\/WmS14_Y8dfI\/AAAAAAAADbM\/1yV1JnwuvLQqZEImYo8DNt33RcmmD4B2wCLcBGAs\/s1600\/Diapositiva3.JPG\"><img loading=\"lazy\" decoding=\"async\" src=\"https:\/\/2.bp.blogspot.com\/-wWFg_1oniZg\/WmS14_Y8dfI\/AAAAAAAADbM\/1yV1JnwuvLQqZEImYo8DNt33RcmmD4B2wCLcBGAs\/s640\/Diapositiva3.JPG\" width=\"640\" height=\"360\" border=\"0\" data-original-height=\"720\" data-original-width=\"1280\" \/><\/a><\/div>\n<div class=\"separator\" style=\"clear: both; text-align: center;\"><a style=\"margin-left: 1em; margin-right: 1em;\" href=\"https:\/\/2.bp.blogspot.com\/-nHVpLA786Mg\/WmS15ZAR-uI\/AAAAAAAADbQ\/Nisx1w5KsAsRkqqEeWTGBMNsRL0TmOwwgCLcBGAs\/s1600\/Diapositiva4.JPG\"><img loading=\"lazy\" decoding=\"async\" src=\"https:\/\/2.bp.blogspot.com\/-nHVpLA786Mg\/WmS15ZAR-uI\/AAAAAAAADbQ\/Nisx1w5KsAsRkqqEeWTGBMNsRL0TmOwwgCLcBGAs\/s640\/Diapositiva4.JPG\" width=\"640\" height=\"360\" border=\"0\" data-original-height=\"720\" data-original-width=\"1280\" \/><\/a><\/div>\n<div class=\"separator\" style=\"clear: both; text-align: center;\"><a style=\"margin-left: 1em; margin-right: 1em;\" href=\"https:\/\/1.bp.blogspot.com\/-ECpPNDL4vac\/WmS16EVEmSI\/AAAAAAAADbY\/FiCntjFWuOYSbk3biQFTOOGKEXggqupvQCLcBGAs\/s1600\/Diapositiva5.JPG\"><img loading=\"lazy\" decoding=\"async\" src=\"https:\/\/1.bp.blogspot.com\/-ECpPNDL4vac\/WmS16EVEmSI\/AAAAAAAADbY\/FiCntjFWuOYSbk3biQFTOOGKEXggqupvQCLcBGAs\/s640\/Diapositiva5.JPG\" width=\"640\" height=\"360\" border=\"0\" data-original-height=\"720\" data-original-width=\"1280\" \/><\/a><\/div>\n<div class=\"separator\" style=\"clear: both; text-align: center;\"><a style=\"margin-left: 1em; margin-right: 1em;\" href=\"https:\/\/3.bp.blogspot.com\/-sMRB7YRn9rM\/WmS162bh5zI\/AAAAAAAADbc\/mVcwQFjryqUWj8Ez7BTgtOuvx3BgwoVagCLcBGAs\/s1600\/Diapositiva6.JPG\"><img loading=\"lazy\" decoding=\"async\" src=\"https:\/\/3.bp.blogspot.com\/-sMRB7YRn9rM\/WmS162bh5zI\/AAAAAAAADbc\/mVcwQFjryqUWj8Ez7BTgtOuvx3BgwoVagCLcBGAs\/s640\/Diapositiva6.JPG\" width=\"640\" height=\"360\" border=\"0\" data-original-height=\"720\" data-original-width=\"1280\" \/><\/a><\/div>\n<p>&nbsp;<\/p>\n","protected":false},"excerpt":{"rendered":"<p>PROJECTE MANS A L\u2019HORT Aquest projecte t\u00e9 com a objectiu principal aproximar\u00a0 els\u00a0 alumnes\u00a0 al\u00a0 coneixement\u00a0 de\u00a0 treballs\u00a0 i\u00a0 t\u00e8cniques\u00a0 que\u00a0 requereix\u00a0 un\u00a0 hort\u00a0 establint un contacte directe i manipulatiu amb elements com la terra, les llavors, l\u2019aigua, els adobs&#8230; P5 i Cicle Inicial, al primer trimestre, i Cicle Mitj\u00e0, al segon, es fan c\u00e0rrec [&hellip;]<\/p>\n","protected":false},"author":1,"featured_media":0,"parent":0,"menu_order":0,"comment_status":"closed","ping_status":"closed","template":"","meta":{"_bbp_topic_count":0,"_bbp_reply_count":0,"_bbp_total_topic_count":0,"_bbp_total_reply_count":0,"_bbp_voice_count":0,"_bbp_anonymous_reply_count":0,"_bbp_topic_count_hidden":0,"_bbp_reply_count_hidden":0,"_bbp_forum_subforum_count":0,"site-sidebar-layout":"default","site-content-layout":"","ast-site-content-layout":"","site-content-style":"default","site-sidebar-style":"default","ast-global-header-display":"","ast-banner-title-visibility":"","ast-main-header-display":"","ast-hfb-above-header-display":"","ast-hfb-below-header-display":"","ast-hfb-mobile-header-display":"","site-post-title":"","ast-breadcrumbs-content":"","ast-featured-img":"","footer-sml-layout":"","theme-transparent-header-meta":"","adv-header-id-meta":"","stick-header-meta":"","header-above-stick-meta":"","header-main-stick-meta":"","header-below-stick-meta":"","astra-migrate-meta-layouts":"default","ast-page-background-enabled":"default","ast-page-background-meta":{"desktop":{"background-color":"var(--ast-global-color-4)","background-image":"","background-repeat":"repeat","background-position":"center center","background-size":"auto","background-attachment":"scroll","background-type":"","background-media":"","overlay-type":"","overlay-color":"","overlay-opacity":"","overlay-gradient":""},"tablet":{"background-color":"","background-image":"","background-repeat":"repeat","background-position":"center center","background-size":"auto","background-attachment":"scroll","background-type":"","background-media":"","overlay-type":"","overlay-color":"","overlay-opacity":"","overlay-gradient":""},"mobile":{"background-color":"","background-image":"","background-repeat":"repeat","background-position":"center center","background-size":"auto","background-attachment":"scroll","background-type":"","background-media":"","overlay-type":"","overlay-color":"","overlay-opacity":"","overlay-gradient":""}},"ast-content-background-meta":{"desktop":{"background-color":"var(--ast-global-color-5)","background-image":"","background-repeat":"repeat","background-position":"center center","background-size":"auto","background-attachment":"scroll","background-type":"","background-media":"","overlay-type":"","overlay-color":"","overlay-opacity":"","overlay-gradient":""},"tablet":{"background-color":"var(--ast-global-color-5)","background-image":"","background-repeat":"repeat","background-position":"center center","background-size":"auto","background-attachment":"scroll","background-type":"","background-media":"","overlay-type":"","overlay-color":"","overlay-opacity":"","overlay-gradient":""},"mobile":{"background-color":"var(--ast-global-color-5)","background-image":"","background-repeat":"repeat","background-position":"center center","background-size":"auto","background-attachment":"scroll","background-type":"","background-media":"","overlay-type":"","overlay-color":"","overlay-opacity":"","overlay-gradient":""}},"footnotes":""},"class_list":["post-1733","page","type-page","status-publish","hentry"],"post_mailing_queue_ids":[],"_links":{"self":[{"href":"https:\/\/agora.xtec.cat\/ceip-mariustorres\/wp-json\/wp\/v2\/pages\/1733","targetHints":{"allow":["GET"]}}],"collection":[{"href":"https:\/\/agora.xtec.cat\/ceip-mariustorres\/wp-json\/wp\/v2\/pages"}],"about":[{"href":"https:\/\/agora.xtec.cat\/ceip-mariustorres\/wp-json\/wp\/v2\/types\/page"}],"author":[{"embeddable":true,"href":"https:\/\/agora.xtec.cat\/ceip-mariustorres\/wp-json\/wp\/v2\/users\/1"}],"replies":[{"embeddable":true,"href":"https:\/\/agora.xtec.cat\/ceip-mariustorres\/wp-json\/wp\/v2\/comments?post=1733"}],"version-history":[{"count":3,"href":"https:\/\/agora.xtec.cat\/ceip-mariustorres\/wp-json\/wp\/v2\/pages\/1733\/revisions"}],"predecessor-version":[{"id":2228,"href":"https:\/\/agora.xtec.cat\/ceip-mariustorres\/wp-json\/wp\/v2\/pages\/1733\/revisions\/2228"}],"wp:attachment":[{"href":"https:\/\/agora.xtec.cat\/ceip-mariustorres\/wp-json\/wp\/v2\/media?parent=1733"}],"curies":[{"name":"wp","href":"https:\/\/api.w.org\/{rel}","templated":true}]}}