{"id":4246,"date":"2025-03-05T15:54:09","date_gmt":"2025-03-05T14:54:09","guid":{"rendered":"https:\/\/agora.xtec.cat\/ceip-marinada\/?page_id=4246"},"modified":"2025-10-16T16:08:46","modified_gmt":"2025-10-16T14:08:46","slug":"documents-families","status":"publish","type":"page","link":"https:\/\/agora.xtec.cat\/ceip-marinada\/documents-families\/","title":{"rendered":"Documents fam\u00edlies"},"content":{"rendered":"<h4><span style=\"font-size: 20.8px; color: #0090d6;\">Consulta l&#8217;IDALU<\/span><\/h4>\n<table style=\"border-collapse: collapse; width: 100%; height: 56px;\">\n<tbody>\n<tr style=\"height: 56px;\">\n<td style=\"width: 100%; height: 56px;\"><span style=\"font-size: 20.8px; color: #333399;\"><a style=\"color: #333399;\" href=\"https:\/\/accesvalidat.gestioeducativa.gencat.cat\/wayf\/wayf-IDP-IDP.html?entityID=https%3A%2F%2Faccesvalidat.gestioeducativa.gencat.cat%2Fords&amp;return=https%3A%2F%2Faccesvalidat.gestioeducativa.gencat.cat%2FShibboleth.sso%2FLogin%3FSAMLDS%3D1%26target%3Dss%253Amem%253A0d9df88550b84c594893f94e7002bb3fc896eef62bdabed3a9282941d250e6b3\">IDALU. Identificaci\u00f3 de l&#8217;alumnat<\/a><\/span><\/td>\n<\/tr>\n<\/tbody>\n<\/table>\n<h4><span style=\"font-size: 20.8px; color: #0090d6;\">Autoritzacions<\/span><\/h4>\n<table style=\"width: 100%;\">\n<tbody>\n<tr>\n<td style=\"width: 33.7032%;\"><span style=\"color: #333399;\"><a style=\"color: #333399;\" href=\"https:\/\/drive.google.com\/file\/d\/1MYWWQXoSQoAehpkwsQbR02uMLl-X98zj\/view?usp=drive_link\">Fitxa de salut\u00a0 \u00a0<\/a><\/span><\/td>\n<td style=\"width: 37.3094%;\"><span style=\"color: #333399;\"><a href=\"https:\/\/drive.google.com\/file\/d\/1lgYHgfAiLp50UE2Y-cuDNnen-eE3VtA-\/view?usp=sharing\">Dades B\u00e0siques<\/a>\u00a0 \u00a0 \u00a0 \u00a0 \u00a0 \u00a0\u00a0<\/span><\/td>\n<td style=\"width: 28.8487%;\"><a href=\"https:\/\/drive.google.com\/file\/d\/1J1fPl11w64LyU-T0udvVyXFYnG4TDKe2\/view?usp=sharing\"><span style=\"color: #333399;\">Autoritzaci\u00f3 sortides i activitats curs 2025-26<\/span><\/a><\/td>\n<\/tr>\n<tr>\n<td style=\"width: 33.7032%;\"><span style=\"color: #333399;\"><a style=\"color: #333399;\" href=\"https:\/\/drive.google.com\/file\/d\/1W8e1TtpvT-cSgCRi9raisX7kJ6lnRDYv\/view?usp=sharing\">Autoritzaci\u00f3 relativa a l\u2019\u00fas de serveis i recursos digitals a Internet per treballar a l\u2019aula<\/a><\/span><\/td>\n<td style=\"width: 37.3094%;\"><span style=\"color: #333399;\"><a style=\"color: #333399;\" href=\"https:\/\/drive.google.com\/file\/d\/1Bmausqx8c0c-pptcgyvldue9yoVMRsUS\/view?usp=sharing\">Autoritzaci\u00f3 relativa a l\u2019\u00fas d\u2019imatges, publicaci\u00f3 de dades de car\u00e0cter personal i de material que elaboren<\/a><\/span><\/td>\n<td style=\"width: 28.8487%;\"><a href=\"https:\/\/drive.google.com\/file\/d\/1HZitUqE3nhTNMJYDir2QUgnfrd9fUHGV\/view?usp=sharing\"><span style=\"color: #333399;\">Autoritzaci\u00f3 d\u2019administraci\u00f3 de medicaments<\/span><\/a><\/p>\n<p><span style=\"color: #333399;\"><a style=\"color: #333399;\" href=\"https:\/\/drive.google.com\/file\/d\/145ohZhWnwxvqm6j9T0h3ZkmhP4Ke9MJo\/view?usp=sharing\">Autoritzaci\u00f3 d\u2019administraci\u00f3 de paracetamol<\/a><\/span><\/td>\n<\/tr>\n<tr>\n<td style=\"width: 33.7032%;\"><a href=\"https:\/\/drive.google.com\/file\/d\/16urk3wG76X2uTNCm3AxQKPpisUKtsn4-\/view?usp=sharing\"><span style=\"color: #333399;\">Autoritzaci\u00f3 recollida alumnat de mitj\u00e0 (4t) i superior (5\u00e8 i 6\u00e8) i sortida sense acompanyants\u00a0<\/span><\/a><\/td>\n<td style=\"width: 37.3094%;\"><a href=\"https:\/\/drive.google.com\/file\/d\/1Jbec_IGsNnPNuov-_NDtYD0Yc6GnSxg-\/view?usp=sharing\"><span style=\"color: #333399;\">Autoritzaci\u00f3 recollida alumnat d\u2019Infantil (I3, I4 i I5), Inicial (1r i 2n) i\u00a0 Mitj\u00e0 (3r)<\/span><\/a><\/td>\n<td style=\"width: 28.8487%;\"><span style=\"color: #333399;\"><a style=\"color: #333399;\" href=\"https:\/\/drive.google.com\/file\/d\/1iCOo5NNzvjk6KZ0Nvkpcd7VP5sLWPDuM\/view?usp=sharing\">Carta d\u2019autoritzaci\u00f3 per a les fam\u00edlies TEA<\/a><\/span><\/td>\n<\/tr>\n<\/tbody>\n<\/table>\n<h4><\/h4>\n<h4><span style=\"font-size: 20.8px; color: #0090d6;\">Dossiers reunions d&#8217;aula<\/span><\/h4>\n<table style=\"border-collapse: collapse; width: 100.416%; height: 115px;\">\n<tbody>\n<tr>\n<td style=\"width: 33.3333%; text-align: center;\"><a href=\"https:\/\/drive.google.com\/file\/d\/1EL6f3TiashRhTVy6CDf4KZcYpSit5JuA\/view?usp=sharing\"><span style=\"color: #000080;\">Cicle Educaci\u00f3 <span style=\"color: #000080;\">Infantil<\/span><\/span><\/a><\/td>\n<td style=\"width: 33.3333%; text-align: center;\"><a href=\"https:\/\/drive.google.com\/file\/d\/10A5P0M3zw09ye6UoqZJjmP41nR5gPCpM\/view?usp=sharing\"><span style=\"color: #000080;\">Cicle Inicial<\/span><\/a><\/td>\n<\/tr>\n<tr>\n<td style=\"width: 33.3333%; text-align: center;\"><a href=\"https:\/\/drive.google.com\/file\/d\/1WWMRLtYJABS2OjRt_gyYpiQg8em38H7I\/view?usp=sharing\"><span style=\"color: #000080;\">Cicle Mitj\u00e0<\/span><\/a><\/td>\n<td style=\"width: 33.3333%; text-align: center;\"><a href=\"https:\/\/drive.google.com\/file\/d\/1VsADhoCSDRgPMsUPiKocaDK3M3w4Vza1\/view?usp=sharing\"><span style=\"color: #000080;\">Cicle Superior<\/span><\/a><\/td>\n<\/tr>\n<\/tbody>\n<\/table>\n<h4><span style=\"color: #0090d6;\">Material<\/span><\/h4>\n<table style=\"border-collapse: collapse; width: 100%;\">\n<tbody>\n<tr>\n<td style=\"width: 33.3333%; text-align: center;\"><a href=\"https:\/\/drive.google.com\/file\/d\/1xWtVlQoY8z9wEInvdXiE_tLxzPvYHm9x\/view?usp=drive_link\"><span style=\"color: #000080;\">Material d&#8217;Infantil 3<\/span><\/a><\/td>\n<td style=\"width: 446.656px; text-align: center;\"><a href=\"https:\/\/drive.google.com\/file\/d\/1BCIbrNgLbpaWGUUyTUX00BvziwSkuhGX\/view?usp=drive_link\"><span style=\"color: #000080;\">Material d&#8217;Infantil 4<\/span><\/a><\/td>\n<td style=\"width: 446.688px; text-align: center;\"><a href=\"https:\/\/drive.google.com\/file\/d\/1zaBG0G2IGZ19sEGdj5s7GO9n1ip-KIRK\/view?usp=drive_link\"><span style=\"color: #000080;\">Material d&#8217;infantil 5<\/span><\/a><\/td>\n<\/tr>\n<tr>\n<td style=\"width: 446.656px; text-align: center;\"><a href=\"https:\/\/drive.google.com\/file\/d\/1eAtgcGQxmO0SZ3zVeZFUHkthIR5LyxkR\/view?usp=drive_link\"><span style=\"color: #000080;\">Material 1r Prim\u00e0ria<\/span><\/a><\/td>\n<td style=\"width: 446.656px; text-align: center;\"><a href=\"https:\/\/drive.google.com\/file\/d\/17LgecWkhwQnza7PH8yxoMLwNjjv8DKbS\/view?usp=drive_link\"><span style=\"color: #000080;\">Material 2n Prim\u00e0ria<\/span><\/a><\/td>\n<td style=\"width: 446.688px; text-align: center;\"><a href=\"https:\/\/drive.google.com\/file\/d\/1XshzG9BMcA4mFVyHRhDtafKqKnvnF4Re\/view?usp=drive_link\"><span style=\"color: #000080;\">Material 3r Prim\u00e0ria<\/span><\/a><\/td>\n<\/tr>\n<tr>\n<td style=\"width: 446.656px; text-align: center;\"><a href=\"https:\/\/drive.google.com\/file\/d\/1fn97PKThcyLae_tcUoHL0cZ31LPQ-Fxq\/view?usp=sharing\"><span style=\"color: #000080;\">Material 4t Prim\u00e0ria<\/span><\/a><\/td>\n<td style=\"width: 446.656px; text-align: center;\"><a href=\"https:\/\/drive.google.com\/file\/d\/1Ecfy4i7sGPfADDT9rdQjpCM4nEkhq0vd\/view?usp=drive_link\"><span style=\"color: #000080;\">Material 5\u00e8 Prim\u00e0ria<\/span><\/a><\/td>\n<td style=\"width: 446.688px; text-align: center;\"><a href=\"https:\/\/drive.google.com\/file\/d\/1d8XSUgQyyMeAhI8PgMjtqBWG85wJZTGr\/view?usp=drive_link\"><span style=\"color: #000080;\">Material 6\u00e8 Prim\u00e0ria<\/span><\/a><\/td>\n<\/tr>\n<\/tbody>\n<\/table>\n<h4><span style=\"color: #0090d6;\">Feina d&#8217;estiu<\/span><\/h4>\n<table style=\"border-collapse: collapse; width: 100%; height: 96px;\">\n<tbody>\n<tr style=\"height: 32px;\">\n<td style=\"width: 33.3333%; text-align: center; height: 32px;\"><span style=\"color: #000080;\">Infantil\u00a0 3 (Passen a I4)<\/span><\/td>\n<td style=\"width: 446.656px; text-align: center; height: 32px;\"><span style=\"color: #000080;\">Infantil\u00a0 4 (Passen a I5)<\/span><\/td>\n<td style=\"width: 446.688px; text-align: center; height: 32px;\"><span style=\"color: #000080;\">Infantil\u00a0 5 (Passen a 1r)<\/span><\/td>\n<\/tr>\n<tr style=\"height: 32px;\">\n<td style=\"width: 446.656px; text-align: center; height: 32px;\"><span style=\"color: #000080;\">1r\u00a0 Prim\u00e0ria (Passen a 2n)<\/span><\/td>\n<td style=\"width: 446.656px; text-align: center; height: 32px;\"><span style=\"color: #000080;\">2n\u00a0 Prim\u00e0ria (Passen a 3r)<\/span><\/td>\n<td style=\"width: 446.688px; text-align: center; height: 32px;\"><span style=\"color: #000080;\">3r\u00a0 Prim\u00e0ria (Passen a 4t)<\/span><\/td>\n<\/tr>\n<tr style=\"height: 32px;\">\n<td style=\"width: 446.656px; text-align: center; height: 32px;\"><span style=\"color: #000080;\">4t\u00a0 Prim\u00e0ria (Passen a 5\u00e8)<\/span><\/td>\n<td style=\"width: 446.656px; text-align: center; height: 32px;\"><span style=\"color: #000080;\">5\u00e8\u00a0 Prim\u00e0ria (Passen a 6\u00e8)<\/span><\/td>\n<td style=\"width: 446.688px; text-align: center; height: 32px;\"><span style=\"color: #000080;\">6\u00e8\u00a0 Prim\u00e0ria (Passen a 1r ESO)<\/span><\/td>\n<\/tr>\n<\/tbody>\n<\/table>\n","protected":false},"excerpt":{"rendered":"<p>Consulta l&#8217;IDALU IDALU. Identificaci\u00f3 de l&#8217;alumnat Autoritzacions Fitxa de salut\u00a0 \u00a0 Dades B\u00e0siques\u00a0 \u00a0 \u00a0 \u00a0 \u00a0 \u00a0\u00a0 Autoritzaci\u00f3 sortides [&hellip;]<\/p>\n","protected":false},"author":40,"featured_media":0,"parent":0,"menu_order":0,"comment_status":"closed","ping_status":"closed","template":"","meta":{"_bbp_topic_count":0,"_bbp_reply_count":0,"_bbp_total_topic_count":0,"_bbp_total_reply_count":0,"_bbp_voice_count":0,"_bbp_anonymous_reply_count":0,"_bbp_topic_count_hidden":0,"_bbp_reply_count_hidden":0,"_bbp_forum_subforum_count":0,"site-sidebar-layout":"default","site-content-layout":"","ast-site-content-layout":"default","site-content-style":"default","site-sidebar-style":"default","ast-global-header-display":"","ast-banner-title-visibility":"","ast-main-header-display":"","ast-hfb-above-header-display":"","ast-hfb-below-header-display":"","ast-hfb-mobile-header-display":"","site-post-title":"","ast-breadcrumbs-content":"","ast-featured-img":"","footer-sml-layout":"","theme-transparent-header-meta":"default","adv-header-id-meta":"","stick-header-meta":"","header-above-stick-meta":"","header-main-stick-meta":"","header-below-stick-meta":"","astra-migrate-meta-layouts":"set","ast-page-background-enabled":"default","ast-page-background-meta":{"desktop":{"background-color":"var(--ast-global-color-4)","background-image":"","background-repeat":"repeat","background-position":"center center","background-size":"auto","background-attachment":"scroll","background-type":"","background-media":"","overlay-type":"","overlay-color":"","overlay-opacity":"","overlay-gradient":""},"tablet":{"background-color":"","background-image":"","background-repeat":"repeat","background-position":"center center","background-size":"auto","background-attachment":"scroll","background-type":"","background-media":"","overlay-type":"","overlay-color":"","overlay-opacity":"","overlay-gradient":""},"mobile":{"background-color":"","background-image":"","background-repeat":"repeat","background-position":"center center","background-size":"auto","background-attachment":"scroll","background-type":"","background-media":"","overlay-type":"","overlay-color":"","overlay-opacity":"","overlay-gradient":""}},"ast-content-background-meta":{"desktop":{"background-color":"var(--ast-global-color-5)","background-image":"","background-repeat":"repeat","background-position":"center center","background-size":"auto","background-attachment":"scroll","background-type":"","background-media":"","overlay-type":"","overlay-color":"","overlay-opacity":"","overlay-gradient":""},"tablet":{"background-color":"var(--ast-global-color-5)","background-image":"","background-repeat":"repeat","background-position":"center center","background-size":"auto","background-attachment":"scroll","background-type":"","background-media":"","overlay-type":"","overlay-color":"","overlay-opacity":"","overlay-gradient":""},"mobile":{"background-color":"var(--ast-global-color-5)","background-image":"","background-repeat":"repeat","background-position":"center center","background-size":"auto","background-attachment":"scroll","background-type":"","background-media":"","overlay-type":"","overlay-color":"","overlay-opacity":"","overlay-gradient":""}},"footnotes":""},"class_list":["post-4246","page","type-page","status-publish","hentry"],"post_mailing_queue_ids":[],"_links":{"self":[{"href":"https:\/\/agora.xtec.cat\/ceip-marinada\/wp-json\/wp\/v2\/pages\/4246","targetHints":{"allow":["GET"]}}],"collection":[{"href":"https:\/\/agora.xtec.cat\/ceip-marinada\/wp-json\/wp\/v2\/pages"}],"about":[{"href":"https:\/\/agora.xtec.cat\/ceip-marinada\/wp-json\/wp\/v2\/types\/page"}],"author":[{"embeddable":true,"href":"https:\/\/agora.xtec.cat\/ceip-marinada\/wp-json\/wp\/v2\/users\/40"}],"replies":[{"embeddable":true,"href":"https:\/\/agora.xtec.cat\/ceip-marinada\/wp-json\/wp\/v2\/comments?post=4246"}],"version-history":[{"count":6,"href":"https:\/\/agora.xtec.cat\/ceip-marinada\/wp-json\/wp\/v2\/pages\/4246\/revisions"}],"predecessor-version":[{"id":4896,"href":"https:\/\/agora.xtec.cat\/ceip-marinada\/wp-json\/wp\/v2\/pages\/4246\/revisions\/4896"}],"wp:attachment":[{"href":"https:\/\/agora.xtec.cat\/ceip-marinada\/wp-json\/wp\/v2\/media?parent=4246"}],"curies":[{"name":"wp","href":"https:\/\/api.w.org\/{rel}","templated":true}]}}