{"id":22,"date":"2014-09-18T12:19:57","date_gmt":"2014-09-18T11:19:57","guid":{"rendered":"http:\/\/agora.xtec.cat\/ceip-marinada\/?page_id=22"},"modified":"2025-03-19T15:40:07","modified_gmt":"2025-03-19T14:40:07","slug":"dadesgenerals","status":"publish","type":"page","link":"https:\/\/agora.xtec.cat\/ceip-marinada\/lescola\/dadesgenerals\/","title":{"rendered":"Dades Generals"},"content":{"rendered":"<h3><\/h3>\n<table style=\"border-collapse: collapse; width: 100%; height: 879px;\">\n<tbody>\n<tr style=\"height: 84px;\">\n<td style=\"width: 28.7795%; height: 84px;\"><span style=\"font-size: 17.6px; font-weight: 400; text-align: -webkit-right; font-family: georgia, palatino, serif;\">Any inici<\/span><\/td>\n<td style=\"width: 71.2205%; height: 84px;\"><span style=\"font-family: georgia, palatino, serif;\">\u00a01968 Com a escola del CEPEPC, i 1988 com a p\u00fablica.<\/span><\/td>\n<\/tr>\n<tr style=\"height: 52px;\">\n<td style=\"width: 28.7795%; height: 52px;\"><span style=\"font-family: georgia, palatino, serif;\">Horari escolar<\/span><\/td>\n<td style=\"width: 71.2205%; height: 52px;\"><span style=\"font-family: georgia, palatino, serif;\">De 9 a 12:30 i de 15 a 16:30h.<\/span><\/td>\n<\/tr>\n<tr style=\"height: 52px;\">\n<td style=\"width: 28.7795%; height: 52px;\"><span style=\"font-family: georgia, palatino, serif;\">Servei d&#8217;acollida<\/span><\/td>\n<td style=\"width: 71.2205%; height: 52px;\"><span style=\"font-family: georgia, palatino, serif;\">De 8 a 9 h. i de 16:30 a 18 h.<\/span><\/td>\n<\/tr>\n<tr style=\"height: 114px;\">\n<td style=\"width: 28.7795%; height: 114px;\"><span style=\"font-family: georgia, palatino, serif;\">Horari d&#8217;administraci\u00f3<\/span><\/td>\n<td style=\"width: 71.2205%; height: 114px;\"><span style=\"font-family: georgia, palatino, serif;\">De dilluns a divendres de 9:00 a 13:00h<\/span><\/p>\n<p><span style=\"font-family: georgia, palatino, serif;\">Dimecres i dijous de 15:00 a 16:30h<\/span><\/td>\n<\/tr>\n<tr style=\"height: 52px;\">\n<td style=\"width: 28.7795%; height: 52px;\"><span style=\"font-family: georgia, palatino, serif;\">Directora<\/span><\/td>\n<td style=\"width: 71.2205%; height: 52px;\"><span style=\"font-family: georgia, palatino, serif;\">Maria Matas<\/span><\/td>\n<\/tr>\n<tr style=\"height: 52px;\">\n<td style=\"width: 28.7795%; height: 52px;\"><span style=\"font-family: georgia, palatino, serif;\">President de l&#8217;AFA<\/span><\/td>\n<td style=\"width: 71.2205%; height: 52px;\"><span style=\"font-family: georgia, palatino, serif;\">Pol Guardis<\/span><\/td>\n<\/tr>\n<tr style=\"height: 52px;\">\n<td style=\"width: 28.7795%; height: 52px;\"><span style=\"font-family: georgia, palatino, serif;\">Nombre de mestres<\/span><\/td>\n<td style=\"width: 71.2205%; height: 52px;\"><span style=\"font-family: georgia, palatino, serif;\">16<\/span><\/td>\n<\/tr>\n<tr style=\"height: 317px;\">\n<td style=\"width: 28.7795%; height: 317px;\"><span style=\"font-family: georgia, palatino, serif;\">Equipaments o serveis<\/span><\/td>\n<td style=\"width: 71.2205%; height: 317px;\">\n<ul>\n<li><span style=\"font-family: georgia, palatino, serif;\">Menjador.<\/span><\/li>\n<li><span style=\"font-family: georgia, palatino, serif;\">Biblioteca<\/span><\/li>\n<li><span style=\"font-family: georgia, palatino, serif;\">Pista esportiva.<\/span><\/li>\n<li><span style=\"font-family: georgia, palatino, serif;\">Pati (2).<\/span><\/li>\n<li><span style=\"font-family: georgia, palatino, serif;\">Aula polivalent.<\/span><\/li>\n<li><span style=\"font-family: georgia, palatino, serif;\">Aula de m\u00fasica.<\/span><\/li>\n<li><span style=\"font-family: georgia, palatino, serif;\">Aula inform\u00e0tica.<\/span><\/li>\n<li><span style=\"font-family: georgia, palatino, serif;\">Aula de pl\u00e0stica.<\/span><\/li>\n<li><span style=\"font-family: georgia, palatino, serif;\">Aula de psicomotricitat.<\/span><\/li>\n<li><span style=\"font-family: georgia, palatino, serif;\">Zona d&#8217;esbarjo.(2)<\/span><\/li>\n<\/ul>\n<\/td>\n<\/tr>\n<tr style=\"height: 52px;\">\n<td style=\"width: 28.7795%; height: 52px;\"><span style=\"font-family: georgia, palatino, serif;\">Activitats Escolars i Complement\u00e0ries<\/span><\/td>\n<td style=\"width: 71.2205%; height: 52px;\">\n<ul>\n<li><span style=\"font-family: georgia, palatino, serif;\">La castanyada<\/span><\/li>\n<li><span style=\"font-family: georgia, palatino, serif;\">Santa Cec\u00edlia<\/span><\/li>\n<li><span style=\"font-family: georgia, palatino, serif;\">Festa de Santa Ll\u00facia.<\/span><\/li>\n<li><span style=\"font-family: georgia, palatino, serif;\">DENIP<\/span><\/li>\n<li><span style=\"font-family: georgia, palatino, serif;\">Dia de la lectura en veu alta.<\/span><\/li>\n<li><span style=\"font-family: georgia, palatino, serif;\">Dia de la llengua materna.<\/span><\/li>\n<li><span style=\"font-family: georgia, palatino, serif;\">Carnestoltes.<\/span><\/li>\n<li><span style=\"font-family: georgia, palatino, serif;\">Dia de la dona treballadora.<\/span><\/li>\n<li><span style=\"font-family: georgia, palatino, serif;\">Sant Jordi: Jocs florals i representaci\u00f3 de la llegenda.<\/span><\/li>\n<li><span style=\"font-family: georgia, palatino, serif;\">Dia de la dansa.<\/span><\/li>\n<li><span style=\"font-family: georgia, palatino, serif;\">English day.<\/span><\/li>\n<li><span style=\"font-family: georgia, palatino, serif;\">Bicicletada.<\/span><\/li>\n<li><span style=\"font-family: georgia, palatino, serif;\">Festa de final de curs.<\/span><\/li>\n<li><span style=\"font-family: georgia, palatino, serif;\">Sortides a tots els cicles.<\/span><\/li>\n<li><span style=\"font-family: georgia, palatino, serif;\">Col\u00f2nies (des de I3).<\/span><\/li>\n<\/ul>\n<\/td>\n<\/tr>\n<tr style=\"height: 52px;\">\n<td style=\"width: 28.7795%; height: 52px;\"><span style=\"font-family: georgia, palatino, serif;\">Activitats AFA<\/span><\/td>\n<td style=\"width: 71.2205%; height: 52px;\">\n<ul>\n<li><span style=\"font-family: georgia, palatino, serif;\">Servei d&#8217;acollida (de 8 a 9 del mat\u00ed)<\/span><\/li>\n<li><span style=\"font-family: georgia, palatino, serif;\">Ludoteca (de 4:30 a 6 de la tarda).<\/span><\/li>\n<li><span style=\"font-family: georgia, palatino, serif;\">Activitats extraescolars.<\/span><\/li>\n<li><span style=\"font-family: georgia, palatino, serif;\">L&#8217;AFA organitza diferents activitats: cal\u00e7otada, arrossada, col\u00f2nies de fam\u00edlies, etc. Col\u00b7labora activament en la organitzaci\u00f3 i\/o participaci\u00f3 de festes i actes escolars. I a m\u00e9s, a trav\u00e9s de les diferents comissions promou activitats d&#8217;\u00e0mbit pedag\u00f2gic relacionades amb temes diversos.<\/span><\/li>\n<\/ul>\n<p><span style=\"font-family: georgia, palatino, serif;\"><a href=\"http:\/\/www.afamarinadamasnou.cat\/\">http:\/\/www.afamarinadamasnou.cat\/<\/a><\/span><\/td>\n<\/tr>\n<\/tbody>\n<\/table>\n<p>&nbsp;<\/p>\n","protected":false},"excerpt":{"rendered":"<p>Any inici \u00a01968 Com a escola del CEPEPC, i 1988 com a p\u00fablica. Horari escolar De 9 a 12:30 i [&hellip;]<\/p>\n","protected":false},"author":1,"featured_media":0,"parent":4440,"menu_order":1,"comment_status":"closed","ping_status":"closed","template":"","meta":{"_bbp_topic_count":0,"_bbp_reply_count":0,"_bbp_total_topic_count":0,"_bbp_total_reply_count":0,"_bbp_voice_count":0,"_bbp_anonymous_reply_count":0,"_bbp_topic_count_hidden":0,"_bbp_reply_count_hidden":0,"_bbp_forum_subforum_count":0,"site-sidebar-layout":"default","site-content-layout":"","ast-site-content-layout":"default","site-content-style":"default","site-sidebar-style":"default","ast-global-header-display":"","ast-banner-title-visibility":"","ast-main-header-display":"","ast-hfb-above-header-display":"","ast-hfb-below-header-display":"","ast-hfb-mobile-header-display":"","site-post-title":"","ast-breadcrumbs-content":"","ast-featured-img":"","footer-sml-layout":"","theme-transparent-header-meta":"default","adv-header-id-meta":"","stick-header-meta":"","header-above-stick-meta":"","header-main-stick-meta":"","header-below-stick-meta":"","astra-migrate-meta-layouts":"set","ast-page-background-enabled":"default","ast-page-background-meta":{"desktop":{"background-color":"var(--ast-global-color-4)","background-image":"","background-repeat":"repeat","background-position":"center center","background-size":"auto","background-attachment":"scroll","background-type":"","background-media":"","overlay-type":"","overlay-color":"","overlay-opacity":"","overlay-gradient":""},"tablet":{"background-color":"","background-image":"","background-repeat":"repeat","background-position":"center center","background-size":"auto","background-attachment":"scroll","background-type":"","background-media":"","overlay-type":"","overlay-color":"","overlay-opacity":"","overlay-gradient":""},"mobile":{"background-color":"","background-image":"","background-repeat":"repeat","background-position":"center center","background-size":"auto","background-attachment":"scroll","background-type":"","background-media":"","overlay-type":"","overlay-color":"","overlay-opacity":"","overlay-gradient":""}},"ast-content-background-meta":{"desktop":{"background-color":"var(--ast-global-color-5)","background-image":"","background-repeat":"repeat","background-position":"center center","background-size":"auto","background-attachment":"scroll","background-type":"","background-media":"","overlay-type":"","overlay-color":"","overlay-opacity":"","overlay-gradient":""},"tablet":{"background-color":"var(--ast-global-color-5)","background-image":"","background-repeat":"repeat","background-position":"center center","background-size":"auto","background-attachment":"scroll","background-type":"","background-media":"","overlay-type":"","overlay-color":"","overlay-opacity":"","overlay-gradient":""},"mobile":{"background-color":"var(--ast-global-color-5)","background-image":"","background-repeat":"repeat","background-position":"center center","background-size":"auto","background-attachment":"scroll","background-type":"","background-media":"","overlay-type":"","overlay-color":"","overlay-opacity":"","overlay-gradient":""}},"footnotes":""},"class_list":["post-22","page","type-page","status-publish","hentry"],"post_mailing_queue_ids":[],"_links":{"self":[{"href":"https:\/\/agora.xtec.cat\/ceip-marinada\/wp-json\/wp\/v2\/pages\/22","targetHints":{"allow":["GET"]}}],"collection":[{"href":"https:\/\/agora.xtec.cat\/ceip-marinada\/wp-json\/wp\/v2\/pages"}],"about":[{"href":"https:\/\/agora.xtec.cat\/ceip-marinada\/wp-json\/wp\/v2\/types\/page"}],"author":[{"embeddable":true,"href":"https:\/\/agora.xtec.cat\/ceip-marinada\/wp-json\/wp\/v2\/users\/1"}],"replies":[{"embeddable":true,"href":"https:\/\/agora.xtec.cat\/ceip-marinada\/wp-json\/wp\/v2\/comments?post=22"}],"version-history":[{"count":7,"href":"https:\/\/agora.xtec.cat\/ceip-marinada\/wp-json\/wp\/v2\/pages\/22\/revisions"}],"predecessor-version":[{"id":4448,"href":"https:\/\/agora.xtec.cat\/ceip-marinada\/wp-json\/wp\/v2\/pages\/22\/revisions\/4448"}],"up":[{"embeddable":true,"href":"https:\/\/agora.xtec.cat\/ceip-marinada\/wp-json\/wp\/v2\/pages\/4440"}],"wp:attachment":[{"href":"https:\/\/agora.xtec.cat\/ceip-marinada\/wp-json\/wp\/v2\/media?parent=22"}],"curies":[{"name":"wp","href":"https:\/\/api.w.org\/{rel}","templated":true}]}}