{"id":817,"date":"2018-02-03T19:49:23","date_gmt":"2018-02-03T18:49:23","guid":{"rendered":"http:\/\/agora.xtec.cat\/ceip-marinada-barcelona\/?page_id=817"},"modified":"2018-02-03T19:53:07","modified_gmt":"2018-02-03T18:53:07","slug":"organitzacio-i-funcionament-del-centre","status":"publish","type":"page","link":"https:\/\/agora.xtec.cat\/ceip-marinada-barcelona\/lescola\/organitzacio-i-funcionament-del-centre\/","title":{"rendered":"Organitzaci\u00f3 i funcionament del centre"},"content":{"rendered":"<ul>\n<li>El proc\u00e9s educatiu dels alumnes ha de ser compartit entre l\u2019escola i la fam\u00edlia. Els\/les mestres tutors\/es s\u00f3n les persones a les quals els pares s\u2019han d\u2019adre\u00e7ar en primera inst\u00e0ncia per consultar, compartir o resoldre qualsevol q\u00fcesti\u00f3 relativa a l\u2019escolaritzaci\u00f3 del seu fill\/a.<br \/>\nD\u2019acord amb la normativa del Departament d\u2019Ensenyament caldr\u00e0 signar la <strong>Carta de comprom\u00eds educatiu <\/strong>aprovada pel Consell Escolar, els alumnes nous , els de P3 i primer. Les tutores us informaran a les reunions d\u2019inici de curs.<\/li>\n<\/ul>\n<ul>\n<li>Per motius obvis d&#8217;organitzaci\u00f3 escolar i de cara a la creaci\u00f3 d&#8217;h\u00e0bits personals, cal que els alumnes siguin puntuals a l&#8217;entrada (9:00h. i 15:00h.). L&#8217;escola tancar\u00e0 la porta a les 9:05h. i a les 15:05h. Alhora, <strong><u>\u00e9s important<\/u><\/strong> que recolliu els nens a les 12:30h. \/13:00h si fan SEP i a les 16:30h. tant a Educaci\u00f3 Infantil com a Educaci\u00f3 Prim\u00e0ria. Penseu que la manca de puntualitat comporta que hi hagi personal de l&#8217;escola pendent d&#8217;obrir la porta a les fam\u00edlies que fan tard i d&#8217;acompanyar els nens, si \u00e9s necessari. A m\u00e9s, l&#8217;arribada tardana d&#8217;un nen\/a l&#8217;aula destorba el bon funcionament de la classe, la seva feina i la dels companys.<br \/>\n<strong><em>Per tant, recordeu ser puntuals a les entrades i a les sortides, en benefici de tots.<\/em><\/strong><\/li>\n<\/ul>\n<ul>\n<li>Abans de finalitzar l&#8217;horari escolar no pot sortir cap alumne excepte en cas de\u00a0 necessitat, i pr\u00e8via sol\u00b7licitud escrita dels pares o tutors.\u00a0 No es deixar\u00e0 sortir els alumnes amb desconeguts que no s&#8217;identifiquin a satisfacci\u00f3 del\u00a0 \u00a0 (Es\u00a0 recomana que portin una autoritzaci\u00f3 per escrit \u00a0i pr\u00e8viament ho informin per tel\u00e8fon).<\/li>\n<li>En cas de pares separats i que la guarda i cust\u00f2dia correspongui nom\u00e9s a un d&#8217;ells, la persona interessada ho ha de posar en coneixement de la direcci\u00f3 i del professor-tutor a principi de curs, i proporcionar-li la informaci\u00f3 necess\u00e0ria, que ser\u00e0 tractada confidencialment.<\/li>\n<li>No es perm\u00e8s l&#8217;\u00fas del m\u00f2bil a l&#8217;escola. No ens podem fer responsables en cas de p\u00e8rdua i\/o del seu mal \u00fas.<\/li>\n<li>Al llarg del curs us farem arribar altres<strong> circulars informatives<\/strong> sobre aspectes de funcionament del nivell i de l&#8217;escola, convocat\u00f2ries, notificaci\u00f3 de sortides o activitats, informacions d&#8217;inter\u00e8s general&#8230;<\/li>\n<li>Us demanarem <strong>autoritzaci\u00f3 escrita per a les<\/strong> <strong>sortides<\/strong> i <strong>diferents activitats<\/strong> del curs, sense la qual l&#8217;alumne no podr\u00e0 assistir-hi. Els alumnes que provoquin, a criteri del professor, problemes de disciplina durant les sortides no podran assistir-hi si el professor, juntament amb l&#8217;Equip Directiu, ho considera oport\u00fa.<\/li>\n<li>Per a la <strong>classe d\u2019educaci\u00f3 f\u00edsica <\/strong>els alumnes <strong>han de portar l&#8217;equip adequat quant a roba i cal\u00e7at<\/strong> .Els alumnes de Prim\u00e0ria hauran de portar una tovallola, sab\u00f3 i una samarreta de recanvi. Cal portar un certificat m\u00e8dic quan hi ha impossibilitat per a realitzar aquesta \u00e0rea.<\/li>\n<li>Tal com determina la normativa del Departament d&#8217;Ensenyament, durant el curs es faran, sense av\u00eds previ, un o m\u00e9s <strong>simulacres d&#8217;evacuaci\u00f3<\/strong> del Centre per poder estar preparats en cas d&#8217;una veritable emerg\u00e8ncia. Els ho comuniquem perqu\u00e8 no s&#8217;alarmin.<\/li>\n<\/ul>\n","protected":false},"excerpt":{"rendered":"<ul>\n<li>El proc\u00e9s educatiu dels alumnes ha de ser compartit entre l\u2019escola i la fam\u00edlia. Els\/les mestres tutors\/es s\u00f3n les persones a les quals els pares s\u2019han d\u2019adre\u00e7ar en primera inst\u00e0ncia per consultar, compartir o resoldre qualsevol q\u00fcesti\u00f3 relativa a l\u2019escolaritzaci\u00f3 del seu fill\/a.<br \/>\nD\u2019acord amb la&hellip;  <a href=\"https:\/\/agora.xtec.cat\/ceip-marinada-barcelona\/lescola\/organitzacio-i-funcionament-del-centre\/\" title=\"Read Organitzaci\u00f3 i funcionament del centre\">Llegeix m\u00e9s\u00bb<\/a><\/p>\n","protected":false},"author":1,"featured_media":0,"parent":22,"menu_order":70,"comment_status":"closed","ping_status":"closed","template":"page-templates\/side-menu.php","meta":{"_bbp_topic_count":0,"_bbp_reply_count":0,"_bbp_total_topic_count":0,"_bbp_total_reply_count":0,"_bbp_voice_count":0,"_bbp_anonymous_reply_count":0,"_bbp_topic_count_hidden":0,"_bbp_reply_count_hidden":0,"_bbp_forum_subforum_count":0,"footnotes":""},"class_list":["post-817","page","type-page","status-publish","hentry"],"post_mailing_queue_ids":[],"_links":{"self":[{"href":"https:\/\/agora.xtec.cat\/ceip-marinada-barcelona\/wp-json\/wp\/v2\/pages\/817","targetHints":{"allow":["GET"]}}],"collection":[{"href":"https:\/\/agora.xtec.cat\/ceip-marinada-barcelona\/wp-json\/wp\/v2\/pages"}],"about":[{"href":"https:\/\/agora.xtec.cat\/ceip-marinada-barcelona\/wp-json\/wp\/v2\/types\/page"}],"author":[{"embeddable":true,"href":"https:\/\/agora.xtec.cat\/ceip-marinada-barcelona\/wp-json\/wp\/v2\/users\/1"}],"replies":[{"embeddable":true,"href":"https:\/\/agora.xtec.cat\/ceip-marinada-barcelona\/wp-json\/wp\/v2\/comments?post=817"}],"version-history":[{"count":2,"href":"https:\/\/agora.xtec.cat\/ceip-marinada-barcelona\/wp-json\/wp\/v2\/pages\/817\/revisions"}],"predecessor-version":[{"id":819,"href":"https:\/\/agora.xtec.cat\/ceip-marinada-barcelona\/wp-json\/wp\/v2\/pages\/817\/revisions\/819"}],"up":[{"embeddable":true,"href":"https:\/\/agora.xtec.cat\/ceip-marinada-barcelona\/wp-json\/wp\/v2\/pages\/22"}],"wp:attachment":[{"href":"https:\/\/agora.xtec.cat\/ceip-marinada-barcelona\/wp-json\/wp\/v2\/media?parent=817"}],"curies":[{"name":"wp","href":"https:\/\/api.w.org\/{rel}","templated":true}]}}