{"id":730,"date":"2018-01-10T13:18:35","date_gmt":"2018-01-10T12:18:35","guid":{"rendered":"http:\/\/agora.xtec.cat\/ceip-marinada-barcelona\/?page_id=730"},"modified":"2018-01-30T13:33:48","modified_gmt":"2018-01-30T12:33:48","slug":"english-exchange","status":"publish","type":"page","link":"https:\/\/agora.xtec.cat\/ceip-marinada-barcelona\/projecte-educatiu\/english-exchange\/","title":{"rendered":"English Exchange"},"content":{"rendered":"<p>Ja fa uns quants anys que a la nostra escola es realitza un intercanvi d\u2019activitats en llengua anglesa. Aquest intercanvi l\u2019hem anat realitzant amb diferents escoles de Barcelona i de les comarques del voltant.<\/p>\n<p>Considerem que aquesta activitat \u00e9s molt positiva pels nostres alumnes ja que els proposem una activitat vivencial on posen en pr\u00e0ctica les seves compet\u00e8ncies en llengua anglesa.<\/p>\n<p>Malgrat hem realitzat l\u2019experi\u00e8ncia als diferents cicle de l\u2019educaci\u00f3 prim\u00e0ria \u00e9s a Cicle Superior on l\u2019hem aplicat amb m\u00e9s freq\u00fc\u00e8ncia.<\/p>\n<p>Aquest curs s\u00f3n els alumnes de sis\u00e8 de prim\u00e0ria els que l\u2019estan desenvolupant. Aquests la van comen\u00e7ar fa dos cursos escolars\u00a0\u00a0\u00a0\u00a0\u00a0 ( quan ells feien 4t de prim\u00e0ria ). Encara mantenim l\u2019intercanvi amb els companys de l\u2019escola Casablanca de St Boi de Llobregat .<\/p>\n<p>Les\u00a0 activitats que realitzem toquen temes propers als alumnes i combinen les diferents destreses ( escoltar, parlar, llegir i escriure). Els formats d\u2019intercanvi poden ser v\u00eddeos, textos, can\u00e7ons, danses, activitats pl\u00e0stiques,etc.<\/p>\n<p>Si visiteu els diferents blocs de l\u2019escola podreu trobar mostres de les diferents activitats.<\/p>\n<p>Procurem acabar l\u2019intercanvi amb una trobada dels nostres alumnes amb els seus companys de l\u2019altra escola. Anem alternant el lloc de trobada ( una escola o l\u2019altra). Aquesta \u00faltima activitat acostuma a ser molt emotiva i motivadora i serveix com a consolidaci\u00f3 del tot el que hem anat treballant durant el curs.<\/p>\n","protected":false},"excerpt":{"rendered":"<p>Ja fa uns quants anys que a la nostra escola es realitza un intercanvi d\u2019activitats en llengua anglesa. Aquest intercanvi l\u2019hem anat realitzant amb diferents escoles de Barcelona i de les comarques del voltant.<br \/>\nConsiderem que aquesta activitat \u00e9s molt positiva pels nostres alumnes ja que&hellip;  <a href=\"https:\/\/agora.xtec.cat\/ceip-marinada-barcelona\/projecte-educatiu\/english-exchange\/\" title=\"Read English Exchange\">Llegeix m\u00e9s\u00bb<\/a><\/p>\n","protected":false},"author":1,"featured_media":0,"parent":64,"menu_order":20,"comment_status":"closed","ping_status":"closed","template":"page-templates\/side-menu.php","meta":{"_bbp_topic_count":0,"_bbp_reply_count":0,"_bbp_total_topic_count":0,"_bbp_total_reply_count":0,"_bbp_voice_count":0,"_bbp_anonymous_reply_count":0,"_bbp_topic_count_hidden":0,"_bbp_reply_count_hidden":0,"_bbp_forum_subforum_count":0,"footnotes":""},"class_list":["post-730","page","type-page","status-publish","hentry"],"post_mailing_queue_ids":[],"_links":{"self":[{"href":"https:\/\/agora.xtec.cat\/ceip-marinada-barcelona\/wp-json\/wp\/v2\/pages\/730","targetHints":{"allow":["GET"]}}],"collection":[{"href":"https:\/\/agora.xtec.cat\/ceip-marinada-barcelona\/wp-json\/wp\/v2\/pages"}],"about":[{"href":"https:\/\/agora.xtec.cat\/ceip-marinada-barcelona\/wp-json\/wp\/v2\/types\/page"}],"author":[{"embeddable":true,"href":"https:\/\/agora.xtec.cat\/ceip-marinada-barcelona\/wp-json\/wp\/v2\/users\/1"}],"replies":[{"embeddable":true,"href":"https:\/\/agora.xtec.cat\/ceip-marinada-barcelona\/wp-json\/wp\/v2\/comments?post=730"}],"version-history":[{"count":2,"href":"https:\/\/agora.xtec.cat\/ceip-marinada-barcelona\/wp-json\/wp\/v2\/pages\/730\/revisions"}],"predecessor-version":[{"id":733,"href":"https:\/\/agora.xtec.cat\/ceip-marinada-barcelona\/wp-json\/wp\/v2\/pages\/730\/revisions\/733"}],"up":[{"embeddable":true,"href":"https:\/\/agora.xtec.cat\/ceip-marinada-barcelona\/wp-json\/wp\/v2\/pages\/64"}],"wp:attachment":[{"href":"https:\/\/agora.xtec.cat\/ceip-marinada-barcelona\/wp-json\/wp\/v2\/media?parent=730"}],"curies":[{"name":"wp","href":"https:\/\/api.w.org\/{rel}","templated":true}]}}