{"id":5289,"date":"2022-03-08T18:41:47","date_gmt":"2022-03-08T17:41:47","guid":{"rendered":"https:\/\/agora.xtec.cat\/ceip-marinada-barcelona\/?page_id=5289"},"modified":"2023-07-04T15:07:16","modified_gmt":"2023-07-04T13:07:16","slug":"fons-social-europeu-fse","status":"publish","type":"page","link":"https:\/\/agora.xtec.cat\/ceip-marinada-barcelona\/fons-social-europeu-fse\/","title":{"rendered":"Fons Social Europeu (FSE)"},"content":{"rendered":"<p>El \u200b\u200b<a style=\"font-style: inherit; font-weight: inherit;\" href=\"https:\/\/serveiocupacio.gencat.cat\/ca\/soc\/el-servei-public-docupacio-de-catalunya_soc\/el-fons-social-europeu-a-catalunya\/El-Fons-Social-Europeu-FSE\/\">Fons Social Europeu (FSE)\u00a0<\/a>\u00e9s\u00a0el principal instrument amb qu\u00e8 Europa dona suport a la<strong style=\"font-style: inherit;\">\u00a0creaci\u00f3 d\u2019ocupaci\u00f3,<\/strong>\u00a0ajuda les persones a aconseguir millors llocs de treball i garanteix oportunitats laborals\u00a0per a tota la ciutadania\u00a0de la Uni\u00f3 Europea.<\/p>\n<p>El centre\u00a0\u00a0<b>ESCOLA MARINADA<\/b>\u00a0disposa de professionals d\u2019atenci\u00f3 educativa amb la finalitat de garantir l\u2019equitat en l\u2019acc\u00e9s a l\u2019educaci\u00f3: T\u00e8cnic d\u2019integraci\u00f3 social<i>\u00a0<\/i><b>ALBA TORRENTE.<\/b>La contractaci\u00f3 d\u2019aquests professionals est\u00e0 cofinan\u00e7at en un 40% per la Uni\u00f3 Europea i la resta pel Departament d\u2019Educaci\u00f3 aix\u00f2 comporta el compliment d\u2019unes mesures de publicitat i comunicaci\u00f3.<\/p>\n<p>Els objectius del\u00a0<b>Programa de t\u00e8cnics d\u2019integraci\u00f3 social i els educadors socials<\/b>\u00a0<b>cofinan\u00e7at per la Uni\u00f3 Europea<\/b>\u00a0s\u00f3n:<\/p>\n<ul>\n<li>Prevenir l\u2019abandonament prematur i el frac\u00e0s escolar Procurar el benestar emocional dels alumne<a name=\"m_6244791259602276465__GoBack\"><\/a>s.<\/li>\n<li>Facilitar una bona conviv\u00e8ncia en els centres educatius.<\/li>\n<li>Contribuir a l\u2019orientaci\u00f3 dels alumnes.<\/li>\n<li>Fomentar la implicaci\u00f3 de les fam\u00edlies.<\/li>\n<li>Fomentar el vincle entre l\u2019escola i el seu entorn.<\/li>\n<li>Contribuir al desenvolupament de plans d\u2019\u00e0mbit comunitari.<\/li>\n<\/ul>\n","protected":false},"excerpt":{"rendered":"<p>El \u200b\u200b<a style=\"font-style: inherit; font-weight: inherit;\" href=\"https:\/\/serveiocupacio.gencat.cat\/ca\/soc\/el-servei-public-docupacio-de-catalunya_soc\/el-fons-social-europeu-a-catalunya\/El-Fons-Social-Europeu-FSE\/\">Fons Social Europeu (FSE)\u00a0<\/a>\u00e9s\u00a0el principal instrument amb qu\u00e8 Europa dona suport a la\u00a0creaci\u00f3 d\u2019ocupaci\u00f3,\u00a0ajuda les persones a aconseguir millors llocs de treball i garanteix oportunitats laborals\u00a0per a tota la ciutadania\u00a0de la Uni\u00f3 Europea.<br \/>\nEl centre\u00a0\u00a0ESCOLA MARINADA\u00a0disposa de professionals d\u2019atenci\u00f3 educativa&hellip;  <a href=\"https:\/\/agora.xtec.cat\/ceip-marinada-barcelona\/fons-social-europeu-fse\/\" title=\"Read Fons Social Europeu (FSE)\">Llegeix m\u00e9s\u00bb<\/a><\/p>\n","protected":false},"author":1,"featured_media":0,"parent":0,"menu_order":0,"comment_status":"closed","ping_status":"closed","template":"","meta":{"_bbp_topic_count":0,"_bbp_reply_count":0,"_bbp_total_topic_count":0,"_bbp_total_reply_count":0,"_bbp_voice_count":0,"_bbp_anonymous_reply_count":0,"_bbp_topic_count_hidden":0,"_bbp_reply_count_hidden":0,"_bbp_forum_subforum_count":0,"footnotes":""},"class_list":["post-5289","page","type-page","status-publish","hentry"],"post_mailing_queue_ids":[],"_links":{"self":[{"href":"https:\/\/agora.xtec.cat\/ceip-marinada-barcelona\/wp-json\/wp\/v2\/pages\/5289","targetHints":{"allow":["GET"]}}],"collection":[{"href":"https:\/\/agora.xtec.cat\/ceip-marinada-barcelona\/wp-json\/wp\/v2\/pages"}],"about":[{"href":"https:\/\/agora.xtec.cat\/ceip-marinada-barcelona\/wp-json\/wp\/v2\/types\/page"}],"author":[{"embeddable":true,"href":"https:\/\/agora.xtec.cat\/ceip-marinada-barcelona\/wp-json\/wp\/v2\/users\/1"}],"replies":[{"embeddable":true,"href":"https:\/\/agora.xtec.cat\/ceip-marinada-barcelona\/wp-json\/wp\/v2\/comments?post=5289"}],"version-history":[{"count":3,"href":"https:\/\/agora.xtec.cat\/ceip-marinada-barcelona\/wp-json\/wp\/v2\/pages\/5289\/revisions"}],"predecessor-version":[{"id":6519,"href":"https:\/\/agora.xtec.cat\/ceip-marinada-barcelona\/wp-json\/wp\/v2\/pages\/5289\/revisions\/6519"}],"wp:attachment":[{"href":"https:\/\/agora.xtec.cat\/ceip-marinada-barcelona\/wp-json\/wp\/v2\/media?parent=5289"}],"curies":[{"name":"wp","href":"https:\/\/api.w.org\/{rel}","templated":true}]}}