{"id":3372,"date":"2020-05-09T16:30:25","date_gmt":"2020-05-09T14:30:25","guid":{"rendered":"http:\/\/agora.xtec.cat\/ceip-marinada-barcelona\/?page_id=3372"},"modified":"2020-05-15T10:32:38","modified_gmt":"2020-05-15T08:32:38","slug":"preinscripcio","status":"publish","type":"page","link":"https:\/\/agora.xtec.cat\/ceip-marinada-barcelona\/preinscripcio\/","title":{"rendered":"Preinscripci\u00f3"},"content":{"rendered":"<p><span style=\"font-family: inherit; font-size: 1em; font-weight: normal;\">El Departament ja ens ha fet arribar les instruccions per posar en marxa el proc\u00e9s de preinscripci\u00f3.<\/span><\/p>\n<p>Del 13 al 22 de maig es podr\u00e0 dur a terme la preinscripci\u00f3 escolar per als ensenyaments<strong> de 1r i 2n cicle d&#8217;educaci\u00f3 infantil, educaci\u00f3 prim\u00e0ria i educaci\u00f3 secund\u00e0ria obligat\u00f2ria<\/strong>. Un proc\u00e9s que enguany, a causa de les circumst\u00e0ncies extraordin\u00e0ries per la Covid-19 ser\u00e0<strong> telem\u00e0tica<\/strong> i nom\u00e9s tindr\u00e0 uns dies espec\u00edfics per atendre<strong> les preinscripcions presencials amb cita pr\u00e8via.\u00a0<\/strong><\/p>\n<ul>\n<li><strong>TELEM\u00c0TICAMENT\u00a0 (preferentment). <\/strong>Cal utilitzar la sol\u00b7licitud amb suport inform\u00e0tic. S\u2019hi pot accedir mitjan\u00e7ant\u00a0un ordinador, una tauleta t\u00e0ctil o un tel\u00e8fon m\u00f2bil<strong>. <\/strong>Una vegada enviades les dades s\u2019obt\u00e9 el resguard de la sol\u00b7licitud. Aquest resguard \u00e9s el que heu d&#8217;enviar per correu electr\u00f2nic al nostre centre:\u00a0 <strong>a8054022@xtec.cat<\/strong>.\u00a0 Juntament amb el <strong>resguard de la sol\u00b7licitud<\/strong> cal presentar la documentaci\u00f3 corresponent <strong>escanejada o fotografiada.<\/strong> Nosaltres respondrem, el m\u00e9s aviat possible, certificant que hem rebut la documentaci\u00f3 i que tot est\u00e0 correcte. Cal que guardeu aquesta resposta ja que ser\u00e0 el document que donar\u00e0 const\u00e0ncia de l\u2019entrega de la sol\u00b7licitud en cas de reclamacions o altres incid\u00e8ncies.<br \/>\nLes fam\u00edlies que tinguin dificultat per fer-ho o no tinguin els mitjans necessaris, poden fer servir el <strong>SERVEI D&#8217;ATENCI\u00d3 TELEF\u00d2NICA <\/strong>que el<strong> Consorci d&#8217;Educaci\u00f3 de Barcelona<\/strong> ha posat a la <strong>seva disposici\u00f3<\/strong>, o tamb\u00e9 es poden despla\u00e7ar a una de les <strong>oficines habilitades<\/strong> per donar suport en la realitzaci\u00f3 d&#8217;aquest tr\u00e0mit.<\/li>\n<li><strong>PRESENCIALMENT AL CENTRE ESCOLAR: des del dimarts 19 al 22 de maig amb cita pr\u00e8via. <\/strong>Ser\u00e0 imprescindible sol\u00b7licitar cita pr\u00e8via per poder fer el tr\u00e0mit de manera presencial a trav\u00e9s de:<\/li>\n<\/ul>\n<h6 style=\"text-align: left;\"><strong>\u00a0 \u00a0 \u00a0 \u00a0 \u00a0 \u00a0 \u00a0 <img loading=\"lazy\" decoding=\"async\" class=\"wp-image-3355 alignnone\" src=\"https:\/\/agora.xtec.cat\/ceip-marinada-barcelona\/wp-content\/uploads\/usu1756\/2020\/05\/correo-electronico-1280x720.jpg\" alt=\"\" width=\"62\" height=\"46\" srcset=\"https:\/\/agora.xtec.cat\/ceip-marinada-barcelona\/wp-content\/uploads\/usu1756\/2020\/05\/correo-electronico-1280x720.jpg 650w, https:\/\/agora.xtec.cat\/ceip-marinada-barcelona\/wp-content\/uploads\/usu1756\/2020\/05\/correo-electronico-1280x720-300x221.jpg 300w, https:\/\/agora.xtec.cat\/ceip-marinada-barcelona\/wp-content\/uploads\/usu1756\/2020\/05\/correo-electronico-1280x720-200x150.jpg 200w\" sizes=\"auto, (max-width: 62px) 100vw, 62px\" \/> \u00a0 \u00a0 mail del centre: a8054022@xtec.cat<\/strong><\/h6>\n<h6><strong>\u00a0 \u00a0 \u00a0 \u00a0 \u00a0 \u00a0 \u00a0 \u00a0 \u00a0 <\/strong><a href=\"https:\/\/agora.xtec.cat\/ceip-marinada-barcelona\/wp-content\/uploads\/usu1756\/2020\/05\/kisspng-computer-icons-symbol-mobile-phone-accessories-cli-connection-5acf9e1b2e3701.9499011315235558671893.jpg\"><img loading=\"lazy\" decoding=\"async\" class=\"alignnone wp-image-3356\" src=\"https:\/\/agora.xtec.cat\/ceip-marinada-barcelona\/wp-content\/uploads\/usu1756\/2020\/05\/kisspng-computer-icons-symbol-mobile-phone-accessories-cli-connection-5acf9e1b2e3701.9499011315235558671893.jpg\" alt=\"\" width=\"48\" height=\"65\" srcset=\"https:\/\/agora.xtec.cat\/ceip-marinada-barcelona\/wp-content\/uploads\/usu1756\/2020\/05\/kisspng-computer-icons-symbol-mobile-phone-accessories-cli-connection-5acf9e1b2e3701.9499011315235558671893.jpg 561w, https:\/\/agora.xtec.cat\/ceip-marinada-barcelona\/wp-content\/uploads\/usu1756\/2020\/05\/kisspng-computer-icons-symbol-mobile-phone-accessories-cli-connection-5acf9e1b2e3701.9499011315235558671893-223x300.jpg 223w\" sizes=\"auto, (max-width: 48px) 100vw, 48px\" \/><\/a> \u00a0 \u00a0 \u00a0t<strong>el\u00e8fon m\u00f2bil de contacte: 603 579 919 Horari d&#8217;atenci\u00f3: 9:00h a 14:00h i de 17:00h a 19:00h.<\/strong><\/h6>\n<p style=\"text-align: left;\"><strong>Recordeu: <\/strong>es poden triar fins a 10 escoles per ordre de prefer\u00e8ncia, la sol\u00b7licitud s\u2019ha de presentar<strong> NOM\u00c9S<\/strong> a la primera opci\u00f3.<\/p>\n<h3 style=\"text-align: center;\">V\u00eddeo presentaci\u00f3 de l&#8217;escola. Clica <a href=\"https:\/\/youtu.be\/UCcyYLz4jFk\" target=\"_blank\" rel=\"noopener noreferrer\"><span style=\"color: #ff0000;\">AQU\u00cd<\/span><\/a><\/h3>\n<p>Tota la informaci\u00f3 i documentaci\u00f3 es troba en aquest requadre. Cicla a sobre.<\/p>\n<table class=\" aligncenter\" width=\"722\">\n<tbody>\n<tr>\n<td width=\"719\">\n<h5><a href=\"https:\/\/www.edubcn.cat\/ca\/alumnat_i_familia\/informacio_general_matriculacio\/preinscripcio\" target=\"_blank\" rel=\"noopener noreferrer\"><strong>Informaci\u00f3 general del Consorci sobre Preinscripci\u00f3 i matr\u00edcula<\/strong><\/a><\/h5>\n<\/td>\n<\/tr>\n<tr>\n<td width=\"719\">\n<h5><a href=\"https:\/\/agora.xtec.cat\/ceip-marinada-barcelona\/wp-content\/uploads\/usu1756\/2020\/05\/Calendari.pdf\" target=\"_blank\" rel=\"noopener noreferrer\"><strong>Calendari del proc\u00e9s de preinscripci\u00f3 i matriculaci\u00f3<\/strong><\/a><\/h5>\n<\/td>\n<\/tr>\n<tr>\n<td width=\"719\">\n<h5><a href=\"http:\/\/mapaescolar.gencat.cat\/\" target=\"_blank\" rel=\"noopener noreferrer\"><strong>Oferta de places del centre<\/strong><\/a><\/h5>\n<\/td>\n<\/tr>\n<tr>\n<td>\n<h5><a href=\"https:\/\/aplicacions.gestioeducativa.gencat.cat\/pls\/apex\/f?p=CITA_PREVIA:4::::4:P4_TIPUS_CALENDARI,P4_DOMINI:01_Oblig,08054022\" target=\"_blank\" rel=\"noopener noreferrer\"><strong>Calendari cita pr\u00e8via<\/strong><\/a><\/h5>\n<\/td>\n<\/tr>\n<tr>\n<td width=\"719\">\n<h5><strong>Full de preinscripci\u00f3:<\/strong><\/h5>\n<h5><strong>\u00a0 \u00a0 \u00a0 \u00a0 \u00a0<a href=\"https:\/\/agora.xtec.cat\/ceip-marinada-barcelona\/wp-content\/uploads\/usu1756\/2020\/05\/A42-full-preinscripcio.pdf\" target=\"_blank\" rel=\"noopener noreferrer\"> \u00a0 Catal\u00e0<\/a><\/strong><\/h5>\n<h5><strong>\u00a0 \u00a0 \u00a0 \u00a0 \u00a0 \u00a0 <a href=\"https:\/\/agora.xtec.cat\/ceip-marinada-barcelona\/wp-content\/uploads\/usu1756\/2020\/05\/B42-full-preinscripcio-castella.pdf\" target=\"_blank\" rel=\"noopener noreferrer\">Castell\u00e0<\/a><\/strong><\/h5>\n<\/td>\n<\/tr>\n<tr>\n<td width=\"719\">\n<h5><a href=\"https:\/\/agora.xtec.cat\/ceip-marinada-barcelona\/wp-content\/uploads\/usu1756\/2020\/05\/DOCUMENTACI\u00d3.pdf\" target=\"_blank\" rel=\"noopener noreferrer\"><strong>Criteris de prioritat i documentaci\u00f3 acreditativa que cal presentar per a la preinscripci\u00f3<\/strong><\/a><\/h5>\n<\/td>\n<\/tr>\n<tr>\n<td width=\"719\">\n<h5><a href=\"https:\/\/agora.xtec.cat\/ceip-marinada-barcelona\/wp-content\/uploads\/usu1756\/2020\/05\/Oficines-Suport-Preinscripci\u00f3.pdf\" target=\"_blank\" rel=\"noopener noreferrer\"><strong>Llistat d\u2019 oficines de suport per a\u00a0 la preinscripci\u00f3 telem\u00e0tica<\/strong><\/a><\/h5>\n<\/td>\n<\/tr>\n<tr>\n<td width=\"719\">\n<h5><a href=\"https:\/\/agora.xtec.cat\/ceip-marinada-barcelona\/wp-content\/uploads\/usu1756\/2020\/05\/PEC-Marinada.pdf\" target=\"_blank\" rel=\"noopener noreferrer\"><strong>El nostre projecte educatiu<\/strong><\/a><\/h5>\n<\/td>\n<\/tr>\n<tr>\n<td>\n<h5><a href=\"https:\/\/agora.xtec.cat\/ceip-marinada-barcelona\/wp-content\/uploads\/usu1756\/2020\/05\/Full-informatiu-funcionament-i-organitzaci\u00f3-escola-Marinada.pdf\" target=\"_blank\" rel=\"noopener noreferrer\"><strong>Full informatiu sobre el\u00a0 funcionament i l&#8217;organitzaci\u00f3 de l&#8217;escola\u00a0<\/strong><\/a><\/h5>\n<\/td>\n<\/tr>\n<tr>\n<td>\n<h5><a href=\"https:\/\/agora.xtec.cat\/ceip-marinada-barcelona\/wp-content\/uploads\/usu1756\/2020\/05\/CARTA-DE-COMPROM\u00cdS-EDUCATIU.pdf\" target=\"_blank\" rel=\"noopener noreferrer\"><strong>Carta de comprom\u00eds<\/strong><\/a><\/h5>\n<\/td>\n<\/tr>\n<tr>\n<td>\n<h5><a href=\"https:\/\/agora.xtec.cat\/ceip-marinada-barcelona\/wp-content\/uploads\/usu1756\/2020\/05\/IES-adscrits.pdf\" target=\"_blank\" rel=\"noopener noreferrer\"><strong>Adscripcions del nostre centre a educaci\u00f3 secund\u00e0ria obligat\u00f2ria<\/strong><\/a><\/h5>\n<\/td>\n<\/tr>\n<tr>\n<td>\n<h5><a href=\"https:\/\/www.edubcn.cat\/ca\/alumnat_i_familia\/informacio_general_matriculacio\/arees_influencia\/consulta_de_centres_educatius#\/cerca\" target=\"_blank\" rel=\"noopener noreferrer\"><strong>Consulta de centres educatius de proximitat a un domicili (3-12) a la ciutat de Barcelona<\/strong><\/a><\/h5>\n<\/td>\n<\/tr>\n<\/tbody>\n<\/table>\n<h6 style=\"text-align: center;\"><\/h6>\n","protected":false},"excerpt":{"rendered":"<p>El Departament ja ens ha fet arribar les instruccions per posar en marxa el proc\u00e9s de preinscripci\u00f3.<br \/>\nDel 13 al 22 de maig es podr\u00e0 dur a terme la preinscripci\u00f3 escolar per als ensenyaments de 1r i 2n cicle d&#8217;educaci\u00f3 infantil, educaci\u00f3 prim\u00e0ria i educaci\u00f3 secund\u00e0ria&hellip;  <a href=\"https:\/\/agora.xtec.cat\/ceip-marinada-barcelona\/preinscripcio\/\" title=\"Read Preinscripci\u00f3\">Llegeix m\u00e9s\u00bb<\/a><\/p>\n","protected":false},"author":1,"featured_media":0,"parent":0,"menu_order":0,"comment_status":"closed","ping_status":"closed","template":"","meta":{"_bbp_topic_count":0,"_bbp_reply_count":0,"_bbp_total_topic_count":0,"_bbp_total_reply_count":0,"_bbp_voice_count":0,"_bbp_anonymous_reply_count":0,"_bbp_topic_count_hidden":0,"_bbp_reply_count_hidden":0,"_bbp_forum_subforum_count":0,"footnotes":""},"class_list":["post-3372","page","type-page","status-publish","hentry"],"post_mailing_queue_ids":[],"_links":{"self":[{"href":"https:\/\/agora.xtec.cat\/ceip-marinada-barcelona\/wp-json\/wp\/v2\/pages\/3372","targetHints":{"allow":["GET"]}}],"collection":[{"href":"https:\/\/agora.xtec.cat\/ceip-marinada-barcelona\/wp-json\/wp\/v2\/pages"}],"about":[{"href":"https:\/\/agora.xtec.cat\/ceip-marinada-barcelona\/wp-json\/wp\/v2\/types\/page"}],"author":[{"embeddable":true,"href":"https:\/\/agora.xtec.cat\/ceip-marinada-barcelona\/wp-json\/wp\/v2\/users\/1"}],"replies":[{"embeddable":true,"href":"https:\/\/agora.xtec.cat\/ceip-marinada-barcelona\/wp-json\/wp\/v2\/comments?post=3372"}],"version-history":[{"count":4,"href":"https:\/\/agora.xtec.cat\/ceip-marinada-barcelona\/wp-json\/wp\/v2\/pages\/3372\/revisions"}],"predecessor-version":[{"id":3417,"href":"https:\/\/agora.xtec.cat\/ceip-marinada-barcelona\/wp-json\/wp\/v2\/pages\/3372\/revisions\/3417"}],"wp:attachment":[{"href":"https:\/\/agora.xtec.cat\/ceip-marinada-barcelona\/wp-json\/wp\/v2\/media?parent=3372"}],"curies":[{"name":"wp","href":"https:\/\/api.w.org\/{rel}","templated":true}]}}