{"id":28,"date":"2014-09-18T12:29:35","date_gmt":"2014-09-18T11:29:35","guid":{"rendered":"http:\/\/agora.xtec.cat\/ceip-marinada-barcelona\/?page_id=28"},"modified":"2019-02-13T11:41:29","modified_gmt":"2019-02-13T10:41:29","slug":"consell-escolar","status":"publish","type":"page","link":"https:\/\/agora.xtec.cat\/ceip-marinada-barcelona\/lescola\/consell-escolar\/","title":{"rendered":"Consell escolar"},"content":{"rendered":"<header class=\"entry-header\">\n<p class=\"entry-title\">El Consell Escolar \u00e9s\u00a0 qui pren els acords i les decisions que marquen el funcionament general de l\u2019escola. Hi ha representants de les fam\u00edlies, dels mestres, de l\u2019AMPA, de l\u2019Ajuntament i del personal no docent. Li corresponen les funcions establertes a la Llei 12\/2009, de 10 de juliol, d\u2019educaci\u00f3.<\/p>\n<\/header>\n<div class=\"entry-content\">\n<p><strong>Participaci\u00f3 de les fam\u00edlies<br \/>\n<\/strong>Els pares i mares formen part de la din\u00e0mica de l\u2019escola participant activament en el proc\u00e9s educatiu dels seus fills a trav\u00e9s del Consell Escolar, de l\u2019AMPA i sobretot amb el contacte peri\u00f2dic amb els\/les mestres dels seus fills i filles.<\/p>\n<div class=\"entry-content\">\n<p>Consell Escolar constituit el 13\/12\/2018<br \/>\nPresidenta:\u00a0<span style=\"line-height: 25.6px;\">Gloria Botargues<\/span><br \/>\nCap d\u2019estudis: Noelia Barbero<br \/>\nSecret\u00e0ria: Ma Carmen L\u00f3riz<\/p>\n<p>Representant de l&#8217;Ajuntament:\u00a0Esteban Garc\u00eda<\/p>\n<p>Representant AMPA: Ma Carmen L\u00f3pez<\/p>\n<p><span style=\"line-height: 25.6px;\">Representants del sector de pares i mares: Miguel Eduardo Escorihuela, N\u00faria Giralt, Sara Pulido i Zakia Elidrissi.<\/span><\/p>\n<p><span style=\"line-height: 25.6px;\">Representant PAS:\u00a0Pilar Pastor<\/span><\/p>\n<p><span style=\"font-family: inherit; font-size: 1em; line-height: 1.6;\">Representants del sector mestres: Eva de Carquero, Laura Mart\u00ednez, M \u00c0ngels Hern\u00e1ndez, N\u00faria Su\u00f1\u00e9 i Robert Pere\u00f1a.<\/span><\/p>\n<h6><\/h6>\n<\/div>\n<\/div>\n","protected":false},"excerpt":{"rendered":"<p>El Consell Escolar \u00e9s\u00a0 qui pren els acords i les decisions que marquen el funcionament general de l\u2019escola. Hi ha representants de les fam\u00edlies, dels mestres, de l\u2019AMPA, de l\u2019Ajuntament i del personal no docent. Li corresponen les funcions establertes a la Llei 12\/2009, de&hellip;  <a href=\"https:\/\/agora.xtec.cat\/ceip-marinada-barcelona\/lescola\/consell-escolar\/\" title=\"Read Consell escolar\">Llegeix m\u00e9s\u00bb<\/a><\/p>\n","protected":false},"author":1,"featured_media":0,"parent":22,"menu_order":30,"comment_status":"closed","ping_status":"closed","template":"page-templates\/side-menu.php","meta":{"_bbp_topic_count":0,"_bbp_reply_count":0,"_bbp_total_topic_count":0,"_bbp_total_reply_count":0,"_bbp_voice_count":0,"_bbp_anonymous_reply_count":0,"_bbp_topic_count_hidden":0,"_bbp_reply_count_hidden":0,"_bbp_forum_subforum_count":0,"footnotes":""},"class_list":["post-28","page","type-page","status-publish","hentry"],"post_mailing_queue_ids":[],"_links":{"self":[{"href":"https:\/\/agora.xtec.cat\/ceip-marinada-barcelona\/wp-json\/wp\/v2\/pages\/28","targetHints":{"allow":["GET"]}}],"collection":[{"href":"https:\/\/agora.xtec.cat\/ceip-marinada-barcelona\/wp-json\/wp\/v2\/pages"}],"about":[{"href":"https:\/\/agora.xtec.cat\/ceip-marinada-barcelona\/wp-json\/wp\/v2\/types\/page"}],"author":[{"embeddable":true,"href":"https:\/\/agora.xtec.cat\/ceip-marinada-barcelona\/wp-json\/wp\/v2\/users\/1"}],"replies":[{"embeddable":true,"href":"https:\/\/agora.xtec.cat\/ceip-marinada-barcelona\/wp-json\/wp\/v2\/comments?post=28"}],"version-history":[{"count":3,"href":"https:\/\/agora.xtec.cat\/ceip-marinada-barcelona\/wp-json\/wp\/v2\/pages\/28\/revisions"}],"predecessor-version":[{"id":1808,"href":"https:\/\/agora.xtec.cat\/ceip-marinada-barcelona\/wp-json\/wp\/v2\/pages\/28\/revisions\/1808"}],"up":[{"embeddable":true,"href":"https:\/\/agora.xtec.cat\/ceip-marinada-barcelona\/wp-json\/wp\/v2\/pages\/22"}],"wp:attachment":[{"href":"https:\/\/agora.xtec.cat\/ceip-marinada-barcelona\/wp-json\/wp\/v2\/media?parent=28"}],"curies":[{"name":"wp","href":"https:\/\/api.w.org\/{rel}","templated":true}]}}

<header class="entry-header">
<p class="entry-title">El Consell Escolar és  qui pren els acords i les decisions que marquen el funcionament general de l’escola. Hi ha representants de les famílies, dels mestres, de l’AMPA, de l’Ajuntament i del personal no docent. Li corresponen les funcions establertes a la Llei 12/2009, de 10 de juliol, d’educació.</p>
</header>
<div class="entry-content">
<p><strong>Participació de les famílies<br />
</strong>Els pares i mares formen part de la dinàmica de l’escola participant activament en el procés educatiu dels seus fills a través del Consell Escolar, de l’AMPA i sobretot amb el contacte periòdic amb els/les mestres dels seus fills i filles.</p>
<div class="entry-content">
<p>Consell Escolar constituit el 13/12/2018<br />
Presidenta: <span style="line-height: 25.6px;">Gloria Botargues</span><br />
Cap d’estudis: Noelia Barbero<br />
Secretària: Ma Carmen Lóriz</p>
<p>Representant de l&#8217;Ajuntament: Esteban García</p>
<p>Representant AMPA: Ma Carmen López</p>
<p><span style="line-height: 25.6px;">Representants del sector de pares i mares: Miguel Eduardo Escorihuela, Núria Giralt, Sara Pulido i Zakia Elidrissi.</span></p>
<p><span style="line-height: 25.6px;">Representant PAS: Pilar Pastor</span></p>
<p><span style="font-family: inherit; font-size: 1em; line-height: 1.6;">Representants del sector mestres: Eva de Carquero, Laura Martínez, M Àngels Hernández, Núria Suñé i Robert Pereña.</span></p>
<h6></h6>
</div>
</div>

<p>El Consell Escolar és  qui pren els acords i les decisions que marquen el funcionament general de l’escola. Hi ha representants de les famílies, dels mestres, de l’AMPA, de l’Ajuntament i del personal no docent. Li corresponen les funcions establertes a la Llei 12/2009, de&hellip;  <a href="https://agora.xtec.cat/ceip-marinada-barcelona/lescola/consell-escolar/" title="Read Consell escolar">Llegeix més»</a></p>
