{"id":26,"date":"2018-01-15T12:24:32","date_gmt":"2018-01-15T11:24:32","guid":{"rendered":"http:\/\/agora.xtec.cat\/ceip-marinada-barcelona\/?page_id=26"},"modified":"2018-02-16T18:17:24","modified_gmt":"2018-02-16T17:17:24","slug":"historia","status":"publish","type":"page","link":"https:\/\/agora.xtec.cat\/ceip-marinada-barcelona\/lescola\/historia\/","title":{"rendered":"Us oferim"},"content":{"rendered":"<ul>\n<li>Educaci\u00f3 infantil (3 &#8211; 6 anys) i Educaci\u00f3 Prim\u00e0ria.<\/li>\n<li>Ensenyament en catal\u00e0.<\/li>\n<li>Aules i espais amplis i lluminosos.<\/li>\n<li>Idioma angl\u00e8s des de P4 impartit per l&#8217;especialista.<\/li>\n<li>Especialistes: d&#8217;Educaci\u00f3 Especial, atenci\u00f3 a alumnes en grups petits i Aula d&#8217;acollida.<\/li>\n<li>Suport dels Equips d&#8217;Assessorament Psicopedag\u00f2gic de la Generalitat.<\/li>\n<li>Especialistes de M\u00fasica i d&#8217;Educaci\u00f3 F\u00edsica al Parvulari i a tota la Prim\u00e0ria.<\/li>\n<li>Inform\u00e0tica des de P3.<\/li>\n<li>Escola Verda: activitats d&#8217;educaci\u00f3 Ambiental i hort escolar.<\/li>\n<li>Agrupaments flexibles i suport a les \u00e0rees instrumentals.<\/li>\n<li>Celebraci\u00f3 de les festes tradicionals, sortides i excursions incloses en el curr\u00edculum i col\u00f2nies a CS.<\/li>\n<li>Suport especial a P3 durant el proc\u00e9s d&#8217;adaptaci\u00f3.<\/li>\n<li>Aula de ci\u00e8ncies amb equipament de noves tecnologies.<\/li>\n<li>Biblioteca amb servei de pr\u00e9stec i consulta.<\/li>\n<li>Servei de menjador amb \u00e0pats cuinats al centre: Migdiada a P3.<\/li>\n<li>Activitats extraescolars i servei d&#8217;acollida matinal amb la col\u00b7laboraci\u00f3 de l&#8217;Associaci\u00f3 de Mares i Pares de l&#8217;escola.<\/li>\n<\/ul>\n","protected":false},"excerpt":{"rendered":"<ul>\n<li>Educaci\u00f3 infantil (3 &#8211; 6 anys) i Educaci\u00f3 Prim\u00e0ria.<\/li>\n<li>Ensenyament en catal\u00e0.<\/li>\n<li>Aules i espais amplis i lluminosos.<\/li>\n<li>Idioma angl\u00e8s des de P4 impartit per l&#8217;especialista.<\/li>\n<li>Especialistes: d&#8217;Educaci\u00f3 Especial, atenci\u00f3 a alumnes en grups petits i Aula d&#8217;acollida.<\/li>\n<li>Suport dels Equips d&#8217;Assessorament Psicopedag\u00f2gic de la Generalitat.<\/li>\n<li>Especialistes de M\u00fasica i d&#8217;Educaci\u00f3&hellip;  <a href=\"https:\/\/agora.xtec.cat\/ceip-marinada-barcelona\/lescola\/historia\/\" title=\"Read Us oferim\">Llegeix m\u00e9s\u00bb<\/a><br \/>\n","protected":false},"author":1,"featured_media":0,"parent":22,"menu_order":20,"comment_status":"closed","ping_status":"closed","template":"page-templates\/side-menu.php","meta":{"_bbp_topic_count":0,"_bbp_reply_count":0,"_bbp_total_topic_count":0,"_bbp_total_reply_count":0,"_bbp_voice_count":0,"_bbp_anonymous_reply_count":0,"_bbp_topic_count_hidden":0,"_bbp_reply_count_hidden":0,"_bbp_forum_subforum_count":0,"footnotes":""},"class_list":["post-26","page","type-page","status-publish","hentry"],"post_mailing_queue_ids":[],"_links":{"self":[{"href":"https:\/\/agora.xtec.cat\/ceip-marinada-barcelona\/wp-json\/wp\/v2\/pages\/26","targetHints":{"allow":["GET"]}}],"collection":[{"href":"https:\/\/agora.xtec.cat\/ceip-marinada-barcelona\/wp-json\/wp\/v2\/pages"}],"about":[{"href":"https:\/\/agora.xtec.cat\/ceip-marinada-barcelona\/wp-json\/wp\/v2\/types\/page"}],"author":[{"embeddable":true,"href":"https:\/\/agora.xtec.cat\/ceip-marinada-barcelona\/wp-json\/wp\/v2\/users\/1"}],"replies":[{"embeddable":true,"href":"https:\/\/agora.xtec.cat\/ceip-marinada-barcelona\/wp-json\/wp\/v2\/comments?post=26"}],"version-history":[{"count":4,"href":"https:\/\/agora.xtec.cat\/ceip-marinada-barcelona\/wp-json\/wp\/v2\/pages\/26\/revisions"}],"predecessor-version":[{"id":938,"href":"https:\/\/agora.xtec.cat\/ceip-marinada-barcelona\/wp-json\/wp\/v2\/pages\/26\/revisions\/938"}],"up":[{"embeddable":true,"href":"https:\/\/agora.xtec.cat\/ceip-marinada-barcelona\/wp-json\/wp\/v2\/pages\/22"}],"wp:attachment":[{"href":"https:\/\/agora.xtec.cat\/ceip-marinada-barcelona\/wp-json\/wp\/v2\/media?parent=26"}],"curies":[{"name":"wp","href":"https:\/\/api.w.org\/{rel}","templated":true}]}}

<ul>
<li>Educació infantil (3 &#8211; 6 anys) i Educació Primària.</li>
<li>Ensenyament en català.</li>
<li>Aules i espais amplis i lluminosos.</li>
<li>Idioma anglès des de P4 impartit per l&#8217;especialista.</li>
<li>Especialistes: d&#8217;Educació Especial, atenció a alumnes en grups petits i Aula d&#8217;acollida.</li>
<li>Suport dels Equips d&#8217;Assessorament Psicopedagògic de la Generalitat.</li>
<li>Especialistes de Música i d&#8217;Educació Física al Parvulari i a tota la Primària.</li>
<li>Informàtica des de P3.</li>
<li>Escola Verda: activitats d&#8217;educació Ambiental i hort escolar.</li>
<li>Agrupaments flexibles i suport a les àrees instrumentals.</li>
<li>Celebració de les festes tradicionals, sortides i excursions incloses en el currículum i colònies a CS.</li>
<li>Suport especial a P3 durant el procés d&#8217;adaptació.</li>
<li>Aula de ciències amb equipament de noves tecnologies.</li>
<li>Biblioteca amb servei de préstec i consulta.</li>
<li>Servei de menjador amb àpats cuinats al centre: Migdiada a P3.</li>
<li>Activitats extraescolars i servei d&#8217;acollida matinal amb la col·laboració de l&#8217;Associació de Mares i Pares de l&#8217;escola.</li>
</ul>

<ul>
<li>Educació infantil (3 &#8211; 6 anys) i Educació Primària.</li>
<li>Ensenyament en català.</li>
<li>Aules i espais amplis i lluminosos.</li>
<li>Idioma anglès des de P4 impartit per l&#8217;especialista.</li>
<li>Especialistes: d&#8217;Educació Especial, atenció a alumnes en grups petits i Aula d&#8217;acollida.</li>
<li>Suport dels Equips d&#8217;Assessorament Psicopedagògic de la Generalitat.</li>
<li>Especialistes de Música i d&#8217;Educació&hellip;  <a href="https://agora.xtec.cat/ceip-marinada-barcelona/lescola/historia/" title="Read Us oferim">Llegeix més»</a><br />
