{"id":988,"date":"2021-10-05T10:56:35","date_gmt":"2021-10-05T08:56:35","guid":{"rendered":"https:\/\/agora.xtec.cat\/ceip-marenostrum-barcelona\/?page_id=988"},"modified":"2023-09-08T12:09:59","modified_gmt":"2023-09-08T10:09:59","slug":"colonies","status":"publish","type":"page","link":"https:\/\/agora.xtec.cat\/ceip-marenostrum-barcelona\/colonies\/","title":{"rendered":"Col\u00f2nies"},"content":{"rendered":"<p>Les sortides i col\u00f2nies es consideren activitats integrades en el Projecte Educatiu de Centre (PEC). s\u00f3n activitats enriquidores que ajuden en el desenvolupament i creixement integral dels nostres infants, a nivell personal, social i motriu. Realitzem col\u00f2nies de I4 a 6\u00e8. Intentem que al llarg de tota l&#8217;escolaritat l&#8217;estada sigui en diferents entorns geogr\u00e0fics.<\/p>\n<p>Les estades de col\u00f2nies considerem que tenen tenen dues finalitats principals:<\/p>\n<ul>\n<li>Fomentar el vincle entre companys\/es i mestres mitjan\u00e7ant la conviv\u00e8ncia en una altra situaci\u00f3 molt diferent al dia a dia de l&#8217;escola per tal d&#8217;enfortir les relacions de confian\u00e7a.<\/li>\n<li>Gaudir de la natura i l&#8217;activitat del lleure participant.<\/li>\n<\/ul>\n<p><strong>Les dates de les estades per aquest curs 22\/23 seran:<\/strong><\/p>\n<p><img decoding=\"async\" class=\"alignleft\" src=\"http:\/\/agora.xtec.cat\/escpompeufabrall\/wp-content\/uploads\/usu1056\/2018\/05\/colonies.png\" alt=\"TEMPS DE COL\u00d2NIES!!! | Escola Pompeu Fabra\" \/><\/p>\n<table style=\"border-collapse: collapse; width: 54.6971%; height: 492px;\">\n<tbody>\n<tr style=\"height: 59px;\">\n<td style=\"width: 9.10152%; height: 59px;\">\n<h4><strong><span style=\"color: #339966;\">CURSOS<\/span><\/strong><\/h4>\n<\/td>\n<td style=\"width: 16.7398%; height: 59px;\">\n<h4><strong><span style=\"color: #339966;\">DIES\u00a0<\/span><\/strong><\/h4>\n<\/td>\n<td style=\"width: 28.8557%; height: 59px;\">\n<h4><strong><span style=\"color: #339966;\">CASA DE COL\u00d2NIES, LLOC<\/span><\/strong><\/h4>\n<\/td>\n<\/tr>\n<tr style=\"height: 65px;\">\n<td style=\"width: 9.10152%; height: 65px;\">\n<h6><strong>I4<\/strong><\/h6>\n<\/td>\n<td style=\"width: 16.7398%; height: 65px;\">\n<h6><strong>30 i 31 de maig<\/strong><\/h6>\n<\/td>\n<td style=\"width: 28.8557%; height: 65px;\">\n<h6><strong>Can Ribes, Bigues i Riells<\/strong><\/h6>\n<\/td>\n<\/tr>\n<tr style=\"height: 46px;\">\n<td style=\"width: 9.10152%; height: 46px;\">\n<h6><strong>I5<\/strong><\/h6>\n<\/td>\n<td style=\"width: 16.7398%; height: 46px;\">\n<h6><strong>30 i 31 de maig<\/strong><\/h6>\n<\/td>\n<td style=\"width: 28.8557%; height: 46px;\">\n<h6><strong>Can Ribes, Bigues i Riells<\/strong><\/h6>\n<\/td>\n<\/tr>\n<tr style=\"height: 46px;\">\n<td style=\"width: 9.10152%; height: 46px;\">\n<h6><strong>1r<\/strong><\/h6>\n<\/td>\n<td style=\"width: 16.7398%; height: 46px;\">\n<h6><strong>15, 16 i 17 de novembre<\/strong><\/h6>\n<\/td>\n<td style=\"width: 28.8557%; height: 46px;\">\n<h6><strong>Mol\u00ed de la Riera, Sant Pere de Torell\u00f3<\/strong><\/h6>\n<\/td>\n<\/tr>\n<tr style=\"height: 46px;\">\n<td style=\"width: 9.10152%; height: 46px;\">\n<h6><strong>2n<\/strong><\/h6>\n<\/td>\n<td style=\"width: 16.7398%; height: 46px;\">\n<h6><strong>8, 9 i 10 de maig<\/strong><\/h6>\n<\/td>\n<td style=\"width: 28.8557%; height: 46px;\">\n<h6><strong>La Fosca, Palam\u00f3s<\/strong><\/h6>\n<\/td>\n<\/tr>\n<tr style=\"height: 46px;\">\n<td style=\"width: 9.10152%; height: 46px;\">\n<h6><strong>3r<\/strong><\/h6>\n<\/td>\n<td style=\"width: 16.7398%; height: 46px;\">\n<h6><strong>24, 25 i 26 d&#8217;abril<\/strong><\/h6>\n<\/td>\n<td style=\"width: 28.8557%; height: 46px;\">\n<h6><strong>Can Masseguer, Sant Feliu de Buixalleu<\/strong><\/h6>\n<\/td>\n<\/tr>\n<tr style=\"height: 46px;\">\n<td style=\"width: 9.10152%; height: 46px;\">\n<h6><strong>4t<\/strong><\/h6>\n<\/td>\n<td style=\"width: 16.7398%; height: 46px;\">\n<h6><strong>8, 9 i 10 de maig<\/strong><\/h6>\n<\/td>\n<td style=\"width: 28.8557%; height: 46px;\">\n<h6><strong>Can Rami\u00f3, Fogars de la Selva<\/strong><\/h6>\n<\/td>\n<\/tr>\n<tr style=\"height: 46px;\">\n<td style=\"width: 9.10152%; height: 46px;\">\n<h6><strong>5\u00e8<\/strong><\/h6>\n<\/td>\n<td style=\"width: 16.7398%; height: 46px;\">\n<h6><strong>15, 16 i 17 de maig<\/strong><\/h6>\n<\/td>\n<td style=\"width: 28.8557%; height: 46px;\">\n<h6><strong>Mas Pinsach, Mieres, Garrotxa<\/strong><\/h6>\n<\/td>\n<\/tr>\n<tr style=\"height: 46px;\">\n<td style=\"width: 9.10152%; height: 46px;\">\n<h6><strong>6\u00e8<\/strong><\/h6>\n<\/td>\n<td style=\"width: 16.7398%; height: 46px;\">\n<h6><strong>29, 30 i 31 de maig<\/strong><\/h6>\n<\/td>\n<td style=\"width: 28.8557%; height: 46px;\">\n<h6><strong>Torrefarrana, Bellcaire de l&#8217;Empord\u00e0<\/strong><\/h6>\n<\/td>\n<\/tr>\n<\/tbody>\n<\/table>\n<p>&nbsp;<\/p>\n","protected":false},"excerpt":{"rendered":"<p>Les sortides i col\u00f2nies es consideren activitats integrades en el Projecte Educatiu de Centre (PEC). s\u00f3n activitats enriquidores que ajuden en el desenvolupament i creixement integral dels nostres infants, a nivell personal, social i motriu. Realitzem col\u00f2nies de I4 a 6\u00e8. Intentem que al llarg&hellip;  <a href=\"https:\/\/agora.xtec.cat\/ceip-marenostrum-barcelona\/colonies\/\" title=\"Read Col\u00f2nies\">Llegeix m\u00e9s\u00bb<\/a><\/p>\n","protected":false},"author":1,"featured_media":0,"parent":0,"menu_order":0,"comment_status":"closed","ping_status":"closed","template":"","meta":{"_bbp_topic_count":0,"_bbp_reply_count":0,"_bbp_total_topic_count":0,"_bbp_total_reply_count":0,"_bbp_voice_count":0,"_bbp_anonymous_reply_count":0,"_bbp_topic_count_hidden":0,"_bbp_reply_count_hidden":0,"_bbp_forum_subforum_count":0,"footnotes":""},"class_list":["post-988","page","type-page","status-publish","hentry"],"post_mailing_queue_ids":[],"_links":{"self":[{"href":"https:\/\/agora.xtec.cat\/ceip-marenostrum-barcelona\/wp-json\/wp\/v2\/pages\/988","targetHints":{"allow":["GET"]}}],"collection":[{"href":"https:\/\/agora.xtec.cat\/ceip-marenostrum-barcelona\/wp-json\/wp\/v2\/pages"}],"about":[{"href":"https:\/\/agora.xtec.cat\/ceip-marenostrum-barcelona\/wp-json\/wp\/v2\/types\/page"}],"author":[{"embeddable":true,"href":"https:\/\/agora.xtec.cat\/ceip-marenostrum-barcelona\/wp-json\/wp\/v2\/users\/1"}],"replies":[{"embeddable":true,"href":"https:\/\/agora.xtec.cat\/ceip-marenostrum-barcelona\/wp-json\/wp\/v2\/comments?post=988"}],"version-history":[{"count":3,"href":"https:\/\/agora.xtec.cat\/ceip-marenostrum-barcelona\/wp-json\/wp\/v2\/pages\/988\/revisions"}],"predecessor-version":[{"id":1284,"href":"https:\/\/agora.xtec.cat\/ceip-marenostrum-barcelona\/wp-json\/wp\/v2\/pages\/988\/revisions\/1284"}],"wp:attachment":[{"href":"https:\/\/agora.xtec.cat\/ceip-marenostrum-barcelona\/wp-json\/wp\/v2\/media?parent=988"}],"curies":[{"name":"wp","href":"https:\/\/api.w.org\/{rel}","templated":true}]}}

Colònies

<p>Les sortides i colònies es consideren activitats integrades en el Projecte Educatiu de Centre (PEC). són activitats enriquidores que ajuden en el desenvolupament i creixement integral dels nostres infants, a nivell personal, social i motriu. Realitzem colònies de I4 a 6è. Intentem que al llarg de tota l&#8217;escolaritat l&#8217;estada sigui en diferents entorns geogràfics.</p>
<p>Les estades de colònies considerem que tenen tenen dues finalitats principals:</p>
<ul>
<li>Fomentar el vincle entre companys/es i mestres mitjançant la convivència en una altra situació molt diferent al dia a dia de l&#8217;escola per tal d&#8217;enfortir les relacions de confiança.</li>
<li>Gaudir de la natura i l&#8217;activitat del lleure participant.</li>
</ul>
<p><strong>Les dates de les estades per aquest curs 22/23 seran:</strong></p>
<p><img decoding="async" class="alignleft" src="http://agora.xtec.cat/escpompeufabrall/wp-content/uploads/usu1056/2018/05/colonies.png" alt="TEMPS DE COLÒNIES!!! | Escola Pompeu Fabra" /></p>
<table style="border-collapse: collapse; width: 54.6971%; height: 492px;">
<tbody>
<tr style="height: 59px;">
<td style="width: 9.10152%; height: 59px;">
<h4><strong><span style="color: #339966;">CURSOS</span></strong></h4>
</td>
<td style="width: 16.7398%; height: 59px;">
<h4><strong><span style="color: #339966;">DIES </span></strong></h4>
</td>
<td style="width: 28.8557%; height: 59px;">
<h4><strong><span style="color: #339966;">CASA DE COLÒNIES, LLOC</span></strong></h4>
</td>
</tr>
<tr style="height: 65px;">
<td style="width: 9.10152%; height: 65px;">
<h6><strong>I4</strong></h6>
</td>
<td style="width: 16.7398%; height: 65px;">
<h6><strong>30 i 31 de maig</strong></h6>
</td>
<td style="width: 28.8557%; height: 65px;">
<h6><strong>Can Ribes, Bigues i Riells</strong></h6>
</td>
</tr>
<tr style="height: 46px;">
<td style="width: 9.10152%; height: 46px;">
<h6><strong>I5</strong></h6>
</td>
<td style="width: 16.7398%; height: 46px;">
<h6><strong>30 i 31 de maig</strong></h6>
</td>
<td style="width: 28.8557%; height: 46px;">
<h6><strong>Can Ribes, Bigues i Riells</strong></h6>
</td>
</tr>
<tr style="height: 46px;">
<td style="width: 9.10152%; height: 46px;">
<h6><strong>1r</strong></h6>
</td>
<td style="width: 16.7398%; height: 46px;">
<h6><strong>15, 16 i 17 de novembre</strong></h6>
</td>
<td style="width: 28.8557%; height: 46px;">
<h6><strong>Molí de la Riera, Sant Pere de Torelló</strong></h6>
</td>
</tr>
<tr style="height: 46px;">
<td style="width: 9.10152%; height: 46px;">
<h6><strong>2n</strong></h6>
</td>
<td style="width: 16.7398%; height: 46px;">
<h6><strong>8, 9 i 10 de maig</strong></h6>
</td>
<td style="width: 28.8557%; height: 46px;">
<h6><strong>La Fosca, Palamós</strong></h6>
</td>
</tr>
<tr style="height: 46px;">
<td style="width: 9.10152%; height: 46px;">
<h6><strong>3r</strong></h6>
</td>
<td style="width: 16.7398%; height: 46px;">
<h6><strong>24, 25 i 26 d&#8217;abril</strong></h6>
</td>
<td style="width: 28.8557%; height: 46px;">
<h6><strong>Can Masseguer, Sant Feliu de Buixalleu</strong></h6>
</td>
</tr>
<tr style="height: 46px;">
<td style="width: 9.10152%; height: 46px;">
<h6><strong>4t</strong></h6>
</td>
<td style="width: 16.7398%; height: 46px;">
<h6><strong>8, 9 i 10 de maig</strong></h6>
</td>
<td style="width: 28.8557%; height: 46px;">
<h6><strong>Can Ramió, Fogars de la Selva</strong></h6>
</td>
</tr>
<tr style="height: 46px;">
<td style="width: 9.10152%; height: 46px;">
<h6><strong>5è</strong></h6>
</td>
<td style="width: 16.7398%; height: 46px;">
<h6><strong>15, 16 i 17 de maig</strong></h6>
</td>
<td style="width: 28.8557%; height: 46px;">
<h6><strong>Mas Pinsach, Mieres, Garrotxa</strong></h6>
</td>
</tr>
<tr style="height: 46px;">
<td style="width: 9.10152%; height: 46px;">
<h6><strong>6è</strong></h6>
</td>
<td style="width: 16.7398%; height: 46px;">
<h6><strong>29, 30 i 31 de maig</strong></h6>
</td>
<td style="width: 28.8557%; height: 46px;">
<h6><strong>Torrefarrana, Bellcaire de l&#8217;Empordà</strong></h6>
</td>
</tr>
</tbody>
</table>
<p>&nbsp;</p>

<p>Les sortides i colònies es consideren activitats integrades en el Projecte Educatiu de Centre (PEC). són activitats enriquidores que ajuden en el desenvolupament i creixement integral dels nostres infants, a nivell personal, social i motriu. Realitzem colònies de I4 a 6è. Intentem que al llarg&hellip;  <a href="https://agora.xtec.cat/ceip-marenostrum-barcelona/colonies/" title="Read Colònies">Llegeix més»</a></p>
