{"id":691,"date":"2022-06-03T11:00:38","date_gmt":"2022-06-03T09:00:38","guid":{"rendered":"https:\/\/agora.xtec.cat\/ceip-marenostrum-barcelona\/?page_id=691"},"modified":"2023-05-16T15:12:58","modified_gmt":"2023-05-16T13:12:58","slug":"pla-tac","status":"publish","type":"page","link":"https:\/\/agora.xtec.cat\/ceip-marenostrum-barcelona\/pla-tac\/","title":{"rendered":"Estrat\u00e8gia Digital de Centre i Cultura Digital"},"content":{"rendered":"<h3><span class=\" aw5Odc\"><a class=\"XqQF9c\" href=\"https:\/\/www.google.com\/url?q=https%3A%2F%2Fprojectes.xtec.cat%2Fedc-suport%2F&amp;sa=D&amp;sntz=1&amp;usg=AOvVaw2ZkXqNHB_2SGsNs-vOe5k1\" target=\"_blank\" rel=\"noopener\"><strong>L\u2019Estrat\u00e8gia Digital de Centre<\/strong><\/a><\/span>\u00a0(EDC) \u00e9s un document que recull totes les accions que es realitzen en un centre, i les que es realitzaran a mitj\u00e0 termini, per aconseguir la m\u00e0xima compet\u00e8ncia digital de l\u2019alumnat, del professorat i del centre educatiu. Ha de tenir com a referent el Pla d\u2019educaci\u00f3 digital de Catalunya (PEDC), on s\u2019indica la necessitat d\u2019assolir la fita d\u2019una societat digitalment competent, fent \u00e8mfasi en l\u2019equitat i tenint en compte l\u2019evoluci\u00f3 del context social i tecnol\u00f2gic.<\/h3>\n<p style=\"text-align: center;\"><iframe loading=\"lazy\" src=\"\/\/www.youtube.com\/embed\/uS5UUZIYLPQ\" width=\"560\" height=\"314\" allowfullscreen=\"allowfullscreen\"><\/iframe><\/p>\n<p>Cliqueu a la seg\u00fcent imatge per obtenir m\u00e9s informaci\u00f3 de l&#8217;Estrat\u00e8gia Digital a la nostra escola.<\/p>\n<p><a href=\"https:\/\/sites.google.com\/xtec.cat\/escola-mare-nostrum-edc\/inici\"><img loading=\"lazy\" decoding=\"async\" class=\"alignnone wp-image-1229\" src=\"https:\/\/agora.xtec.cat\/ceip-marenostrum-barcelona\/wp-content\/uploads\/usu2239\/2023\/01\/image1-e1673367215172-300x94.png\" alt=\"\" width=\"712\" height=\"223\" srcset=\"https:\/\/agora.xtec.cat\/ceip-marenostrum-barcelona\/wp-content\/uploads\/usu2239\/2023\/01\/image1-e1673367215172-300x94.png 300w, https:\/\/agora.xtec.cat\/ceip-marenostrum-barcelona\/wp-content\/uploads\/usu2239\/2023\/01\/image1-e1673367215172-1024x321.png 1024w, https:\/\/agora.xtec.cat\/ceip-marenostrum-barcelona\/wp-content\/uploads\/usu2239\/2023\/01\/image1-e1673367215172-768x241.png 768w, https:\/\/agora.xtec.cat\/ceip-marenostrum-barcelona\/wp-content\/uploads\/usu2239\/2023\/01\/image1-e1673367215172.png 1454w\" sizes=\"auto, (max-width: 712px) 100vw, 712px\" \/><\/a><\/p>\n<h4><\/h4>\n<p><a href=\"https:\/\/agora.xtec.cat\/ceip-marenostrum-barcelona\/wp-content\/uploads\/usu2239\/2022\/11\/Logotips-1.png\"><img loading=\"lazy\" decoding=\"async\" class=\"alignnone wp-image-1224\" src=\"https:\/\/agora.xtec.cat\/ceip-marenostrum-barcelona\/wp-content\/uploads\/usu2239\/2022\/11\/Logotips-1-300x26.png\" alt=\"\" width=\"1003\" height=\"87\" srcset=\"https:\/\/agora.xtec.cat\/ceip-marenostrum-barcelona\/wp-content\/uploads\/usu2239\/2022\/11\/Logotips-1-300x26.png 300w, https:\/\/agora.xtec.cat\/ceip-marenostrum-barcelona\/wp-content\/uploads\/usu2239\/2022\/11\/Logotips-1-1024x89.png 1024w, https:\/\/agora.xtec.cat\/ceip-marenostrum-barcelona\/wp-content\/uploads\/usu2239\/2022\/11\/Logotips-1-768x66.png 768w, https:\/\/agora.xtec.cat\/ceip-marenostrum-barcelona\/wp-content\/uploads\/usu2239\/2022\/11\/Logotips-1-1536x133.png 1536w, https:\/\/agora.xtec.cat\/ceip-marenostrum-barcelona\/wp-content\/uploads\/usu2239\/2022\/11\/Logotips-1.png 1538w\" sizes=\"auto, (max-width: 1003px) 100vw, 1003px\" \/><\/a><\/p>\n<p>&nbsp;<\/p>\n","protected":false},"excerpt":{"rendered":"<p><a class=\"XqQF9c\" href=\"https:\/\/www.google.com\/url?q=https%3A%2F%2Fprojectes.xtec.cat%2Fedc-suport%2F&amp;sa=D&amp;sntz=1&amp;usg=AOvVaw2ZkXqNHB_2SGsNs-vOe5k1\" target=\"_blank\" rel=\"noopener\">L\u2019Estrat\u00e8gia Digital de Centre<\/a>\u00a0(EDC) \u00e9s un document que recull totes les accions que es realitzen en un centre, i les que es realitzaran a mitj\u00e0 termini, per aconseguir la m\u00e0xima compet\u00e8ncia digital de l\u2019alumnat, del professorat i del centre educatiu. Ha&hellip;  <a href=\"https:\/\/agora.xtec.cat\/ceip-marenostrum-barcelona\/pla-tac\/\" title=\"Read Estrat\u00e8gia Digital de Centre i Cultura Digital\">Llegeix m\u00e9s\u00bb<\/a><\/p>\n","protected":false},"author":1,"featured_media":0,"parent":0,"menu_order":0,"comment_status":"closed","ping_status":"closed","template":"","meta":{"_bbp_topic_count":0,"_bbp_reply_count":0,"_bbp_total_topic_count":0,"_bbp_total_reply_count":0,"_bbp_voice_count":0,"_bbp_anonymous_reply_count":0,"_bbp_topic_count_hidden":0,"_bbp_reply_count_hidden":0,"_bbp_forum_subforum_count":0,"footnotes":""},"class_list":["post-691","page","type-page","status-publish","hentry"],"post_mailing_queue_ids":[],"_links":{"self":[{"href":"https:\/\/agora.xtec.cat\/ceip-marenostrum-barcelona\/wp-json\/wp\/v2\/pages\/691","targetHints":{"allow":["GET"]}}],"collection":[{"href":"https:\/\/agora.xtec.cat\/ceip-marenostrum-barcelona\/wp-json\/wp\/v2\/pages"}],"about":[{"href":"https:\/\/agora.xtec.cat\/ceip-marenostrum-barcelona\/wp-json\/wp\/v2\/types\/page"}],"author":[{"embeddable":true,"href":"https:\/\/agora.xtec.cat\/ceip-marenostrum-barcelona\/wp-json\/wp\/v2\/users\/1"}],"replies":[{"embeddable":true,"href":"https:\/\/agora.xtec.cat\/ceip-marenostrum-barcelona\/wp-json\/wp\/v2\/comments?post=691"}],"version-history":[{"count":4,"href":"https:\/\/agora.xtec.cat\/ceip-marenostrum-barcelona\/wp-json\/wp\/v2\/pages\/691\/revisions"}],"predecessor-version":[{"id":1254,"href":"https:\/\/agora.xtec.cat\/ceip-marenostrum-barcelona\/wp-json\/wp\/v2\/pages\/691\/revisions\/1254"}],"wp:attachment":[{"href":"https:\/\/agora.xtec.cat\/ceip-marenostrum-barcelona\/wp-json\/wp\/v2\/media?parent=691"}],"curies":[{"name":"wp","href":"https:\/\/api.w.org\/{rel}","templated":true}]}}

Estratègia Digital de Centre i Cultura Digital

<h3><span class=" aw5Odc"><a class="XqQF9c" href="https://www.google.com/url?q=https%3A%2F%2Fprojectes.xtec.cat%2Fedc-suport%2F&amp;sa=D&amp;sntz=1&amp;usg=AOvVaw2ZkXqNHB_2SGsNs-vOe5k1" target="_blank" rel="noopener"><strong>L’Estratègia Digital de Centre</strong></a></span> (EDC) és un document que recull totes les accions que es realitzen en un centre, i les que es realitzaran a mitjà termini, per aconseguir la màxima competència digital de l’alumnat, del professorat i del centre educatiu. Ha de tenir com a referent el Pla d’educació digital de Catalunya (PEDC), on s’indica la necessitat d’assolir la fita d’una societat digitalment competent, fent èmfasi en l’equitat i tenint en compte l’evolució del context social i tecnològic.</h3>
<p style="text-align: center;"><iframe loading="lazy" src="//www.youtube.com/embed/uS5UUZIYLPQ" width="560" height="314" allowfullscreen="allowfullscreen"></iframe></p>
<p>Cliqueu a la següent imatge per obtenir més informació de l&#8217;Estratègia Digital a la nostra escola.</p>
<p><a href="https://sites.google.com/xtec.cat/escola-mare-nostrum-edc/inici"><img loading="lazy" decoding="async" class="alignnone wp-image-1229" src="https://agora.xtec.cat/ceip-marenostrum-barcelona/wp-content/uploads/usu2239/2023/01/image1-e1673367215172-300x94.png" alt="" width="712" height="223" srcset="https://agora.xtec.cat/ceip-marenostrum-barcelona/wp-content/uploads/usu2239/2023/01/image1-e1673367215172-300x94.png 300w, https://agora.xtec.cat/ceip-marenostrum-barcelona/wp-content/uploads/usu2239/2023/01/image1-e1673367215172-1024x321.png 1024w, https://agora.xtec.cat/ceip-marenostrum-barcelona/wp-content/uploads/usu2239/2023/01/image1-e1673367215172-768x241.png 768w, https://agora.xtec.cat/ceip-marenostrum-barcelona/wp-content/uploads/usu2239/2023/01/image1-e1673367215172.png 1454w" sizes="auto, (max-width: 712px) 100vw, 712px" /></a></p>
<h4></h4>
<p><a href="https://agora.xtec.cat/ceip-marenostrum-barcelona/wp-content/uploads/usu2239/2022/11/Logotips-1.png"><img loading="lazy" decoding="async" class="alignnone wp-image-1224" src="https://agora.xtec.cat/ceip-marenostrum-barcelona/wp-content/uploads/usu2239/2022/11/Logotips-1-300x26.png" alt="" width="1003" height="87" srcset="https://agora.xtec.cat/ceip-marenostrum-barcelona/wp-content/uploads/usu2239/2022/11/Logotips-1-300x26.png 300w, https://agora.xtec.cat/ceip-marenostrum-barcelona/wp-content/uploads/usu2239/2022/11/Logotips-1-1024x89.png 1024w, https://agora.xtec.cat/ceip-marenostrum-barcelona/wp-content/uploads/usu2239/2022/11/Logotips-1-768x66.png 768w, https://agora.xtec.cat/ceip-marenostrum-barcelona/wp-content/uploads/usu2239/2022/11/Logotips-1-1536x133.png 1536w, https://agora.xtec.cat/ceip-marenostrum-barcelona/wp-content/uploads/usu2239/2022/11/Logotips-1.png 1538w" sizes="auto, (max-width: 1003px) 100vw, 1003px" /></a></p>
<p>&nbsp;</p>

<p><a class="XqQF9c" href="https://www.google.com/url?q=https%3A%2F%2Fprojectes.xtec.cat%2Fedc-suport%2F&amp;sa=D&amp;sntz=1&amp;usg=AOvVaw2ZkXqNHB_2SGsNs-vOe5k1" target="_blank" rel="noopener">L’Estratègia Digital de Centre</a> (EDC) és un document que recull totes les accions que es realitzen en un centre, i les que es realitzaran a mitjà termini, per aconseguir la màxima competència digital de l’alumnat, del professorat i del centre educatiu. Ha&hellip;  <a href="https://agora.xtec.cat/ceip-marenostrum-barcelona/pla-tac/" title="Read Estratègia Digital de Centre i Cultura Digital">Llegeix més»</a></p>
