{"id":669,"date":"2020-09-21T12:01:50","date_gmt":"2020-09-21T10:01:50","guid":{"rendered":"https:\/\/agora.xtec.cat\/ceip-marenostrum-barcelona\/?page_id=669"},"modified":"2020-10-05T15:09:47","modified_gmt":"2020-10-05T13:09:47","slug":"projecte-linguistic","status":"publish","type":"page","link":"https:\/\/agora.xtec.cat\/ceip-marenostrum-barcelona\/projecte-linguistic\/","title":{"rendered":"Projecte Ling\u00fc\u00edstic"},"content":{"rendered":"<header class=\"entry-header\">\n<h6 class=\"entry-title\"><\/h6>\n<\/header>\n<div class=\"entry-content\">\n<p><strong>El \u00a0PROJECTE LING\u00dc\u00cdSTIC<\/strong>\u00a0\u00e9s el marc de refer\u00e8ncia de l\u2019escola que condueix a l\u2019assoliment dels objectius\u00a0generals pel que fa a la la compet\u00e8ncia ling\u00fc\u00edstica.<\/p>\n<p>L\u2019\u00faltima actualitzaci\u00f3 del nostre PLC data del 12 de setembre de 2019.<\/p>\n<p><strong><em>Podeu accedir a la seva lectura clicant sobre la imatge.<\/em><\/strong><\/p>\n<p><a href=\"https:\/\/drive.google.com\/file\/d\/1QTS0fi9HCOdEqAlemKzaH8Pj1au1rGHN\/view?usp=sharing\"><img loading=\"lazy\" decoding=\"async\" class=\"size-full wp-image-680 alignleft\" src=\"https:\/\/agora.xtec.cat\/ceip-marenostrum-barcelona\/wp-content\/uploads\/usu2239\/2020\/09\/projecte-ling\u00fc\u00edstic.jpg\" alt=\"\" width=\"425\" height=\"282\" srcset=\"https:\/\/agora.xtec.cat\/ceip-marenostrum-barcelona\/wp-content\/uploads\/usu2239\/2020\/09\/projecte-ling\u00fc\u00edstic.jpg 425w, https:\/\/agora.xtec.cat\/ceip-marenostrum-barcelona\/wp-content\/uploads\/usu2239\/2020\/09\/projecte-ling\u00fc\u00edstic-300x199.jpg 300w\" sizes=\"auto, (max-width: 425px) 100vw, 425px\" \/><\/a><\/p>\n<\/div>\n","protected":false},"excerpt":{"rendered":"<p>El \u00a0PROJECTE LING\u00dc\u00cdSTIC\u00a0\u00e9s el marc de refer\u00e8ncia de l\u2019escola que condueix a l\u2019assoliment dels objectius\u00a0generals pel que fa a la la compet\u00e8ncia ling\u00fc\u00edstica.<br \/>\nL\u2019\u00faltima actualitzaci\u00f3 del nostre PLC data del 12 de setembre de 2019.<br \/>\nPodeu accedir a la seva lectura clicant sobre la imatge.<br \/>\n<a href=\"https:\/\/drive.google.com\/file\/d\/1QTS0fi9HCOdEqAlemKzaH8Pj1au1rGHN\/view?usp=sharing\"><\/a><\/p>\n","protected":false},"author":1,"featured_media":0,"parent":0,"menu_order":0,"comment_status":"closed","ping_status":"closed","template":"","meta":{"_bbp_topic_count":0,"_bbp_reply_count":0,"_bbp_total_topic_count":0,"_bbp_total_reply_count":0,"_bbp_voice_count":0,"_bbp_anonymous_reply_count":0,"_bbp_topic_count_hidden":0,"_bbp_reply_count_hidden":0,"_bbp_forum_subforum_count":0,"footnotes":""},"class_list":["post-669","page","type-page","status-publish","hentry"],"post_mailing_queue_ids":[],"_links":{"self":[{"href":"https:\/\/agora.xtec.cat\/ceip-marenostrum-barcelona\/wp-json\/wp\/v2\/pages\/669","targetHints":{"allow":["GET"]}}],"collection":[{"href":"https:\/\/agora.xtec.cat\/ceip-marenostrum-barcelona\/wp-json\/wp\/v2\/pages"}],"about":[{"href":"https:\/\/agora.xtec.cat\/ceip-marenostrum-barcelona\/wp-json\/wp\/v2\/types\/page"}],"author":[{"embeddable":true,"href":"https:\/\/agora.xtec.cat\/ceip-marenostrum-barcelona\/wp-json\/wp\/v2\/users\/1"}],"replies":[{"embeddable":true,"href":"https:\/\/agora.xtec.cat\/ceip-marenostrum-barcelona\/wp-json\/wp\/v2\/comments?post=669"}],"version-history":[{"count":3,"href":"https:\/\/agora.xtec.cat\/ceip-marenostrum-barcelona\/wp-json\/wp\/v2\/pages\/669\/revisions"}],"predecessor-version":[{"id":805,"href":"https:\/\/agora.xtec.cat\/ceip-marenostrum-barcelona\/wp-json\/wp\/v2\/pages\/669\/revisions\/805"}],"wp:attachment":[{"href":"https:\/\/agora.xtec.cat\/ceip-marenostrum-barcelona\/wp-json\/wp\/v2\/media?parent=669"}],"curies":[{"name":"wp","href":"https:\/\/api.w.org\/{rel}","templated":true}]}}

Projecte Lingüístic

<header class="entry-header">
<h6 class="entry-title"></h6>
</header>
<div class="entry-content">
<p><strong>El  PROJECTE LINGÜÍSTIC</strong> és el marc de referència de l’escola que condueix a l’assoliment dels objectius generals pel que fa a la la competència lingüística.</p>
<p>L’última actualització del nostre PLC data del 12 de setembre de 2019.</p>
<p><strong><em>Podeu accedir a la seva lectura clicant sobre la imatge.</em></strong></p>
<p><a href="https://drive.google.com/file/d/1QTS0fi9HCOdEqAlemKzaH8Pj1au1rGHN/view?usp=sharing"><img loading="lazy" decoding="async" class="size-full wp-image-680 alignleft" src="https://agora.xtec.cat/ceip-marenostrum-barcelona/wp-content/uploads/usu2239/2020/09/projecte-lingüístic.jpg" alt="" width="425" height="282" srcset="https://agora.xtec.cat/ceip-marenostrum-barcelona/wp-content/uploads/usu2239/2020/09/projecte-lingüístic.jpg 425w, https://agora.xtec.cat/ceip-marenostrum-barcelona/wp-content/uploads/usu2239/2020/09/projecte-lingüístic-300x199.jpg 300w" sizes="auto, (max-width: 425px) 100vw, 425px" /></a></p>
</div>

<p>El  PROJECTE LINGÜÍSTIC és el marc de referència de l’escola que condueix a l’assoliment dels objectius generals pel que fa a la la competència lingüística.<br />
L’última actualització del nostre PLC data del 12 de setembre de 2019.<br />
Podeu accedir a la seva lectura clicant sobre la imatge.<br />
<a href="https://drive.google.com/file/d/1QTS0fi9HCOdEqAlemKzaH8Pj1au1rGHN/view?usp=sharing"></a></p>
