{"id":665,"date":"2020-09-21T12:01:07","date_gmt":"2020-09-21T10:01:07","guid":{"rendered":"https:\/\/agora.xtec.cat\/ceip-marenostrum-barcelona\/?page_id=665"},"modified":"2021-03-03T11:11:51","modified_gmt":"2021-03-03T10:11:51","slug":"pec","status":"publish","type":"page","link":"https:\/\/agora.xtec.cat\/ceip-marenostrum-barcelona\/pec\/","title":{"rendered":"PEC"},"content":{"rendered":"<p class=\"Default\">El PEC \u00e9s la concreci\u00f3 i adaptaci\u00f3 als trets caracter\u00edstics del centre de tota la normativa educativa que regula les seves activitats i per tant, tamb\u00e9 implica un desplegament de la LEC en el marc de l\u2019escola.<\/p>\n<p>El <strong>PEC<\/strong> recull i concreta totes les decisions, identifica els trets diferenciadors, concreta les <strong>estrat\u00e8gies i els objectius de l&#8217;escola Mare Nostrum<\/strong>. El PEC \u00e9s el full de ruta, un marc de refer\u00e8ncia integral, vinculat a un espai i un temps, din\u00e0mic, flexible i que requereix d\u2019una revisi\u00f3 i actualitzaci\u00f3 constants per adaptar-lo i adequar-lo a una realitat i unes necessitats canviants.<\/p>\n<p><strong><em>Podeu accedir a la seva lectura clicant sobre la imatge.<\/em><\/strong><\/p>\n<p><a href=\"https:\/\/drive.google.com\/file\/d\/1o7eQLZeoA11xw2Pw_IJBkYdUX-xioUsS\/view?usp=sharing\"><img loading=\"lazy\" decoding=\"async\" class=\"alignnone size-full wp-image-687\" src=\"https:\/\/agora.xtec.cat\/ceip-marenostrum-barcelona\/wp-content\/uploads\/usu2239\/2020\/09\/PEC_ICON.png\" alt=\"\" width=\"200\" height=\"200\" srcset=\"https:\/\/agora.xtec.cat\/ceip-marenostrum-barcelona\/wp-content\/uploads\/usu2239\/2020\/09\/PEC_ICON.png 200w, https:\/\/agora.xtec.cat\/ceip-marenostrum-barcelona\/wp-content\/uploads\/usu2239\/2020\/09\/PEC_ICON-150x150.png 150w\" sizes=\"auto, (max-width: 200px) 100vw, 200px\" \/><\/a><\/p>\n<p><!--more--><\/p>\n","protected":false},"excerpt":{"rendered":"<p>El PEC \u00e9s la concreci\u00f3 i adaptaci\u00f3 als trets caracter\u00edstics del centre de tota la normativa educativa que regula les seves activitats i per tant, tamb\u00e9 implica un desplegament de la LEC en el marc de l\u2019escola.<br \/>\nEl PEC recull i concreta totes les decisions, identifica&hellip;  <a href=\"https:\/\/agora.xtec.cat\/ceip-marenostrum-barcelona\/pec\/\" title=\"Read PEC\">Llegeix m\u00e9s\u00bb<\/a><\/p>\n","protected":false},"author":1,"featured_media":0,"parent":0,"menu_order":0,"comment_status":"closed","ping_status":"closed","template":"","meta":{"_bbp_topic_count":0,"_bbp_reply_count":0,"_bbp_total_topic_count":0,"_bbp_total_reply_count":0,"_bbp_voice_count":0,"_bbp_anonymous_reply_count":0,"_bbp_topic_count_hidden":0,"_bbp_reply_count_hidden":0,"_bbp_forum_subforum_count":0,"footnotes":""},"class_list":["post-665","page","type-page","status-publish","hentry"],"post_mailing_queue_ids":[],"_links":{"self":[{"href":"https:\/\/agora.xtec.cat\/ceip-marenostrum-barcelona\/wp-json\/wp\/v2\/pages\/665","targetHints":{"allow":["GET"]}}],"collection":[{"href":"https:\/\/agora.xtec.cat\/ceip-marenostrum-barcelona\/wp-json\/wp\/v2\/pages"}],"about":[{"href":"https:\/\/agora.xtec.cat\/ceip-marenostrum-barcelona\/wp-json\/wp\/v2\/types\/page"}],"author":[{"embeddable":true,"href":"https:\/\/agora.xtec.cat\/ceip-marenostrum-barcelona\/wp-json\/wp\/v2\/users\/1"}],"replies":[{"embeddable":true,"href":"https:\/\/agora.xtec.cat\/ceip-marenostrum-barcelona\/wp-json\/wp\/v2\/comments?post=665"}],"version-history":[{"count":3,"href":"https:\/\/agora.xtec.cat\/ceip-marenostrum-barcelona\/wp-json\/wp\/v2\/pages\/665\/revisions"}],"predecessor-version":[{"id":915,"href":"https:\/\/agora.xtec.cat\/ceip-marenostrum-barcelona\/wp-json\/wp\/v2\/pages\/665\/revisions\/915"}],"wp:attachment":[{"href":"https:\/\/agora.xtec.cat\/ceip-marenostrum-barcelona\/wp-json\/wp\/v2\/media?parent=665"}],"curies":[{"name":"wp","href":"https:\/\/api.w.org\/{rel}","templated":true}]}}