{"id":663,"date":"2020-09-21T12:00:33","date_gmt":"2020-09-21T10:00:33","guid":{"rendered":"https:\/\/agora.xtec.cat\/ceip-marenostrum-barcelona\/?page_id=663"},"modified":"2021-04-26T12:45:47","modified_gmt":"2021-04-26T10:45:47","slug":"afa","status":"publish","type":"page","link":"https:\/\/agora.xtec.cat\/ceip-marenostrum-barcelona\/afa\/","title":{"rendered":"AFA"},"content":{"rendered":"<p><strong>Qui som?<\/strong><\/p>\n<div>\n<p>L\u2019AFA som tots els pares i mares de l\u2019escola, integrats de forma volunt\u00e0ria, sense \u00e0nim de lucre i amb total independ\u00e8ncia.<\/p>\n<p><strong>Qu\u00e8 volem?<\/strong><\/p>\n<p>Volem fomentar la participaci\u00f3 dels pares i mares dins el centre.<\/p>\n<p><strong>Com ho fem?<\/strong><\/p>\n<ul>\n<li>Col.laborant en les activitats educatives del centre<\/li>\n<li>Participant activament en el Consell Escolar del Centre<\/li>\n<li>Representant amb dos delegats els pares i mares de cada classe<\/li>\n<li>Creant un nexe d\u2019uni\u00f3 entre pares, mares i tutors<\/li>\n<li>Implicant-nos en diferents activitats de dinamitzaci\u00f3 de la comunitat educativa<\/li>\n<\/ul>\n<p><strong><em>visita el lloc web si vols contactar amb l\u2019AFA<\/em><\/strong><\/p>\n<p><a href=\"https:\/\/afamarenostrum.cat\/\"><img loading=\"lazy\" decoding=\"async\" class=\"alignnone wp-image-711\" src=\"https:\/\/agora.xtec.cat\/ceip-marenostrum-barcelona\/wp-content\/uploads\/usu2239\/2020\/09\/cropped-Logo-Nou.png\" alt=\"\" width=\"407\" height=\"168\" srcset=\"https:\/\/agora.xtec.cat\/ceip-marenostrum-barcelona\/wp-content\/uploads\/usu2239\/2020\/09\/cropped-Logo-Nou.png 446w, https:\/\/agora.xtec.cat\/ceip-marenostrum-barcelona\/wp-content\/uploads\/usu2239\/2020\/09\/cropped-Logo-Nou-300x124.png 300w\" sizes=\"auto, (max-width: 407px) 100vw, 407px\" \/><\/a><\/p>\n<\/div>\n","protected":false},"excerpt":{"rendered":"<p>Qui som?<\/p>\n<p>L\u2019AFA som tots els pares i mares de l\u2019escola, integrats de forma volunt\u00e0ria, sense \u00e0nim de lucre i amb total independ\u00e8ncia.<br \/>\nQu\u00e8 volem?<br \/>\nVolem fomentar la participaci\u00f3 dels pares i mares dins el centre.<br \/>\nCom ho fem?<\/p>\n<ul>\n<li>Col.laborant en les activitats educatives del centre<\/li>\n<li>Participant activament en el Consell&hellip;  <a href=\"https:\/\/agora.xtec.cat\/ceip-marenostrum-barcelona\/afa\/\" title=\"Read AFA\">Llegeix m\u00e9s\u00bb<\/a><br \/>\n","protected":false},"author":1,"featured_media":0,"parent":0,"menu_order":0,"comment_status":"closed","ping_status":"closed","template":"","meta":{"_bbp_topic_count":0,"_bbp_reply_count":0,"_bbp_total_topic_count":0,"_bbp_total_reply_count":0,"_bbp_voice_count":0,"_bbp_anonymous_reply_count":0,"_bbp_topic_count_hidden":0,"_bbp_reply_count_hidden":0,"_bbp_forum_subforum_count":0,"footnotes":""},"class_list":["post-663","page","type-page","status-publish","hentry"],"post_mailing_queue_ids":[],"_links":{"self":[{"href":"https:\/\/agora.xtec.cat\/ceip-marenostrum-barcelona\/wp-json\/wp\/v2\/pages\/663","targetHints":{"allow":["GET"]}}],"collection":[{"href":"https:\/\/agora.xtec.cat\/ceip-marenostrum-barcelona\/wp-json\/wp\/v2\/pages"}],"about":[{"href":"https:\/\/agora.xtec.cat\/ceip-marenostrum-barcelona\/wp-json\/wp\/v2\/types\/page"}],"author":[{"embeddable":true,"href":"https:\/\/agora.xtec.cat\/ceip-marenostrum-barcelona\/wp-json\/wp\/v2\/users\/1"}],"replies":[{"embeddable":true,"href":"https:\/\/agora.xtec.cat\/ceip-marenostrum-barcelona\/wp-json\/wp\/v2\/comments?post=663"}],"version-history":[{"count":4,"href":"https:\/\/agora.xtec.cat\/ceip-marenostrum-barcelona\/wp-json\/wp\/v2\/pages\/663\/revisions"}],"predecessor-version":[{"id":1316,"href":"https:\/\/agora.xtec.cat\/ceip-marenostrum-barcelona\/wp-json\/wp\/v2\/pages\/663\/revisions\/1316"}],"wp:attachment":[{"href":"https:\/\/agora.xtec.cat\/ceip-marenostrum-barcelona\/wp-json\/wp\/v2\/media?parent=663"}],"curies":[{"name":"wp","href":"https:\/\/api.w.org\/{rel}","templated":true}]}}

<p><strong>Qui som?</strong></p>
<div>
<p>L’AFA som tots els pares i mares de l’escola, integrats de forma voluntària, sense ànim de lucre i amb total independència.</p>
<p><strong>Què volem?</strong></p>
<p>Volem fomentar la participació dels pares i mares dins el centre.</p>
<p><strong>Com ho fem?</strong></p>
<ul>
<li>Col.laborant en les activitats educatives del centre</li>
<li>Participant activament en el Consell Escolar del Centre</li>
<li>Representant amb dos delegats els pares i mares de cada classe</li>
<li>Creant un nexe d’unió entre pares, mares i tutors</li>
<li>Implicant-nos en diferents activitats de dinamització de la comunitat educativa</li>
</ul>
<p><strong><em>visita el lloc web si vols contactar amb l’AFA</em></strong></p>
<p><a href="https://afamarenostrum.cat/"><img loading="lazy" decoding="async" class="alignnone wp-image-711" src="https://agora.xtec.cat/ceip-marenostrum-barcelona/wp-content/uploads/usu2239/2020/09/cropped-Logo-Nou.png" alt="" width="407" height="168" srcset="https://agora.xtec.cat/ceip-marenostrum-barcelona/wp-content/uploads/usu2239/2020/09/cropped-Logo-Nou.png 446w, https://agora.xtec.cat/ceip-marenostrum-barcelona/wp-content/uploads/usu2239/2020/09/cropped-Logo-Nou-300x124.png 300w" sizes="auto, (max-width: 407px) 100vw, 407px" /></a></p>
</div>

<p>Qui som?</p>
<p>L’AFA som tots els pares i mares de l’escola, integrats de forma voluntària, sense ànim de lucre i amb total independència.<br />
Què volem?<br />
Volem fomentar la participació dels pares i mares dins el centre.<br />
Com ho fem?</p>
<ul>
<li>Col.laborant en les activitats educatives del centre</li>
<li>Participant activament en el Consell&hellip;  <a href="https://agora.xtec.cat/ceip-marenostrum-barcelona/afa/" title="Read AFA">Llegeix més»</a><br />
