{"id":64,"date":"2014-09-18T12:39:08","date_gmt":"2014-09-18T12:39:08","guid":{"rendered":"http:\/\/agora.xtec.cat\/ceip-mare-deu-horta-ivars\/?page_id=64"},"modified":"2026-03-11T13:27:46","modified_gmt":"2026-03-11T12:27:46","slug":"projecte-educatiu","status":"publish","type":"page","link":"https:\/\/agora.xtec.cat\/ceip-mare-deu-horta-ivars\/projecte-educatiu\/","title":{"rendered":"DOCUMENTS OFICIALS DE CENTRE"},"content":{"rendered":"<div style=\"text-align: center;\">\n<div style=\"text-align: left;\">Tots els documents<\/div>\n<div><\/div>\n<div style=\"margin: 8px 0px 4px;\">\n<div style=\"text-align: center;\">\n<div style=\"text-align: center;\">\n<table style=\"height: 425px; width: 64.4223%;\" width=\"754\">\n<tbody>\n<tr style=\"height: 61px;\">\n<td style=\"width: 136px; height: 61px;\">Nom del document<\/td>\n<td style=\"width: 349px; height: 61px;\">Descripci\u00f3 del document<\/td>\n<td style=\"width: 117px; height: 61px;\">Creat<\/td>\n<td style=\"width: 140px; height: 61px;\">Etiqueta<\/td>\n<td style=\"width: 140px; height: 61px;\">Darrera actualitzaci\u00f3<\/td>\n<\/tr>\n<tr style=\"height: 31px;\">\n<td style=\"width: 136px; height: 31px;\"><a href=\"https:\/\/drive.google.com\/file\/d\/1uCnrAExLRAKhZcUK0KFjmo7OenDSohLL\/view?usp=share_link\">Projecte Educatiu (PEC)<\/a><\/td>\n<td style=\"width: 349px; height: 31px;\"><span style=\"background-color: #ffffff;\">L&#8217;ess\u00e8ncia del nostre fer\u00a0<\/span><\/td>\n<td style=\"width: 117px; height: 31px;\">2018<\/td>\n<td style=\"width: 140px; height: 31px;\">Projecte<\/td>\n<td style=\"width: 140px; height: 31px;\">11\/04\/2018<\/td>\n<\/tr>\n<tr style=\"height: 31px;\">\n<td style=\"width: 136px; height: 31px;\"><a href=\"https:\/\/drive.google.com\/drive\/folders\/1YHNN0k1IITlvfRRW2GdcVmwjCPPkgL9T?dmr=1&amp;ec=wgc-drive-globalnav-goto\">NOFC<\/a><\/td>\n<td style=\"width: 349px; height: 31px;\">Normes d&#8217;Organitzaci\u00f3 i Funcionament de Centre<\/td>\n<td style=\"width: 117px; height: 31px;\">2014-15<\/td>\n<td style=\"width: 140px; height: 31px;\">Normes, Organitzaci\u00f3, Funcionament<\/td>\n<td style=\"width: 140px; height: 31px;\">17\/06\/2025<\/td>\n<\/tr>\n<tr style=\"height: 31px;\">\n<td style=\"width: 136px; height: 31px;\"><a href=\"https:\/\/drive.google.com\/drive\/folders\/1KK7Q2X-st9Xp7jUwDMwEL8OSWjSG9Fva?dmr=1&amp;ec=wgc-drive-globalnav-goto\">PLC<\/a><\/td>\n<td style=\"width: 349px; height: 31px;\">Projecte Ling\u00fc\u00edstic de Centre<\/td>\n<td style=\"width: 117px; height: 31px;\">2017-2018<\/td>\n<td style=\"width: 140px; height: 31px;\">Lleng\u00fces<\/td>\n<td style=\"width: 140px; height: 31px;\">2020<\/td>\n<\/tr>\n<tr style=\"height: 31px;\">\n<td style=\"width: 136px; height: 31px;\"><a href=\"https:\/\/drive.google.com\/drive\/folders\/1p1S4G8s4robZnjOVjwE2TIHhFV7fSVUw?dmr=1&amp;ec=wgc-drive-globalnav-goto\">Carta Comprom\u00eds Infantil Web<\/a><\/td>\n<td style=\"width: 349px; height: 31px;\">Carta de Comprom\u00eds del centre de l&#8217;etapa d&#8217;Educaci\u00f3 Infantil<\/td>\n<td style=\"width: 117px; height: 31px;\">2025<\/td>\n<td style=\"width: 140px; height: 31px;\">Comprom\u00eds, Infantil<\/td>\n<td style=\"width: 140px; height: 31px;\"><\/td>\n<\/tr>\n<tr style=\"height: 31px;\">\n<td style=\"width: 136px; height: 31px;\"><a href=\"https:\/\/drive.google.com\/drive\/folders\/1pvtwEq_XcNdd0d5hzv21ZcCURaOQ9pZq?dmr=1&amp;ec=wgc-drive-globalnav-goto\">Carta Comprom\u00eds Prim\u00e0ria Web<\/a><\/td>\n<td style=\"width: 349px; height: 31px;\">Carta de Comprom\u00eds del centre de l&#8217;etapa d&#8217;Educaci\u00f3 Prim\u00e0ria<\/td>\n<td style=\"width: 117px; height: 31px;\">2025<\/td>\n<td style=\"width: 140px; height: 31px;\">Comprom\u00eds, Prim\u00e0ria<\/td>\n<td style=\"width: 140px; height: 31px;\"><\/td>\n<\/tr>\n<\/tbody>\n<\/table>\n<div style=\"margin: 4px 0px 8px;\"><\/div>\n<\/div>\n<\/div>\n<\/div>\n<\/div>\n","protected":false},"excerpt":{"rendered":"<p>Tots els documents Nom del document Descripci\u00f3 del document Creat Etiqueta Darrera actualitzaci\u00f3 Projecte Educatiu (PEC) L&#8217;ess\u00e8ncia del nostre fer\u00a0 2018 Projecte 11\/04\/2018 NOFC Normes d&#8217;Organitzaci\u00f3 i Funcionament de Centre 2014-15 Normes, Organitzaci\u00f3, Funcionament 17\/06\/2025 PLC Projecte Ling\u00fc\u00edstic de Centre 2017-2018 Lleng\u00fces 2020 Carta Comprom\u00eds Infantil Web Carta de Comprom\u00eds del centre de l&#8217;etapa d&#8217;Educaci\u00f3 [&hellip;]<\/p>\n","protected":false},"author":2,"featured_media":0,"parent":0,"menu_order":0,"comment_status":"closed","ping_status":"closed","template":"page-templates\/side-menu.php","meta":{"_bbp_topic_count":0,"_bbp_reply_count":0,"_bbp_total_topic_count":0,"_bbp_total_reply_count":0,"_bbp_voice_count":0,"_bbp_anonymous_reply_count":0,"_bbp_topic_count_hidden":0,"_bbp_reply_count_hidden":0,"_bbp_forum_subforum_count":0,"site-sidebar-layout":"default","site-content-layout":"","ast-site-content-layout":"","site-content-style":"default","site-sidebar-style":"default","ast-global-header-display":"","ast-banner-title-visibility":"","ast-main-header-display":"","ast-hfb-above-header-display":"","ast-hfb-below-header-display":"","ast-hfb-mobile-header-display":"","site-post-title":"","ast-breadcrumbs-content":"","ast-featured-img":"","footer-sml-layout":"","theme-transparent-header-meta":"","adv-header-id-meta":"","stick-header-meta":"","header-above-stick-meta":"","header-main-stick-meta":"","header-below-stick-meta":"","astra-migrate-meta-layouts":"default","ast-page-background-enabled":"default","ast-page-background-meta":{"desktop":{"background-color":"var(--ast-global-color-4)","background-image":"","background-repeat":"repeat","background-position":"center center","background-size":"auto","background-attachment":"scroll","background-type":"","background-media":"","overlay-type":"","overlay-color":"","overlay-opacity":"","overlay-gradient":""},"tablet":{"background-color":"","background-image":"","background-repeat":"repeat","background-position":"center center","background-size":"auto","background-attachment":"scroll","background-type":"","background-media":"","overlay-type":"","overlay-color":"","overlay-opacity":"","overlay-gradient":""},"mobile":{"background-color":"","background-image":"","background-repeat":"repeat","background-position":"center center","background-size":"auto","background-attachment":"scroll","background-type":"","background-media":"","overlay-type":"","overlay-color":"","overlay-opacity":"","overlay-gradient":""}},"ast-content-background-meta":{"desktop":{"background-color":"var(--ast-global-color-5)","background-image":"","background-repeat":"repeat","background-position":"center center","background-size":"auto","background-attachment":"scroll","background-type":"","background-media":"","overlay-type":"","overlay-color":"","overlay-opacity":"","overlay-gradient":""},"tablet":{"background-color":"var(--ast-global-color-5)","background-image":"","background-repeat":"repeat","background-position":"center center","background-size":"auto","background-attachment":"scroll","background-type":"","background-media":"","overlay-type":"","overlay-color":"","overlay-opacity":"","overlay-gradient":""},"mobile":{"background-color":"var(--ast-global-color-5)","background-image":"","background-repeat":"repeat","background-position":"center center","background-size":"auto","background-attachment":"scroll","background-type":"","background-media":"","overlay-type":"","overlay-color":"","overlay-opacity":"","overlay-gradient":""}},"footnotes":""},"class_list":["post-64","page","type-page","status-publish","hentry"],"post_mailing_queue_ids":[],"_links":{"self":[{"href":"https:\/\/agora.xtec.cat\/ceip-mare-deu-horta-ivars\/wp-json\/wp\/v2\/pages\/64","targetHints":{"allow":["GET"]}}],"collection":[{"href":"https:\/\/agora.xtec.cat\/ceip-mare-deu-horta-ivars\/wp-json\/wp\/v2\/pages"}],"about":[{"href":"https:\/\/agora.xtec.cat\/ceip-mare-deu-horta-ivars\/wp-json\/wp\/v2\/types\/page"}],"author":[{"embeddable":true,"href":"https:\/\/agora.xtec.cat\/ceip-mare-deu-horta-ivars\/wp-json\/wp\/v2\/users\/2"}],"replies":[{"embeddable":true,"href":"https:\/\/agora.xtec.cat\/ceip-mare-deu-horta-ivars\/wp-json\/wp\/v2\/comments?post=64"}],"version-history":[{"count":4,"href":"https:\/\/agora.xtec.cat\/ceip-mare-deu-horta-ivars\/wp-json\/wp\/v2\/pages\/64\/revisions"}],"predecessor-version":[{"id":4239,"href":"https:\/\/agora.xtec.cat\/ceip-mare-deu-horta-ivars\/wp-json\/wp\/v2\/pages\/64\/revisions\/4239"}],"wp:attachment":[{"href":"https:\/\/agora.xtec.cat\/ceip-mare-deu-horta-ivars\/wp-json\/wp\/v2\/media?parent=64"}],"curies":[{"name":"wp","href":"https:\/\/api.w.org\/{rel}","templated":true}]}}