{"id":32,"date":"2014-09-18T12:31:33","date_gmt":"2014-09-18T12:31:33","guid":{"rendered":"http:\/\/agora.xtec.cat\/ceip-mare-deu-horta-ivars\/?page_id=32"},"modified":"2025-09-05T14:51:59","modified_gmt":"2025-09-05T12:51:59","slug":"calendari-del-curs","status":"publish","type":"page","link":"https:\/\/agora.xtec.cat\/ceip-mare-deu-horta-ivars\/calendari-curs-23-24\/calendari-del-curs\/","title":{"rendered":"CALENDARI CURS 25-26"},"content":{"rendered":"<p><img loading=\"lazy\" decoding=\"async\" class=\"aligncenter wp-image-4010\" src=\"https:\/\/agora.xtec.cat\/ceip-mare-deu-horta-ivars\/wp-content\/uploads\/usu201\/2025\/07\/CALENDARI-ESCOLAR-1.jpg\" alt=\"\" width=\"1237\" height=\"1749\" srcset=\"https:\/\/agora.xtec.cat\/ceip-mare-deu-horta-ivars\/wp-content\/uploads\/usu201\/2025\/07\/CALENDARI-ESCOLAR-1.jpg 1414w, https:\/\/agora.xtec.cat\/ceip-mare-deu-horta-ivars\/wp-content\/uploads\/usu201\/2025\/07\/CALENDARI-ESCOLAR-1-212x300.jpg 212w, https:\/\/agora.xtec.cat\/ceip-mare-deu-horta-ivars\/wp-content\/uploads\/usu201\/2025\/07\/CALENDARI-ESCOLAR-1-724x1024.jpg 724w, https:\/\/agora.xtec.cat\/ceip-mare-deu-horta-ivars\/wp-content\/uploads\/usu201\/2025\/07\/CALENDARI-ESCOLAR-1-768x1086.jpg 768w, https:\/\/agora.xtec.cat\/ceip-mare-deu-horta-ivars\/wp-content\/uploads\/usu201\/2025\/07\/CALENDARI-ESCOLAR-1-1086x1536.jpg 1086w\" sizes=\"auto, (max-width: 1237px) 100vw, 1237px\" \/><\/p>\n<p><strong>Inici de les classes d&#8217;Educaci\u00f3 Infantil i Prim\u00e0ria: 8<\/strong> de setembre de 2025<\/p>\n<p><strong>Horari escolar:<\/strong><\/p>\n<p>mat\u00ed: de 8:30h a 12:00h<\/p>\n<p>tarda: de 15:00h a 16:30h<\/p>\n<p><strong>Vacances de Nadal:<\/strong> del 22 de desembre de 2025 al 7 de gener de 2026<\/p>\n<p><strong>Vacances de Setmana Santa:<\/strong> del 28 de mar\u00e7\u00a0 al\u00a0 6 d&#8217;abril 2026<\/p>\n<p><strong>Acaben les classes a tots els centres:<\/strong> 19 de juny de 2026<\/p>\n<p><strong>Festes de lliure disposici\u00f3:<\/strong> 17 octubre de 2025, 16 de febrer de 2026, 13 de mar\u00e7 de 2026 i 30 d&#8217;abril de 2026.<\/p>\n<p><strong>Festes locals: 1 de desembre\u00a0 <\/strong>de 2025 i 8 de juny de 2026.<\/p>\n<p><strong>Jornada continuada:<\/strong> 19 de desembre de 2025 i del 9 al 19 de juny de 2026.<\/p>\n<p><strong>SEP i Bilbioteca:<\/strong> dilluns i dimarts de 12h a 12:45h<\/p>\n<p><strong>Les classes en jornada continuada acaben a les 12:30h del mat\u00ed.<\/strong><\/p>\n<p>&nbsp;<\/p>\n","protected":false},"excerpt":{"rendered":"<p>Inici de les classes d&#8217;Educaci\u00f3 Infantil i Prim\u00e0ria: 8 de setembre de 2025 Horari escolar: mat\u00ed: de 8:30h a 12:00h tarda: de 15:00h a 16:30h Vacances de Nadal: del 22 de desembre de 2025 al 7 de gener de 2026 Vacances de Setmana Santa: del 28 de mar\u00e7\u00a0 al\u00a0 6 d&#8217;abril 2026 Acaben les classes [&hellip;]<\/p>\n","protected":false},"author":2,"featured_media":0,"parent":3536,"menu_order":50,"comment_status":"closed","ping_status":"closed","template":"page-templates\/side-menu.php","meta":{"_bbp_topic_count":0,"_bbp_reply_count":0,"_bbp_total_topic_count":0,"_bbp_total_reply_count":0,"_bbp_voice_count":0,"_bbp_anonymous_reply_count":0,"_bbp_topic_count_hidden":0,"_bbp_reply_count_hidden":0,"_bbp_forum_subforum_count":0,"site-sidebar-layout":"default","site-content-layout":"","ast-site-content-layout":"","site-content-style":"default","site-sidebar-style":"default","ast-global-header-display":"","ast-banner-title-visibility":"","ast-main-header-display":"","ast-hfb-above-header-display":"","ast-hfb-below-header-display":"","ast-hfb-mobile-header-display":"","site-post-title":"","ast-breadcrumbs-content":"","ast-featured-img":"","footer-sml-layout":"","theme-transparent-header-meta":"","adv-header-id-meta":"","stick-header-meta":"","header-above-stick-meta":"","header-main-stick-meta":"","header-below-stick-meta":"","astra-migrate-meta-layouts":"default","ast-page-background-enabled":"default","ast-page-background-meta":{"desktop":{"background-color":"var(--ast-global-color-4)","background-image":"","background-repeat":"repeat","background-position":"center center","background-size":"auto","background-attachment":"scroll","background-type":"","background-media":"","overlay-type":"","overlay-color":"","overlay-opacity":"","overlay-gradient":""},"tablet":{"background-color":"","background-image":"","background-repeat":"repeat","background-position":"center center","background-size":"auto","background-attachment":"scroll","background-type":"","background-media":"","overlay-type":"","overlay-color":"","overlay-opacity":"","overlay-gradient":""},"mobile":{"background-color":"","background-image":"","background-repeat":"repeat","background-position":"center center","background-size":"auto","background-attachment":"scroll","background-type":"","background-media":"","overlay-type":"","overlay-color":"","overlay-opacity":"","overlay-gradient":""}},"ast-content-background-meta":{"desktop":{"background-color":"var(--ast-global-color-5)","background-image":"","background-repeat":"repeat","background-position":"center center","background-size":"auto","background-attachment":"scroll","background-type":"","background-media":"","overlay-type":"","overlay-color":"","overlay-opacity":"","overlay-gradient":""},"tablet":{"background-color":"var(--ast-global-color-5)","background-image":"","background-repeat":"repeat","background-position":"center center","background-size":"auto","background-attachment":"scroll","background-type":"","background-media":"","overlay-type":"","overlay-color":"","overlay-opacity":"","overlay-gradient":""},"mobile":{"background-color":"var(--ast-global-color-5)","background-image":"","background-repeat":"repeat","background-position":"center center","background-size":"auto","background-attachment":"scroll","background-type":"","background-media":"","overlay-type":"","overlay-color":"","overlay-opacity":"","overlay-gradient":""}},"footnotes":""},"class_list":["post-32","page","type-page","status-publish","hentry"],"post_mailing_queue_ids":[],"_links":{"self":[{"href":"https:\/\/agora.xtec.cat\/ceip-mare-deu-horta-ivars\/wp-json\/wp\/v2\/pages\/32","targetHints":{"allow":["GET"]}}],"collection":[{"href":"https:\/\/agora.xtec.cat\/ceip-mare-deu-horta-ivars\/wp-json\/wp\/v2\/pages"}],"about":[{"href":"https:\/\/agora.xtec.cat\/ceip-mare-deu-horta-ivars\/wp-json\/wp\/v2\/types\/page"}],"author":[{"embeddable":true,"href":"https:\/\/agora.xtec.cat\/ceip-mare-deu-horta-ivars\/wp-json\/wp\/v2\/users\/2"}],"replies":[{"embeddable":true,"href":"https:\/\/agora.xtec.cat\/ceip-mare-deu-horta-ivars\/wp-json\/wp\/v2\/comments?post=32"}],"version-history":[{"count":6,"href":"https:\/\/agora.xtec.cat\/ceip-mare-deu-horta-ivars\/wp-json\/wp\/v2\/pages\/32\/revisions"}],"predecessor-version":[{"id":4021,"href":"https:\/\/agora.xtec.cat\/ceip-mare-deu-horta-ivars\/wp-json\/wp\/v2\/pages\/32\/revisions\/4021"}],"up":[{"embeddable":true,"href":"https:\/\/agora.xtec.cat\/ceip-mare-deu-horta-ivars\/wp-json\/wp\/v2\/pages\/3536"}],"wp:attachment":[{"href":"https:\/\/agora.xtec.cat\/ceip-mare-deu-horta-ivars\/wp-json\/wp\/v2\/media?parent=32"}],"curies":[{"name":"wp","href":"https:\/\/api.w.org\/{rel}","templated":true}]}}

<p><img loading="lazy" decoding="async" class="aligncenter wp-image-4010" src="https://agora.xtec.cat/ceip-mare-deu-horta-ivars/wp-content/uploads/usu201/2025/07/CALENDARI-ESCOLAR-1.jpg" alt="" width="1237" height="1749" srcset="https://agora.xtec.cat/ceip-mare-deu-horta-ivars/wp-content/uploads/usu201/2025/07/CALENDARI-ESCOLAR-1.jpg 1414w, https://agora.xtec.cat/ceip-mare-deu-horta-ivars/wp-content/uploads/usu201/2025/07/CALENDARI-ESCOLAR-1-212x300.jpg 212w, https://agora.xtec.cat/ceip-mare-deu-horta-ivars/wp-content/uploads/usu201/2025/07/CALENDARI-ESCOLAR-1-724x1024.jpg 724w, https://agora.xtec.cat/ceip-mare-deu-horta-ivars/wp-content/uploads/usu201/2025/07/CALENDARI-ESCOLAR-1-768x1086.jpg 768w, https://agora.xtec.cat/ceip-mare-deu-horta-ivars/wp-content/uploads/usu201/2025/07/CALENDARI-ESCOLAR-1-1086x1536.jpg 1086w" sizes="auto, (max-width: 1237px) 100vw, 1237px" /></p>
<p><strong>Inici de les classes d&#8217;Educació Infantil i Primària: 8</strong> de setembre de 2025</p>
<p><strong>Horari escolar:</strong></p>
<p>matí: de 8:30h a 12:00h</p>
<p>tarda: de 15:00h a 16:30h</p>
<p><strong>Vacances de Nadal:</strong> del 22 de desembre de 2025 al 7 de gener de 2026</p>
<p><strong>Vacances de Setmana Santa:</strong> del 28 de març  al  6 d&#8217;abril 2026</p>
<p><strong>Acaben les classes a tots els centres:</strong> 19 de juny de 2026</p>
<p><strong>Festes de lliure disposició:</strong> 17 octubre de 2025, 16 de febrer de 2026, 13 de març de 2026 i 30 d&#8217;abril de 2026.</p>
<p><strong>Festes locals: 1 de desembre  </strong>de 2025 i 8 de juny de 2026.</p>
<p><strong>Jornada continuada:</strong> 19 de desembre de 2025 i del 9 al 19 de juny de 2026.</p>
<p><strong>SEP i Bilbioteca:</strong> dilluns i dimarts de 12h a 12:45h</p>
<p><strong>Les classes en jornada continuada acaben a les 12:30h del matí.</strong></p>
<p>&nbsp;</p>

<p>Inici de les classes d&#8217;Educació Infantil i Primària: 8 de setembre de 2025 Horari escolar: matí: de 8:30h a 12:00h tarda: de 15:00h a 16:30h Vacances de Nadal: del 22 de desembre de 2025 al 7 de gener de 2026 Vacances de Setmana Santa: del 28 de març  al  6 d&#8217;abril 2026 Acaben les classes [&hellip;]</p>
