{"id":71,"date":"2014-09-18T12:44:56","date_gmt":"2014-09-18T11:44:56","guid":{"rendered":"http:\/\/agora.xtec.cat\/ceip-marcel-li-moragas\/?page_id=71"},"modified":"2025-01-16T11:02:49","modified_gmt":"2025-01-16T10:02:49","slug":"serveis-digitals","status":"publish","type":"page","link":"https:\/\/agora.xtec.cat\/ceip-marcel-li-moragas\/serveis\/serveis-digitals\/","title":{"rendered":"Clickedu"},"content":{"rendered":"<p><img loading=\"lazy\" decoding=\"async\" class=\"alignleft\" src=\"https:\/\/play-lh.googleusercontent.com\/McALrUf7Rgz6yOky04dbNocN7DDCrRly_GH0COtUI3tS5l5Uvd5L6d_ujqKkQ1fuIIY\" alt=\"Clickedu - Aplicaciones en Google Play\" width=\"75\" height=\"75\" \/><\/p>\n<p style=\"text-align: left;\">Ja fa molts cursos que estem treballant amb la plataforma Clickedu com a eina d&#8217;organitzaci\u00f3, gesti\u00f3 i comunicaci\u00f3 escolar.<\/p>\n<p style=\"text-align: left;\">A la plataforma podeu consultar les dades personals del\/de la vostre\/a fill\/a, la seva assist\u00e8ncia, les fotografies del seu grup i els esdeveniments i not\u00edcies de l&#8217;escola.<\/p>\n<p style=\"text-align: left;\">Cada curs incrementem l&#8217;\u00fas que en fem de la plataforma i les seves possibilitats de comunicaci\u00f3. Per aquest motiu, seria convenient disposar d&#8217;una adre\u00e7a electr\u00f2nica on us puguem enviar les<br \/>\nnotificacions.<\/p>\n<p style=\"text-align: left;\">Per poder introduir o modificar l&#8217;adre\u00e7a electr\u00f2nica i la resta de dades a la plataforma heu de seguir els seg\u00fcents passos:<br \/>\n&#8211; Dirigiu-vos a l&#8217;adre\u00e7a: marcellimoragas.clickedu.eu<br \/>\n&#8211; Per accedir haureu d&#8217;introduir el vostre nom d&#8217;usuari i la contrasenya.<br \/>\n&#8211; Aneu a l&#8217;apartat &#8220;LA MEVA FITXA&#8221;.<br \/>\n&#8211; Cliqueu a la pestanya &#8220;DADES PERSONALS&#8221;<br \/>\n&#8211; Sota el punt de COMUNICACI\u00d3, cliqueu al llapis de MODIFICAR.<br \/>\n&#8211; Busqueu l&#8217;apartat del correu electr\u00f2nic i l&#8217;escriviu.<br \/>\n&#8211; Al final de la p\u00e0gina cliqueu &#8220;ACCEPTAR&#8221;<\/p>\n<p style=\"text-align: left;\">Si teniu qualsevol dubte, consulteu a l&#8217;escola. Gr\u00e0cies per la vostra col\u00b7laboraci\u00f3.<\/p>\n<p style=\"text-align: left;\">A continuaci\u00f3 us deixem dos enlla\u00e7os d&#8217;instruccions per si voleu instal\u00b7lar la app de clickedu al vostre dispositiu m\u00f2bil:<\/p>\n<p><a href=\"https:\/\/clickedu.freshdesk.com\/ca\/support\/solutions\/articles\/103000062362-introducci%C3%B3-a-l-app\" target=\"_blank\" rel=\"noopener\">Introducci\u00f3 a l&#8217;app<\/a><a href=\"https:\/\/clickedu.freshdesk.com\/ca\/support\/solutions\/articles\/103000062364-eines-de-l-app-per-a-les-fam%C3%ADlies\" target=\"_blank\" rel=\"noopener\"><br \/>\nEines de l&#8217;app per a les fam\u00edlies <\/a><\/p>\n","protected":false},"excerpt":{"rendered":"<p>Ja fa molts cursos que estem treballant amb la plataforma Clickedu com a eina d&#8217;organitzaci\u00f3, gesti\u00f3 i comunicaci\u00f3 escolar. A la plataforma podeu consultar les dades personals del\/de la vostre\/a fill\/a, la seva assist\u00e8ncia, les fotografies del seu grup i els esdeveniments i not\u00edcies de l&#8217;escola. Cada curs incrementem l&#8217;\u00fas que en fem de la [&hellip;]<\/p>\n","protected":false},"author":1,"featured_media":0,"parent":66,"menu_order":10,"comment_status":"closed","ping_status":"closed","template":"page-templates\/side-menu.php","meta":{"_bbp_topic_count":0,"_bbp_reply_count":0,"_bbp_total_topic_count":0,"_bbp_total_reply_count":0,"_bbp_voice_count":0,"_bbp_anonymous_reply_count":0,"_bbp_topic_count_hidden":0,"_bbp_reply_count_hidden":0,"_bbp_forum_subforum_count":0,"site-sidebar-layout":"default","site-content-layout":"","ast-site-content-layout":"","site-content-style":"default","site-sidebar-style":"default","ast-global-header-display":"","ast-banner-title-visibility":"","ast-main-header-display":"","ast-hfb-above-header-display":"","ast-hfb-below-header-display":"","ast-hfb-mobile-header-display":"","site-post-title":"","ast-breadcrumbs-content":"","ast-featured-img":"","footer-sml-layout":"","theme-transparent-header-meta":"","adv-header-id-meta":"","stick-header-meta":"","header-above-stick-meta":"","header-main-stick-meta":"","header-below-stick-meta":"","astra-migrate-meta-layouts":"default","ast-page-background-enabled":"default","ast-page-background-meta":{"desktop":{"background-color":"var(--ast-global-color-4)","background-image":"","background-repeat":"repeat","background-position":"center center","background-size":"auto","background-attachment":"scroll","background-type":"","background-media":"","overlay-type":"","overlay-color":"","overlay-opacity":"","overlay-gradient":""},"tablet":{"background-color":"","background-image":"","background-repeat":"repeat","background-position":"center center","background-size":"auto","background-attachment":"scroll","background-type":"","background-media":"","overlay-type":"","overlay-color":"","overlay-opacity":"","overlay-gradient":""},"mobile":{"background-color":"","background-image":"","background-repeat":"repeat","background-position":"center center","background-size":"auto","background-attachment":"scroll","background-type":"","background-media":"","overlay-type":"","overlay-color":"","overlay-opacity":"","overlay-gradient":""}},"ast-content-background-meta":{"desktop":{"background-color":"var(--ast-global-color-5)","background-image":"","background-repeat":"repeat","background-position":"center center","background-size":"auto","background-attachment":"scroll","background-type":"","background-media":"","overlay-type":"","overlay-color":"","overlay-opacity":"","overlay-gradient":""},"tablet":{"background-color":"var(--ast-global-color-5)","background-image":"","background-repeat":"repeat","background-position":"center center","background-size":"auto","background-attachment":"scroll","background-type":"","background-media":"","overlay-type":"","overlay-color":"","overlay-opacity":"","overlay-gradient":""},"mobile":{"background-color":"var(--ast-global-color-5)","background-image":"","background-repeat":"repeat","background-position":"center center","background-size":"auto","background-attachment":"scroll","background-type":"","background-media":"","overlay-type":"","overlay-color":"","overlay-opacity":"","overlay-gradient":""}},"footnotes":""},"class_list":["post-71","page","type-page","status-publish","hentry"],"post_mailing_queue_ids":[],"_links":{"self":[{"href":"https:\/\/agora.xtec.cat\/ceip-marcel-li-moragas\/wp-json\/wp\/v2\/pages\/71","targetHints":{"allow":["GET"]}}],"collection":[{"href":"https:\/\/agora.xtec.cat\/ceip-marcel-li-moragas\/wp-json\/wp\/v2\/pages"}],"about":[{"href":"https:\/\/agora.xtec.cat\/ceip-marcel-li-moragas\/wp-json\/wp\/v2\/types\/page"}],"author":[{"embeddable":true,"href":"https:\/\/agora.xtec.cat\/ceip-marcel-li-moragas\/wp-json\/wp\/v2\/users\/1"}],"replies":[{"embeddable":true,"href":"https:\/\/agora.xtec.cat\/ceip-marcel-li-moragas\/wp-json\/wp\/v2\/comments?post=71"}],"version-history":[{"count":4,"href":"https:\/\/agora.xtec.cat\/ceip-marcel-li-moragas\/wp-json\/wp\/v2\/pages\/71\/revisions"}],"predecessor-version":[{"id":1699,"href":"https:\/\/agora.xtec.cat\/ceip-marcel-li-moragas\/wp-json\/wp\/v2\/pages\/71\/revisions\/1699"}],"up":[{"embeddable":true,"href":"https:\/\/agora.xtec.cat\/ceip-marcel-li-moragas\/wp-json\/wp\/v2\/pages\/66"}],"wp:attachment":[{"href":"https:\/\/agora.xtec.cat\/ceip-marcel-li-moragas\/wp-json\/wp\/v2\/media?parent=71"}],"curies":[{"name":"wp","href":"https:\/\/api.w.org\/{rel}","templated":true}]}}