{"id":4303,"date":"2026-03-02T09:22:44","date_gmt":"2026-03-02T08:22:44","guid":{"rendered":"https:\/\/agora.xtec.cat\/ceip-marcel-li-moragas\/?page_id=4303"},"modified":"2026-04-14T10:29:54","modified_gmt":"2026-04-14T08:29:54","slug":"noticies","status":"publish","type":"page","link":"https:\/\/agora.xtec.cat\/ceip-marcel-li-moragas\/educacio-i-families\/noticies\/","title":{"rendered":"Not\u00edcies"},"content":{"rendered":"<h4 data-path-to-node=\"8,0\"><b data-path-to-node=\"8,0\" data-index-in-node=\"0\">Com ser\u00e0 l&#8217;educaci\u00f3 dels nostres fills i filles aquest curs?<\/b><\/h4>\n<ul>\n<li data-path-to-node=\"8,1\">Benvolgudes fam\u00edlies, us compartim un resum de l&#8217;actualitat educativa d&#8217;aquest mes de febrer.\u00a0Com a escola, creiem que \u00e9s clau estar informats i reflexionar junts sobre aquests canvis que, tard o d&#8217;hora, entren a casa nostra i a les nostres aules. <strong>Us convidem a fer una ullada a aquest v\u00eddeo de la Fundaci\u00f3 Bofill per entendre millor els reptes que tenim per davant.<br \/>\n<\/strong><\/li>\n<\/ul>\n<div class=\"ast-oembed-container \" style=\"height: 100%;\"><iframe loading=\"lazy\" title=\"IA a l&#039;aula, menys ci\u00e8ncies, abandonament i protestes | Les not\u00edcies d\u2019educaci\u00f3 \u00b7 febrer 2026 \ud83d\udcf0\" width=\"500\" height=\"281\" src=\"https:\/\/www.youtube.com\/embed\/R3ROv4gB9sQ?feature=oembed\" frameborder=\"0\" allow=\"accelerometer; autoplay; clipboard-write; encrypted-media; gyroscope; picture-in-picture; web-share\" referrerpolicy=\"strict-origin-when-cross-origin\" allowfullscreen><\/iframe><\/div>\n<p>&nbsp;<\/p>\n<hr \/>\n<p>Espanya registra 2,1 milions de nens amb obesitat o exc\u00e9s de pes.<\/p>\n<p>Segons l&#8217;informe &#8216;World Obesity Atlas 2026&#8217;, publicat aquest dimecres per la Federaci\u00f3 Mundial d&#8217;Obesitat, Espanya \u00e9s un dels 15 pa\u00efsos que van registrar una disminuci\u00f3 anual de la prevalen\u00e7a d&#8217;aquesta malaltia cr\u00f2nica i &#8220;multifactorial&#8221; entre el 2010 i el 2025 en menors d&#8217;entre 10 i 19 anys.<\/p>\n<p><a href=\"https:\/\/agora.xtec.cat\/ceip-marcel-li-moragas\/wp-content\/uploads\/usu2333\/2026\/04\/8981titulo00.jpg\"><img loading=\"lazy\" decoding=\"async\" class=\"aligncenter size-full wp-image-4403\" src=\"https:\/\/agora.xtec.cat\/ceip-marcel-li-moragas\/wp-content\/uploads\/usu2333\/2026\/04\/8981titulo00.jpg\" alt=\"\" width=\"800\" height=\"300\" srcset=\"https:\/\/agora.xtec.cat\/ceip-marcel-li-moragas\/wp-content\/uploads\/usu2333\/2026\/04\/8981titulo00.jpg 800w, https:\/\/agora.xtec.cat\/ceip-marcel-li-moragas\/wp-content\/uploads\/usu2333\/2026\/04\/8981titulo00-300x113.jpg 300w, https:\/\/agora.xtec.cat\/ceip-marcel-li-moragas\/wp-content\/uploads\/usu2333\/2026\/04\/8981titulo00-768x288.jpg 768w\" sizes=\"auto, (max-width: 800px) 100vw, 800px\" \/><\/a><\/p>\n<p>La Federaci\u00f3 Mundial d&#8217;Obesitat ha publicat el seu informe anual aquest dimecres 4 de mar\u00e7 quan se celebra el Dia Mundial de l&#8217;Obesitat. Un treball, anomenat World Obesity Atlas 2026, que torna a posar el focus aquest any a l&#8217;obesitat infantil. Segons les dades, m\u00e9s de 2,1 milions de nens en edat escolar viuen amb sobrep\u00e8s o obesitat a Espanya, encara que aquesta xifra est\u00e0 prevista que disminueixi de cara al 2040, l&#8217;any fins al que s&#8217;han elaborat les projeccions&#8230;<\/p>\n<p><a href=\"https:\/\/waece.org\/boletines\/noticia\/index.php?boletin=1161&amp;articuloNum=8981\"><strong>Segueix llegint<\/strong><\/a><\/p>\n","protected":false},"excerpt":{"rendered":"<p>Com ser\u00e0 l&#8217;educaci\u00f3 dels nostres fills i filles aquest curs? Benvolgudes fam\u00edlies, us compartim un resum de l&#8217;actualitat educativa d&#8217;aquest mes de febrer.\u00a0Com a escola, creiem que \u00e9s clau estar informats i reflexionar junts sobre aquests canvis que, tard o d&#8217;hora, entren a casa nostra i a les nostres aules. Us convidem a fer una [&hellip;]<\/p>\n","protected":false},"author":1,"featured_media":0,"parent":1997,"menu_order":4,"comment_status":"closed","ping_status":"closed","template":"","meta":{"_bbp_topic_count":0,"_bbp_reply_count":0,"_bbp_total_topic_count":0,"_bbp_total_reply_count":0,"_bbp_voice_count":0,"_bbp_anonymous_reply_count":0,"_bbp_topic_count_hidden":0,"_bbp_reply_count_hidden":0,"_bbp_forum_subforum_count":0,"site-sidebar-layout":"default","site-content-layout":"","ast-site-content-layout":"default","site-content-style":"default","site-sidebar-style":"default","ast-global-header-display":"","ast-banner-title-visibility":"","ast-main-header-display":"","ast-hfb-above-header-display":"","ast-hfb-below-header-display":"","ast-hfb-mobile-header-display":"","site-post-title":"","ast-breadcrumbs-content":"","ast-featured-img":"","footer-sml-layout":"","theme-transparent-header-meta":"default","adv-header-id-meta":"","stick-header-meta":"","header-above-stick-meta":"","header-main-stick-meta":"","header-below-stick-meta":"","astra-migrate-meta-layouts":"set","ast-page-background-enabled":"default","ast-page-background-meta":{"desktop":{"background-color":"var(--ast-global-color-4)","background-image":"","background-repeat":"repeat","background-position":"center center","background-size":"auto","background-attachment":"scroll","background-type":"","background-media":"","overlay-type":"","overlay-color":"","overlay-opacity":"","overlay-gradient":""},"tablet":{"background-color":"","background-image":"","background-repeat":"repeat","background-position":"center center","background-size":"auto","background-attachment":"scroll","background-type":"","background-media":"","overlay-type":"","overlay-color":"","overlay-opacity":"","overlay-gradient":""},"mobile":{"background-color":"","background-image":"","background-repeat":"repeat","background-position":"center center","background-size":"auto","background-attachment":"scroll","background-type":"","background-media":"","overlay-type":"","overlay-color":"","overlay-opacity":"","overlay-gradient":""}},"ast-content-background-meta":{"desktop":{"background-color":"var(--ast-global-color-5)","background-image":"","background-repeat":"repeat","background-position":"center center","background-size":"auto","background-attachment":"scroll","background-type":"","background-media":"","overlay-type":"","overlay-color":"","overlay-opacity":"","overlay-gradient":""},"tablet":{"background-color":"var(--ast-global-color-5)","background-image":"","background-repeat":"repeat","background-position":"center center","background-size":"auto","background-attachment":"scroll","background-type":"","background-media":"","overlay-type":"","overlay-color":"","overlay-opacity":"","overlay-gradient":""},"mobile":{"background-color":"var(--ast-global-color-5)","background-image":"","background-repeat":"repeat","background-position":"center center","background-size":"auto","background-attachment":"scroll","background-type":"","background-media":"","overlay-type":"","overlay-color":"","overlay-opacity":"","overlay-gradient":""}},"footnotes":""},"class_list":["post-4303","page","type-page","status-publish","hentry"],"post_mailing_queue_ids":[],"_links":{"self":[{"href":"https:\/\/agora.xtec.cat\/ceip-marcel-li-moragas\/wp-json\/wp\/v2\/pages\/4303","targetHints":{"allow":["GET"]}}],"collection":[{"href":"https:\/\/agora.xtec.cat\/ceip-marcel-li-moragas\/wp-json\/wp\/v2\/pages"}],"about":[{"href":"https:\/\/agora.xtec.cat\/ceip-marcel-li-moragas\/wp-json\/wp\/v2\/types\/page"}],"author":[{"embeddable":true,"href":"https:\/\/agora.xtec.cat\/ceip-marcel-li-moragas\/wp-json\/wp\/v2\/users\/1"}],"replies":[{"embeddable":true,"href":"https:\/\/agora.xtec.cat\/ceip-marcel-li-moragas\/wp-json\/wp\/v2\/comments?post=4303"}],"version-history":[{"count":6,"href":"https:\/\/agora.xtec.cat\/ceip-marcel-li-moragas\/wp-json\/wp\/v2\/pages\/4303\/revisions"}],"predecessor-version":[{"id":4420,"href":"https:\/\/agora.xtec.cat\/ceip-marcel-li-moragas\/wp-json\/wp\/v2\/pages\/4303\/revisions\/4420"}],"up":[{"embeddable":true,"href":"https:\/\/agora.xtec.cat\/ceip-marcel-li-moragas\/wp-json\/wp\/v2\/pages\/1997"}],"wp:attachment":[{"href":"https:\/\/agora.xtec.cat\/ceip-marcel-li-moragas\/wp-json\/wp\/v2\/media?parent=4303"}],"curies":[{"name":"wp","href":"https:\/\/api.w.org\/{rel}","templated":true}]}}