{"id":3229,"date":"2025-02-07T12:05:36","date_gmt":"2025-02-07T11:05:36","guid":{"rendered":"https:\/\/agora.xtec.cat\/ceip-marcel-li-moragas\/?page_id=3229"},"modified":"2025-10-30T11:27:30","modified_gmt":"2025-10-30T10:27:30","slug":"glifing","status":"publish","type":"page","link":"https:\/\/agora.xtec.cat\/ceip-marcel-li-moragas\/projecte-educatiu\/glifing\/","title":{"rendered":"Glifing"},"content":{"rendered":"<p><img loading=\"lazy\" decoding=\"async\" class=\"alignright wp-image-3232\" src=\"https:\/\/agora.xtec.cat\/ceip-marcel-li-moragas\/wp-content\/uploads\/usu2333\/2025\/02\/images-1.png\" alt=\"\" width=\"132\" height=\"45\" srcset=\"https:\/\/agora.xtec.cat\/ceip-marcel-li-moragas\/wp-content\/uploads\/usu2333\/2025\/02\/images-1.png 385w, https:\/\/agora.xtec.cat\/ceip-marcel-li-moragas\/wp-content\/uploads\/usu2333\/2025\/02\/images-1-300x102.png 300w\" sizes=\"auto, (max-width: 132px) 100vw, 132px\" \/><\/p>\n<p style=\"text-align: justify;\">Anem a entrenar la lectura. El m\u00e8tode <strong><span style=\"color: #ff9900;\">Glifing<\/span><\/strong> consisteix en realitzar sessions d&#8217;entrenament de manera intensiva i sistem\u00e0tica, dissenyades per enfortir els &#8220;m\u00fasculs lectors&#8221; del nostre cervell.<\/p>\n<p style=\"text-align: justify;\">En la sessi\u00f3 d&#8217;inici coneixerem a en <strong><span style=\"color: #ff6600;\">Glif<\/span><\/strong> i la <strong><span style=\"color: #ff6600;\">Bet<\/span><\/strong> que ens indicaran quina sessi\u00f3 toca fer i apareixeran les instruccions de cada activitat. Entrenant la lectura podem aconseguir llegir m\u00e9s r\u00e0pid i comprendre millor el que es llegeix.<\/p>\n<ul style=\"list-style-type: circle;\">\n<li><a href=\"https:\/\/platform.glifing.com\/login\" target=\"_blank\" rel=\"noopener\">Acc\u00e9s a Glifing<\/a><\/li>\n<\/ul>\n<p>\u2192 <a href=\"https:\/\/drive.google.com\/file\/d\/1OWoL0PILVen2E5X7jcZQTTeYIG6Vqw6s\/view?usp=drive_link\" target=\"_blank\" rel=\"noopener\">Manual d\u2019usuari<\/a>.<\/p>\n<p>El debat sobre l&#8217;\u00fas de les pantalles marca aquest inici de curs. A <strong>Glifing<\/strong> oferim una mirada <strong>pedag\u00f2gica i basada en evid\u00e8ncia.<\/strong><\/p>\n<p><strong>Montserrat Garcia<\/strong> explica riscos i estrat\u00e8gies pr\u00e0ctiques per a fam\u00edlies i docents en el v\u00eddeo <strong>&#8220;Infants i pantalles&#8221;<\/strong><\/p>\n<div class=\"ast-oembed-container \" style=\"height: 100%;\"><iframe loading=\"lazy\" title=\"Infants i pantalles: \u00fas conscient de les pantalles en l&#039;aprenentatge\" width=\"500\" height=\"281\" src=\"https:\/\/www.youtube.com\/embed\/IALDvnjUYzc?feature=oembed\" frameborder=\"0\" allow=\"accelerometer; autoplay; clipboard-write; encrypted-media; gyroscope; picture-in-picture; web-share\" referrerpolicy=\"strict-origin-when-cross-origin\" allowfullscreen><\/iframe><\/div>\n<p>La soluci\u00f3 no \u00e9s<strong> evitar, \u00e9s gestionar. <\/strong><\/p>\n<p>Guia pr\u00e0ctica amb an\u00e0lisi de riscos, recomanacions i claus del m\u00e8tode Glifing que resumeix com gestionar l&#8217;\u00fas de pantalles per millorar la lectoescriptura.<\/p>\n<ul>\n<li><strong><a href=\"https:\/\/agora.xtec.cat\/ceip-marcel-li-moragas\/wp-content\/uploads\/usu2333\/2025\/10\/Pantalles_i_Infants_CA_curso_25-26-1.pdf\">Pantalles i Infants CA curso 25-26<\/a><\/strong><\/li>\n<\/ul>\n","protected":false},"excerpt":{"rendered":"<p>Anem a entrenar la lectura. El m\u00e8tode Glifing consisteix en realitzar sessions d&#8217;entrenament de manera intensiva i sistem\u00e0tica, dissenyades per enfortir els &#8220;m\u00fasculs lectors&#8221; del nostre cervell. En la sessi\u00f3 d&#8217;inici coneixerem a en Glif i la Bet que ens indicaran quina sessi\u00f3 toca fer i apareixeran les instruccions de cada activitat. Entrenant la lectura [&hellip;]<\/p>\n","protected":false},"author":1,"featured_media":0,"parent":64,"menu_order":3,"comment_status":"closed","ping_status":"closed","template":"","meta":{"_bbp_topic_count":0,"_bbp_reply_count":0,"_bbp_total_topic_count":0,"_bbp_total_reply_count":0,"_bbp_voice_count":0,"_bbp_anonymous_reply_count":0,"_bbp_topic_count_hidden":0,"_bbp_reply_count_hidden":0,"_bbp_forum_subforum_count":0,"site-sidebar-layout":"default","site-content-layout":"","ast-site-content-layout":"default","site-content-style":"default","site-sidebar-style":"default","ast-global-header-display":"","ast-banner-title-visibility":"","ast-main-header-display":"","ast-hfb-above-header-display":"","ast-hfb-below-header-display":"","ast-hfb-mobile-header-display":"","site-post-title":"","ast-breadcrumbs-content":"","ast-featured-img":"","footer-sml-layout":"","theme-transparent-header-meta":"default","adv-header-id-meta":"","stick-header-meta":"","header-above-stick-meta":"","header-main-stick-meta":"","header-below-stick-meta":"","astra-migrate-meta-layouts":"set","ast-page-background-enabled":"default","ast-page-background-meta":{"desktop":{"background-color":"var(--ast-global-color-4)","background-image":"","background-repeat":"repeat","background-position":"center center","background-size":"auto","background-attachment":"scroll","background-type":"","background-media":"","overlay-type":"","overlay-color":"","overlay-opacity":"","overlay-gradient":""},"tablet":{"background-color":"","background-image":"","background-repeat":"repeat","background-position":"center center","background-size":"auto","background-attachment":"scroll","background-type":"","background-media":"","overlay-type":"","overlay-color":"","overlay-opacity":"","overlay-gradient":""},"mobile":{"background-color":"","background-image":"","background-repeat":"repeat","background-position":"center center","background-size":"auto","background-attachment":"scroll","background-type":"","background-media":"","overlay-type":"","overlay-color":"","overlay-opacity":"","overlay-gradient":""}},"ast-content-background-meta":{"desktop":{"background-color":"var(--ast-global-color-5)","background-image":"","background-repeat":"repeat","background-position":"center center","background-size":"auto","background-attachment":"scroll","background-type":"","background-media":"","overlay-type":"","overlay-color":"","overlay-opacity":"","overlay-gradient":""},"tablet":{"background-color":"var(--ast-global-color-5)","background-image":"","background-repeat":"repeat","background-position":"center center","background-size":"auto","background-attachment":"scroll","background-type":"","background-media":"","overlay-type":"","overlay-color":"","overlay-opacity":"","overlay-gradient":""},"mobile":{"background-color":"var(--ast-global-color-5)","background-image":"","background-repeat":"repeat","background-position":"center center","background-size":"auto","background-attachment":"scroll","background-type":"","background-media":"","overlay-type":"","overlay-color":"","overlay-opacity":"","overlay-gradient":""}},"footnotes":""},"class_list":["post-3229","page","type-page","status-publish","hentry"],"post_mailing_queue_ids":[],"_links":{"self":[{"href":"https:\/\/agora.xtec.cat\/ceip-marcel-li-moragas\/wp-json\/wp\/v2\/pages\/3229","targetHints":{"allow":["GET"]}}],"collection":[{"href":"https:\/\/agora.xtec.cat\/ceip-marcel-li-moragas\/wp-json\/wp\/v2\/pages"}],"about":[{"href":"https:\/\/agora.xtec.cat\/ceip-marcel-li-moragas\/wp-json\/wp\/v2\/types\/page"}],"author":[{"embeddable":true,"href":"https:\/\/agora.xtec.cat\/ceip-marcel-li-moragas\/wp-json\/wp\/v2\/users\/1"}],"replies":[{"embeddable":true,"href":"https:\/\/agora.xtec.cat\/ceip-marcel-li-moragas\/wp-json\/wp\/v2\/comments?post=3229"}],"version-history":[{"count":6,"href":"https:\/\/agora.xtec.cat\/ceip-marcel-li-moragas\/wp-json\/wp\/v2\/pages\/3229\/revisions"}],"predecessor-version":[{"id":4008,"href":"https:\/\/agora.xtec.cat\/ceip-marcel-li-moragas\/wp-json\/wp\/v2\/pages\/3229\/revisions\/4008"}],"up":[{"embeddable":true,"href":"https:\/\/agora.xtec.cat\/ceip-marcel-li-moragas\/wp-json\/wp\/v2\/pages\/64"}],"wp:attachment":[{"href":"https:\/\/agora.xtec.cat\/ceip-marcel-li-moragas\/wp-json\/wp\/v2\/media?parent=3229"}],"curies":[{"name":"wp","href":"https:\/\/api.w.org\/{rel}","templated":true}]}}