{"id":7496,"date":"2018-09-30T18:22:40","date_gmt":"2018-09-30T16:22:40","guid":{"rendered":"http:\/\/agora.xtec.cat\/ceip-mallorca\/?page_id=7496"},"modified":"2026-04-06T14:18:08","modified_gmt":"2026-04-06T12:18:08","slug":"equip-huma","status":"publish","type":"page","link":"https:\/\/agora.xtec.cat\/ceip-mallorca\/menjador\/equip-huma\/","title":{"rendered":"Qu\u00e8 dinem avui?"},"content":{"rendered":"<h5 style=\"text-align: justify;\"><img loading=\"lazy\" decoding=\"async\" class=\" wp-image-15012 aligncenter\" src=\"https:\/\/agora.xtec.cat\/ceip-mallorca\/wp-content\/uploads\/usu816\/2024\/03\/Captura-de-pantalla-2024-03-31-130543-1024x232.png\" alt=\"\" width=\"689\" height=\"156\" srcset=\"https:\/\/agora.xtec.cat\/ceip-mallorca\/wp-content\/uploads\/usu816\/2024\/03\/Captura-de-pantalla-2024-03-31-130543-1024x232.png 1024w, https:\/\/agora.xtec.cat\/ceip-mallorca\/wp-content\/uploads\/usu816\/2024\/03\/Captura-de-pantalla-2024-03-31-130543-300x68.png 300w, https:\/\/agora.xtec.cat\/ceip-mallorca\/wp-content\/uploads\/usu816\/2024\/03\/Captura-de-pantalla-2024-03-31-130543-768x174.png 768w, https:\/\/agora.xtec.cat\/ceip-mallorca\/wp-content\/uploads\/usu816\/2024\/03\/Captura-de-pantalla-2024-03-31-130543.png 1066w\" sizes=\"auto, (max-width: 689px) 100vw, 689px\" \/>A continuaci\u00f3 trobareu els men\u00fas del mes , ABRIL en PDF, prement l&#8217;enlla\u00e7 que trobareu a continuaci\u00f3:<\/h5>\n<ul>\n<li><a href=\"https:\/\/agora.xtec.cat\/ceip-mallorca\/wp-content\/uploads\/usu816\/2026\/04\/Abril-26-menu-escola-Mallorca.pdf\">Abril 26 men\u00fa escola Mallorca<\/a><\/li>\n<li style=\"text-align: justify;\"><a href=\"https:\/\/agora.xtec.cat\/ceip-mallorca\/wp-content\/uploads\/usu816\/2026\/04\/Derivacions-Abril-Mallorca_compressed.pdf\">Derivacions Abril escola Mallorca<\/a><\/li>\n<\/ul>\n","protected":false},"excerpt":{"rendered":"<p>A continuaci\u00f3 trobareu els men\u00fas del mes , ABRIL en PDF, prement l&#8217;enlla\u00e7 que trobareu a continuaci\u00f3:<\/p>\n<ul>\n<li><a href=\"https:\/\/agora.xtec.cat\/ceip-mallorca\/wp-content\/uploads\/usu816\/2026\/04\/Abril-26-menu-escola-Mallorca.pdf\">Abril 26 men\u00fa escola Mallorca<\/a><\/li>\n<li style=\"text-align: justify;\"><a href=\"https:\/\/agora.xtec.cat\/ceip-mallorca\/wp-content\/uploads\/usu816\/2026\/04\/Derivacions-Abril-Mallorca_compressed.pdf\">Derivacions Abril escola Mallorca<\/a><\/li>\n<\/ul>\n","protected":false},"author":1,"featured_media":0,"parent":337,"menu_order":1,"comment_status":"closed","ping_status":"closed","template":"page-templates\/side-menu.php","meta":{"_bbp_topic_count":0,"_bbp_reply_count":0,"_bbp_total_topic_count":0,"_bbp_total_reply_count":0,"_bbp_voice_count":0,"_bbp_anonymous_reply_count":0,"_bbp_topic_count_hidden":0,"_bbp_reply_count_hidden":0,"_bbp_forum_subforum_count":0,"footnotes":""},"class_list":["post-7496","page","type-page","status-publish","hentry"],"post_mailing_queue_ids":[],"_links":{"self":[{"href":"https:\/\/agora.xtec.cat\/ceip-mallorca\/wp-json\/wp\/v2\/pages\/7496","targetHints":{"allow":["GET"]}}],"collection":[{"href":"https:\/\/agora.xtec.cat\/ceip-mallorca\/wp-json\/wp\/v2\/pages"}],"about":[{"href":"https:\/\/agora.xtec.cat\/ceip-mallorca\/wp-json\/wp\/v2\/types\/page"}],"author":[{"embeddable":true,"href":"https:\/\/agora.xtec.cat\/ceip-mallorca\/wp-json\/wp\/v2\/users\/1"}],"replies":[{"embeddable":true,"href":"https:\/\/agora.xtec.cat\/ceip-mallorca\/wp-json\/wp\/v2\/comments?post=7496"}],"version-history":[{"count":7,"href":"https:\/\/agora.xtec.cat\/ceip-mallorca\/wp-json\/wp\/v2\/pages\/7496\/revisions"}],"predecessor-version":[{"id":16423,"href":"https:\/\/agora.xtec.cat\/ceip-mallorca\/wp-json\/wp\/v2\/pages\/7496\/revisions\/16423"}],"up":[{"embeddable":true,"href":"https:\/\/agora.xtec.cat\/ceip-mallorca\/wp-json\/wp\/v2\/pages\/337"}],"wp:attachment":[{"href":"https:\/\/agora.xtec.cat\/ceip-mallorca\/wp-json\/wp\/v2\/media?parent=7496"}],"curies":[{"name":"wp","href":"https:\/\/api.w.org\/{rel}","templated":true}]}}