{"id":337,"date":"2016-03-13T20:10:01","date_gmt":"2016-03-13T19:10:01","guid":{"rendered":"http:\/\/agora.xtec.cat\/ceip-mallorca\/?page_id=337"},"modified":"2024-07-02T09:15:32","modified_gmt":"2024-07-02T07:15:32","slug":"menjador","status":"publish","type":"page","link":"https:\/\/agora.xtec.cat\/ceip-mallorca\/menjador\/","title":{"rendered":"Espai de migdia"},"content":{"rendered":"<div>\n<div>\n<p style=\"text-align: justify;\"><span style=\"color: #099bd5;\"><strong>TEMPS DE MIGDIA<\/strong><\/span><\/p>\n<\/div>\n<div style=\"text-align: justify;\">\n<p>L&#8217;Espai Migdia a les escoles \u00e9s un moment crucial del dia en qu\u00e8 els estudiants es reuneixen per gaudir d&#8217;un descans i dinar. Un espai que posa en mig del cercle a l&#8217;infant i el seu voltant l\u2019alimentaci\u00f3, l\u2019oci i el lleure l\u00fadic.<\/p>\n<\/div>\n<div style=\"text-align: justify;\">\n<p>\u00c9s un temps per socialitzar amb els companys de l\u2019escola, compartir converses, fer diverses activitats educatives, i recarregar energies per a la resta del dia.<\/p>\n<\/div>\n<div style=\"text-align: justify;\">\n<p>El menjador escolar \u00e9s un espai, segur, viu, animat, ple de color i activitat, on els estudiants poden gaudir de la seva alimentaci\u00f3 i descansar abans de tornar a les aules. U<span style=\"font-family: inherit; font-size: 1em;\">n entorn qu\u00e8 fomenta la cohesi\u00f3 grupal i comunit\u00e0ria, tant com el treball en la creaci\u00f3 de vincles, contribuint a un ambient escolar acollidor i enriquidor.<\/span><\/p>\n<\/div>\n<div style=\"text-align: justify;\">\n<p style=\"text-align: justify;\">L\u2019Espai Migdia ha de garantir tres funcions b\u00e0siques vinculades al fet socioeducatiu:<\/p>\n<table class=\" aligncenter\" style=\"border-collapse: collapse; width: 75.7885%; height: 180px;\">\n<tbody>\n<tr style=\"height: 60px;\">\n<td style=\"width: 7.26313%; height: 60px;\"><a href=\"https:\/\/agora.xtec.cat\/ceip-mallorca\/wp-content\/uploads\/usu816\/2024\/06\/mallorca-1.png\"><img loading=\"lazy\" decoding=\"async\" class=\"alignnone wp-image-15385\" src=\"https:\/\/agora.xtec.cat\/ceip-mallorca\/wp-content\/uploads\/usu816\/2024\/06\/mallorca-1.png\" alt=\"\" width=\"40\" height=\"40\" \/><\/a><\/td>\n<td style=\"width: 68.5263%; height: 60px; text-align: justify;\">\n<div>\n<div>\n<p>Que els infants puguin menjar de manera equilibrada i que complementi els \u00e0pats que ja fan a casa.<\/p>\n<\/div>\n<\/div>\n<\/td>\n<\/tr>\n<tr style=\"height: 60px;\">\n<td style=\"width: 7.26313%; height: 60px;\"><a href=\"https:\/\/agora.xtec.cat\/ceip-mallorca\/wp-content\/uploads\/usu816\/2024\/06\/mallorca-1.png\"><img loading=\"lazy\" decoding=\"async\" class=\"alignnone wp-image-15385\" src=\"https:\/\/agora.xtec.cat\/ceip-mallorca\/wp-content\/uploads\/usu816\/2024\/06\/mallorca-1.png\" alt=\"\" width=\"40\" height=\"40\" \/><\/a><\/td>\n<td style=\"width: 68.5263%; height: 60px; text-align: justify;\">\n<div>\n<div>\n<p>Esdevenir una estona tranquil\u00b7la i de descans.<\/p>\n<\/div>\n<\/div>\n<\/td>\n<\/tr>\n<tr style=\"height: 60px;\">\n<td style=\"width: 7.26313%; height: 60px;\"><a href=\"https:\/\/agora.xtec.cat\/ceip-mallorca\/wp-content\/uploads\/usu816\/2024\/06\/mallorca-1.png\"><img loading=\"lazy\" decoding=\"async\" class=\"alignnone wp-image-15385\" src=\"https:\/\/agora.xtec.cat\/ceip-mallorca\/wp-content\/uploads\/usu816\/2024\/06\/mallorca-1.png\" alt=\"\" width=\"40\" height=\"40\" \/><\/a><\/td>\n<td style=\"width: 68.5263%; height: 60px; text-align: justify;\">\n<div>\n<div>\n<p>Possibilitar l\u2019adquisici\u00f3 d\u2019h\u00e0bits personals i socials com de coneixement per l\u2019aprenentatge.<\/p>\n<\/div>\n<\/div>\n<\/td>\n<\/tr>\n<\/tbody>\n<\/table>\n<\/div>\n<\/div>\n<div style=\"text-align: justify;\">\n<div>\n<p>&nbsp;<\/p>\n<p style=\"text-align: justify;\">El servei del menjador \u00e9s gestionat per la Direcci\u00f3 del Centre i el Consell Escolar a trav\u00e9s de l\u2019empresa contractada <span style=\"color: #000000;\">&lt;&lt;CET10&gt;&gt;,<\/span> encarregada de les tasques de cuina i del servei de monitoratge. Donant vida a l\u2019espai escolar que compren el Temps de Migdia, i el qual es divideix en l\u2019estona de l\u2019\u00e0pat, l\u2019estona de lleure educatiu i l&#8217;esbarjo. A continuaci\u00f3 adjuntem la <a href=\"https:\/\/afagest-prod.s3.eu-west-1.amazonaws.com\/afas\/41\/static\/Carta+de+benvinguda+escola+Mallorca+24-25.pdfhttps:\/\/afagest-prod.s3.eu-west-1.amazonaws.com\/afas\/41\/static\/Carta+de+benvinguda+escola+Mallorca+24-25.pdf\" target=\"_blank\" rel=\"noopener\"><strong><span style=\"color: #099bd5;\">Carta de Benvinguda<\/span><\/strong><\/a>.<\/p>\n<\/div>\n<div style=\"text-align: justify;\">\n<p>L\u2019Espai de Menjador est\u00e0 compost per:<\/p>\n<ol>\n<li style=\"list-style-type: none;\">\n<ol>\n<li style=\"list-style-type: none;\">\n<ol>\n<li><span style=\"font-family: inherit; font-size: 1em;\">L\u2019equip de Cuina<\/span><\/li>\n<\/ol>\n<\/li>\n<\/ol>\n<\/li>\n<\/ol>\n<\/div>\n<div style=\"text-align: justify;\">\n<p>L\u2019empresa de cuina que s\u2019encarrega de l\u2019elaboraci\u00f3 di\u00e0ria dels men\u00fas, \u00e9s ROCA. S\u00f3n els principals agents amb els quals treballem per qu\u00e8 entenem que cada estudiant \u00e9s \u00fanic, divers i amb necessitats tant com prefer\u00e8ncies aliment\u00e0ries. L\u2019objectiu \u00e9s contribuir en la millora h\u00e0bits saludables i en la millora de l\u2019alimentaci\u00f3 i la salut de l&#8217;infant. On mirem cap:<\/p>\n<\/div>\n<ul>\n<li style=\"list-style-type: none;\">\n<ul style=\"text-align: justify;\">\n<li>Respectar la terra i treballar des de la sostenibilitat;<\/li>\n<li>Men\u00fas valorats per nutricionistes i dietistes;<\/li>\n<li>Alimentaci\u00f3 multicultural;<\/li>\n<li>Controls de qualitat;<\/li>\n<\/ul>\n<\/li>\n<\/ul>\n<div>\n<div style=\"text-align: justify;\">\n<p>\u00a0 \u00a0 \u00a0 \u00a0 \u00a0 \u00a02. El monitoratge de menjador i la coordinaci\u00f3<\/p>\n<\/div>\n<div style=\"text-align: justify;\">\n<p>L\u2019equip de monitoratge de l&#8217;espai de menjador a l&#8217;escola est\u00e0 comprom\u00e8s a garantir un ambient segur, acollidor i endre\u00e7at durant el dinar. Els monitors estan capacitats per fomentar la conviv\u00e8ncia positiva i assegurar-se que tots els infants gaudeixin d&#8217;un \u00e0pat agradable. El seu objectiu \u00e9s crear un ambient on els infants se sentin c\u00f2modes, respectats i recolzats, promovent aix\u00ed una experi\u00e8ncia escolar positiva i enriquidora per a tothom.<\/p>\n<\/div>\n<div style=\"text-align: justify;\">\n<p>Si premeu en la seg\u00fcent paraula, us permetr\u00e0 con\u00e8ixer tot l\u2019equip de monitoratge. Us animem a fer-ho: <span style=\"text-decoration: underline;\">CONEIXENT\u2019S<\/span><\/p>\n<\/div>\n<div style=\"text-align: justify;\">\n<p>Quina \u00e9s la mirada que tenim?<\/p>\n<\/div>\n<ul>\n<li style=\"list-style-type: none;\">\n<ul>\n<li style=\"text-align: justify;\">Treballen en valors interculturals de respecte;<\/li>\n<li style=\"text-align: justify;\">Promouen un espai segur i respectu\u00f3s de continu d\u2019aprenentatge l\u00fadic;<\/li>\n<li style=\"text-align: justify;\">Promouen una alimentaci\u00f3 saludable i sostenible;<\/li>\n<li style=\"text-align: justify;\">Garanteixen la coher\u00e8ncia i la continu\u00eftat de l\u2019\u00fas ling\u00fc\u00edstic del centre;<\/li>\n<li style=\"text-align: justify;\">Aprofundeixen i treballen en els projectes de car\u00e0cter transversal;<\/li>\n<li style=\"text-align: justify;\">Treballen per impulsar les festivitats culturals.<\/li>\n<\/ul>\n<\/li>\n<\/ul>\n<div>\n<div><\/div>\n<div><span style=\"color: #099bd5;\"><strong>Funcionament de l&#8217;espai migdia <\/strong><\/span><\/div>\n<div><\/div>\n<div>El nostre menjador escolar compta amb dues l\u00ednies de treball diferenciades per atendre els nivells d&#8217;educaci\u00f3 infantil i prim\u00e0ria baix activitats (dirigides, lliures i a l&#8217;aula), que segueixen les normatives de conviv\u00e8ncia per gaudir d&#8217;un clima de conviv\u00e8ncia adequat que promogui la participaci\u00f3 activa i la integraci\u00f3 de tothom.<\/div>\n<\/div>\n<\/div>\n<\/div>\n<div><\/div>\n<div><\/div>\n<div>\n<ul>\n<li style=\"list-style-type: none;\">\n<ul>\n<li style=\"text-align: justify;\">Infantil<br \/>\nInfantil compren I3, I4 I5 amb els que se cerca fomentar el desenvolupament en diversos aspectes de l&#8217;educaci\u00f3 i la salut com fomentar h\u00e0bits d&#8217;higiene, bona alimentaci\u00f3, la posici\u00f3 corporal a l&#8217;hora de dinar i valors que emanen de la companyonia i el respecte. La din\u00e0mica a seguir un cop baixen al pati (estona de jocs); I3 menja a les aules per descansar, mentre que I4 com I5 entren al menjador escalonadament i gaudeixen del joc en els espais proporcionats.<\/li>\n<\/ul>\n<\/li>\n<\/ul>\n<ul>\n<li style=\"list-style-type: none;\">\n<ul>\n<li style=\"text-align: justify;\">Prim\u00e0ria<br \/>\nEn el cas de prim\u00e0ria, se cerca fomentar l&#8217;autonomia i la responsabilitat, a trav\u00e9s d&#8217;activitats que permeten adquirir autonomia i responsabilitat com ho \u00e9s l&#8217;autogesti\u00f3. La postura corporal i el component social tamb\u00e9 s\u00f3n elements de l&#8217;entorn del menjador escolar. Els infants entrant progressivament segons el grup d&#8217;edat, comen\u00e7ant pels cursos menors fins els superiors de forma escalada mentre gaudeixen de l&#8217;estona de joc en els diversos espais del pati.<\/li>\n<\/ul>\n<\/li>\n<\/ul>\n<\/div>\n<div><\/div>\n<p style=\"text-align: justify;\"><span style=\"color: #099bd5;\"><strong>Com et pots inscriure?<\/strong><\/span><\/p>\n<div>\n<p style=\"text-align: justify;\">Per realitzar les inscripcions a l\u2019Espai Migdia s\u2019utilitza la plataforma &lt;&lt;<strong><span style=\"color: #099bd5;\"><a style=\"color: #099bd5;\" href=\"https:\/\/escolamallorca.afagest.com\/#\/\">Afagets<\/a><\/span><\/strong><span style=\"color: #099bd5;\"><a style=\"color: #099bd5;\" href=\"https:\/\/escolamallorca.afagest.com\/#\/\"><span style=\"color: #000000;\">&gt;&gt;<\/span><\/a><\/span><strong>.<\/strong> Des d\u2019aqu\u00ed podreu:<\/p>\n<ul style=\"text-align: justify;\">\n<li style=\"list-style-type: none;\">\n<ul>\n<li>Activar l\u2019alta o la baixa del vostre fill\/a;<\/li>\n<li>Comprar tiquets espor\u00e0dics;<\/li>\n<li>Informar de l\u2019abs\u00e8ncia per optar al reemborsament del men\u00fa <em>(a partir del segon dia consecutiu)<\/em>;<\/li>\n<li>Altres.<\/li>\n<\/ul>\n<\/li>\n<\/ul>\n<div style=\"text-align: justify;\">\n<p><em>Totes les gestions relacionades amb els comunicats d&#8217;intoler\u00e0ncies, al\u00b7l\u00e8rgies, dietes, cancel\u00b7lacions i altres avisos s\u00f3n responsabilitat directa de les fam\u00edlies i cal fer-ho constar a<\/em> l&#8217;Afagest<em>. A banda tots els informes d&#8217;intoler\u00e0ncies i al\u00b7l\u00e8rgies s&#8217;han de <\/em><em>notificar i adjuntar a la coordinadora de l&#8217;espai migdia via correu o presencial.<\/em><\/p>\n<p>La inscripci\u00f3 es fa via internet i posem en coneixement el seg\u00fcent:<\/p>\n<ul>\n<li style=\"list-style-type: none;\">\n<ul>\n<li>Quan estar\u00e0 oberta la\u00a0<span style=\"color: #0000ff;\"><span style=\"color: #099bd5;\"><a style=\"color: #099bd5;\" href=\"https:\/\/escolamallorca.afagest.com\/#\/\" target=\"_blank\" rel=\"noopener\" data-saferedirecturl=\"https:\/\/www.google.com\/url?q=https:\/\/escolamallorca.afagest.com\/%23\/&amp;source=gmail&amp;ust=1686898202372000&amp;usg=AOvVaw3PgSbjw028cOBVNcp1_Anl\">plataforma d&#8217;Afagest<\/a><\/span><span style=\"color: #000000;\">?<\/span><\/span> A partir del dia<strong> 1 de juliol <\/strong>durant tot l&#8217;estiu.<span style=\"color: #099bd5;\"> <a style=\"color: #099bd5;\" href=\"https:\/\/escolamallorca.afagest.com\/#\/\" target=\"_blank\" rel=\"noopener\">https:\/\/escolamallorca.afagest.com\/#\/<\/a><\/span><\/li>\n<li>Com he de fer la inscripci\u00f3? Us adjuntem un tutorial que podeu consultar.\u00a0<span style=\"color: #099bd5;\"><a style=\"color: #099bd5;\" href=\"https:\/\/cet10.com\/espai-migdia-menjadors-lleure\/\" target=\"_blank\" rel=\"noopener\" data-saferedirecturl=\"https:\/\/www.google.com\/url?q=https:\/\/cet10.com\/espai-migdia-menjadors-lleure\/&amp;source=gmail&amp;ust=1686898202372000&amp;usg=AOvVaw3OCwYh7RefoFNhSwBQFytW\">https:\/\/cet10.com\/espai-migdia-menjadors-lleure\/<\/a><\/span><\/li>\n<li>El servei d&#8217;acollida i de ludoteca tamb\u00e9 s&#8217;ha de gestionar per la plataforma.<\/li>\n<\/ul>\n<\/li>\n<\/ul>\n<p style=\"font-weight: 400;\">Una vegada heu fet la inscripci\u00f3, us arribar\u00e0 al vostre correu electr\u00f2nic:<\/p>\n<ol>\n<li style=\"list-style-type: none;\">\n<ol>\n<li><strong>Fitxa de Salut<\/strong>. Ho haureu d&#8217;emplenar i adjuntar la pestanya de documentaci\u00f3 presentada,<\/li>\n<li><strong>Carta de Benvinguda.<\/strong> Aquest document detallar\u00e0 les quotes del servei de menjador, especificar\u00e0 la forma de contacte amb la coordinaci\u00f3 de l&#8217;espai migdia i les vies de comunicaci\u00f3 <em>(el tel\u00e8fon i el correu electr\u00f2nic)<\/em>, el funcionament general del servei de menjador <em>(torns i horaris)<\/em> i a banda, el funcionament a I3 <em>(migdiada, qu\u00e8 han de portar les fam\u00edlies, etc.)<\/em>.<\/li>\n<\/ol>\n<\/li>\n<\/ol>\n<p>A banda, durant el proc\u00e9s d\u2019inscripci\u00f3, les fam\u00edlies mitjan\u00e7ant la plataforma, haureu de signar la <em>&lt;&lt;Normativa d\u2019ordre SEPA&gt;&gt;<u>,<\/u><\/em> entre altres documents.<\/p>\n<\/div>\n<div>\n<p style=\"text-align: justify;\"><span style=\"color: #099bd5;\"><strong>Com es realitzen les comunicacions a les fam\u00edlies? &#8211; <\/strong><strong style=\"font-family: inherit; font-size: 1em;\">Contacte<\/strong><\/span><\/p>\n<div>\n<div style=\"text-align: justify;\">\n<div>\n<p>Per a qualsevol gesti\u00f3 referent a l\u2019Espai Migdia podeu contactar amb la Carolina R., i us ajudar\u00e0 a resoldre\/gestionar el que calgui. Respecteu al m\u00e0xim els horaris d\u2019atenci\u00f3.<\/p>\n<p><span style=\"font-family: inherit; font-size: 1em;\">L\u2019horari d\u2019atenci\u00f3 a fam\u00edlies d\u2019Espai Migdia per a aquest curs 23-24.<\/span><\/p>\n<\/div>\n<ul>\n<li style=\"list-style-type: none;\">\n<ul>\n<li>Atenci\u00f3 presencial: de dilluns i dimecres de 09.00 a 10.00\u202fh<\/li>\n<li>Atenci\u00f3 individualitzada amb cita pr\u00e8via <em>(es demana per correu electr\u00f2nic)<\/em><\/li>\n<li>Tel\u00e8fon de l&#8217;Espai Migdia: 673 86 04 86<\/li>\n<li style=\"list-style-type: none;\">Qualsevol dubte o informaci\u00f3 que vulgueu facilitar podreu comunicar-les a la coordinadora del servei mitjan\u00e7ant el seu tel\u00e8fon o correu corporatiu.<\/li>\n<\/ul>\n<ul>\n<li>Correu electr\u00f2nic de la Coordinadora de l&#8217;Espai Migdia<span style=\"color: #00d9d9;\">:<span style=\"color: #099bd5;\"> <a style=\"color: #099bd5;\" href=\"mailto:menjadorescolamallorca@cet10.com\">menjadorescolamallorca@cet10.com<\/a><\/span><\/span><\/li>\n<li>Correu electr\u00f2nic per incid\u00e8ncies amb l&#8217;Afagest: <span style=\"color: #099bd5;\">escolamallorca@afagest.com<\/span><\/li>\n<\/ul>\n<\/li>\n<\/ul>\n<\/div>\n<p style=\"text-align: justify;\"><span style=\"color: #099bd5;\"><strong>FAQ&#8217;s<\/strong><\/span><\/p>\n<div>\n<div style=\"text-align: justify;\">\n<p>En aquest apartat podreu trobar resposta a dubtes que s\u2019han anat recollint sobre l&#8217;Espai Migdia per a les fam\u00edlies. Un PDF que recull les preguntes m\u00e9s generals i se&#8217;ls dona una resposta acurada. <em>(En breu estar\u00e0 disponible)<\/em><\/p>\n<\/div>\n<div>\n<div>\n<p style=\"text-align: justify;\"><span style=\"color: #099bd5;\"><strong>N\u00favol de <em>tags<\/em><\/strong><\/span><\/p>\n<div>\n<div style=\"text-align: justify;\">\n<p>Al nostre menjador escolar, valorem la participaci\u00f3 activa de les fam\u00edlies en la presa de decisions. Volem escoltar les teves idees i opinions per millorar els nostres serveis i assegurar-nos que satisfem les necessitats de tots els estudiants.<\/p>\n<\/div>\n<div style=\"text-align: justify;\">\n<p>Una manera divertida i visual de compartir les vostres idees \u00e9s mitjan\u00e7ant la generaci\u00f3 d&#8217;un n\u00favol d&#8217;etiquetes. Com funciona? \u00c9s molt senzill: amb una sola paraula. Fes-nos arriba el que penses i cada trimestre canviarem el n\u00favol d\u2019etiquetes de manera que anirem veient progressivament aquells conceptes que ens feu arribar.<\/p>\n<\/div>\n<div>\n<div>\n<p style=\"text-align: center;\"><em>N\u00favol d\u2019etiquetes<\/em><a href=\"https:\/\/agora.xtec.cat\/ceip-mallorca\/wp-content\/uploads\/usu816\/2024\/06\/mallorca-1-1.png\"><img loading=\"lazy\" decoding=\"async\" class=\" wp-image-15386 aligncenter\" src=\"https:\/\/agora.xtec.cat\/ceip-mallorca\/wp-content\/uploads\/usu816\/2024\/06\/mallorca-1-1.png\" alt=\"\" width=\"353\" height=\"479\" srcset=\"https:\/\/agora.xtec.cat\/ceip-mallorca\/wp-content\/uploads\/usu816\/2024\/06\/mallorca-1-1.png 492w, https:\/\/agora.xtec.cat\/ceip-mallorca\/wp-content\/uploads\/usu816\/2024\/06\/mallorca-1-1-221x300.png 221w\" sizes=\"auto, (max-width: 353px) 100vw, 353px\" \/><\/a><\/p>\n<\/div>\n<p>&nbsp;<\/p>\n<p><span style=\"color: #099bd5;\"><strong>Consells<\/strong><\/span><\/p>\n<p style=\"text-align: justify;\">Reconeixem la import\u00e0ncia d&#8217;una alimentaci\u00f3 conscient en el manteniment del benestar integral. Per tant, ens complau compartir una s\u00e8rie de recomanacions destinades a fomentar un estil de vida saludable. Entre aquestes recomanacions, es destaca la import\u00e0ncia de mantenir una hidrataci\u00f3 adequada, la pr\u00e0ctica regular d&#8217;exercici f\u00edsic, la recerca de moments de relaxaci\u00f3 per a la cura de la salut mental i la valoraci\u00f3 de la companyia d&#8217;altres per compartir moments grats. L&#8217;Espai Migdia que oferim, aspirem a formar part del teu trajecte cap a un estil de vida saludable.<\/p>\n<p style=\"text-align: center;\"><em>Algunes recomanacions<\/em><a href=\"https:\/\/agora.xtec.cat\/ceip-mallorca\/wp-content\/uploads\/usu816\/2024\/06\/mallorca2.png\"><img loading=\"lazy\" decoding=\"async\" class=\"wp-image-15387 aligncenter\" src=\"https:\/\/agora.xtec.cat\/ceip-mallorca\/wp-content\/uploads\/usu816\/2024\/06\/mallorca2-1024x576.png\" alt=\"\" width=\"674\" height=\"379\" srcset=\"https:\/\/agora.xtec.cat\/ceip-mallorca\/wp-content\/uploads\/usu816\/2024\/06\/mallorca2-1024x576.png 1024w, https:\/\/agora.xtec.cat\/ceip-mallorca\/wp-content\/uploads\/usu816\/2024\/06\/mallorca2-300x169.png 300w, https:\/\/agora.xtec.cat\/ceip-mallorca\/wp-content\/uploads\/usu816\/2024\/06\/mallorca2-768x432.png 768w, https:\/\/agora.xtec.cat\/ceip-mallorca\/wp-content\/uploads\/usu816\/2024\/06\/mallorca2-1536x864.png 1536w, https:\/\/agora.xtec.cat\/ceip-mallorca\/wp-content\/uploads\/usu816\/2024\/06\/mallorca2.png 1920w\" sizes=\"auto, (max-width: 674px) 100vw, 674px\" \/><\/a><\/p>\n<p>&nbsp;<\/p>\n<\/div>\n<\/div>\n<\/div>\n<\/div>\n<\/div>\n<\/div>\n<\/div>\n<\/div>\n","protected":false},"excerpt":{"rendered":"<p>TEMPS DE MIGDIA<\/p>\n<p>L&#8217;Espai Migdia a les escoles \u00e9s un moment crucial del dia en qu\u00e8 els estudiants es reuneixen per gaudir d&#8217;un descans i dinar. Un espai que posa en mig del cercle a l&#8217;infant i el seu voltant l\u2019alimentaci\u00f3, l\u2019oci i el lleure l\u00fadic.<\/p>\n<p>\u00c9s&hellip;  <a href=\"https:\/\/agora.xtec.cat\/ceip-mallorca\/menjador\/\" title=\"Read Espai de migdia\">Llegeix m\u00e9s\u00bb<\/a><\/p>\n","protected":false},"author":1,"featured_media":0,"parent":0,"menu_order":3,"comment_status":"closed","ping_status":"closed","template":"page-templates\/side-menu.php","meta":{"_bbp_topic_count":0,"_bbp_reply_count":0,"_bbp_total_topic_count":0,"_bbp_total_reply_count":0,"_bbp_voice_count":0,"_bbp_anonymous_reply_count":0,"_bbp_topic_count_hidden":0,"_bbp_reply_count_hidden":0,"_bbp_forum_subforum_count":0,"footnotes":""},"class_list":["post-337","page","type-page","status-publish","hentry"],"post_mailing_queue_ids":[],"_links":{"self":[{"href":"https:\/\/agora.xtec.cat\/ceip-mallorca\/wp-json\/wp\/v2\/pages\/337","targetHints":{"allow":["GET"]}}],"collection":[{"href":"https:\/\/agora.xtec.cat\/ceip-mallorca\/wp-json\/wp\/v2\/pages"}],"about":[{"href":"https:\/\/agora.xtec.cat\/ceip-mallorca\/wp-json\/wp\/v2\/types\/page"}],"author":[{"embeddable":true,"href":"https:\/\/agora.xtec.cat\/ceip-mallorca\/wp-json\/wp\/v2\/users\/1"}],"replies":[{"embeddable":true,"href":"https:\/\/agora.xtec.cat\/ceip-mallorca\/wp-json\/wp\/v2\/comments?post=337"}],"version-history":[{"count":7,"href":"https:\/\/agora.xtec.cat\/ceip-mallorca\/wp-json\/wp\/v2\/pages\/337\/revisions"}],"predecessor-version":[{"id":15384,"href":"https:\/\/agora.xtec.cat\/ceip-mallorca\/wp-json\/wp\/v2\/pages\/337\/revisions\/15384"}],"wp:attachment":[{"href":"https:\/\/agora.xtec.cat\/ceip-mallorca\/wp-json\/wp\/v2\/media?parent=337"}],"curies":[{"name":"wp","href":"https:\/\/api.w.org\/{rel}","templated":true}]}}