{"id":2343,"date":"2016-10-25T15:33:04","date_gmt":"2016-10-25T13:33:04","guid":{"rendered":"http:\/\/agora.xtec.cat\/ceip-mallorca\/?page_id=2343"},"modified":"2023-07-03T18:03:49","modified_gmt":"2023-07-03T16:03:49","slug":"sortides","status":"publish","type":"page","link":"https:\/\/agora.xtec.cat\/ceip-mallorca\/curs-25-26\/sortides\/","title":{"rendered":"Calendaris de les comunitats"},"content":{"rendered":"<p>Les sortides i activitats complement\u00e0ries s\u00f3n molt importants per enriquir el curr\u00edculum dels nostres alumnes. Per poder saber quan les realitzaran, us podeu afegir el calendari de la comunitat a la que formen part els vostres fills i filles.<\/p>\n<hr \/>\n<h4 class=\"widgettitle\">COM PUC AFEGIR EL CALENDARI DE SORTIDES AL MEU CALENDARI PERSONAL?<\/h4>\n<p>Per afegir el Google Calendar al teu m\u00f2bil \u2013 ordinador \u2013 tauleta, fes clic al calendari que necessites des de l\u2019ordinador.\u00a0 Una vegada li facis clic al t\u00edtol de la comunitat pertinent, se t&#8217;obrir\u00e0 el teu calendari de Google, i li haur\u00e0s de fer clic a afegeix. D&#8217;aquesta manera tindr\u00e0s actualitzades i a m\u00e0 les activitats, sortides, dies festius, per\u00edodes de vacances, &#8230;<\/p>\n<p>Et deixem un <a href=\"https:\/\/support.google.com\/calendar\/answer\/37100?co=GENIE.Platform%3DAndroid&amp;hl=ca\" target=\"_blank\" rel=\"noopener\">petit tutorial<\/a> per si tinguessis alguna dificultat a l&#8217;hora d&#8217;afegir-ho al teu dispositiu electr\u00f2nic. De totes maneres, sempre el podr\u00e0s visualitzar en aquesta p\u00e0gina.<\/p>\n<table style=\"height: 91px; width: 100%; border-collapse: collapse; border-style: dotted;\">\n<tbody>\n<tr style=\"height: 55px;\">\n<td style=\"width: 19.2476%; height: 55px; text-align: center;\">\n<h5><a href=\"https:\/\/calendar.google.com\/calendar\/u\/0\/embed?height=600&amp;wkst=2&amp;bgcolor=%23ffffff&amp;ctz=Europe\/Madrid&amp;src=Y19hYnA1NnNxMXF0ZmdkYjBvb3Vjamlnc2NnNEBncm91cC5jYWxlbmRhci5nb29nbGUuY29t&amp;src=MDdiZW1paDAzZzZya2g3ZjdvMmhxNWJoNWdAZ3JvdXAuY2FsZW5kYXIuZ29vZ2xlLmNvbQ&amp;color=%239e42b4&amp;color=%23F4511E%22+style%3D\" target=\"_blank\" rel=\"noopener\">COMUNITAT DE PETITS<\/a><\/h5>\n<p><strong>(I3, I4 i I5)<\/strong><\/td>\n<td style=\"width: 47.419%; height: 55px; text-align: center;\"><iframe loading=\"lazy\" style=\"border: solid 1px #777;\" src=\"https:\/\/calendar.google.com\/calendar\/embed?height=600&amp;wkst=2&amp;bgcolor=%23ffffff&amp;ctz=Europe%2FMadrid&amp;src=Y19hYnA1NnNxMXF0ZmdkYjBvb3Vjamlnc2NnNEBncm91cC5jYWxlbmRhci5nb29nbGUuY29t&amp;src=MDdiZW1paDAzZzZya2g3ZjdvMmhxNWJoNWdAZ3JvdXAuY2FsZW5kYXIuZ29vZ2xlLmNvbQ&amp;color=%239e42b4&amp;color=%23F4511E\" width=\"800\" height=\"600\" frameborder=\"0\" scrolling=\"no\"><\/iframe><\/td>\n<\/tr>\n<tr>\n<td style=\"width: 19.2476%; text-align: center;\">\n<h5><a href=\"https:\/\/calendar.google.com\/calendar\/embed?height=600&amp;wkst=2&amp;bgcolor=%23ffffff&amp;ctz=Europe%2FMadrid&amp;src=Y19jbGFzc3Jvb21lNmUwYTlhYUBncm91cC5jYWxlbmRhci5nb29nbGUuY29t&amp;src=MDdiZW1paDAzZzZya2g3ZjdvMmhxNWJoNWdAZ3JvdXAuY2FsZW5kYXIuZ29vZ2xlLmNvbQ&amp;color=%238E24AA&amp;color=%23F4511E\" target=\"_blank\" rel=\"noopener\">COMUNITAT DE MITJANS<\/a><\/h5>\n<p><strong>(1r, 2n i 3r)<\/strong><\/td>\n<td style=\"width: 47.419%; text-align: center;\"><iframe loading=\"lazy\" style=\"border: solid 1px #777;\" src=\"https:\/\/calendar.google.com\/calendar\/embed?height=600&amp;wkst=2&amp;bgcolor=%23ffffff&amp;ctz=Europe%2FMadrid&amp;src=Y19jbGFzc3Jvb21lNmUwYTlhYUBncm91cC5jYWxlbmRhci5nb29nbGUuY29t&amp;src=MDdiZW1paDAzZzZya2g3ZjdvMmhxNWJoNWdAZ3JvdXAuY2FsZW5kYXIuZ29vZ2xlLmNvbQ&amp;color=%238E24AA&amp;color=%23F4511E\" width=\"800\" height=\"600\" frameborder=\"0\" scrolling=\"no\"><\/iframe><\/p>\n<h5><\/h5>\n<\/td>\n<\/tr>\n<tr>\n<td style=\"width: 19.2476%; text-align: center;\">\n<h5><a href=\"https:\/\/calendar.google.com\/calendar\/u\/0\/embed?height=600&amp;wkst=2&amp;bgcolor=%23ffffff&amp;ctz=Europe\/Madrid&amp;src=Y19jbGFzc3Jvb200OGE0NjFiNEBncm91cC5jYWxlbmRhci5nb29nbGUuY29t&amp;src=MDdiZW1paDAzZzZya2g3ZjdvMmhxNWJoNWdAZ3JvdXAuY2FsZW5kYXIuZ29vZ2xlLmNvbQ&amp;color=%2333B679&amp;color=%23F4511E\" target=\"_blank\" rel=\"noopener\">COMUNITAT DE GRANS<\/a><\/h5>\n<p><strong>(4t, 5\u00e8 i 6\u00e8)<\/strong><\/td>\n<td style=\"width: 47.419%; text-align: center;\"><iframe loading=\"lazy\" style=\"border: solid 1px #777;\" src=\"https:\/\/calendar.google.com\/calendar\/embed?height=600&amp;wkst=2&amp;bgcolor=%23ffffff&amp;ctz=Europe%2FMadrid&amp;src=Y19jbGFzc3Jvb200OGE0NjFiNEBncm91cC5jYWxlbmRhci5nb29nbGUuY29t&amp;src=MDdiZW1paDAzZzZya2g3ZjdvMmhxNWJoNWdAZ3JvdXAuY2FsZW5kYXIuZ29vZ2xlLmNvbQ&amp;color=%2333B679&amp;color=%23F4511E\" width=\"800\" height=\"600\" frameborder=\"0\" scrolling=\"no\"><\/iframe><\/p>\n<h5><\/h5>\n<\/td>\n<\/tr>\n<\/tbody>\n<\/table>\n<p>&nbsp;<\/p>\n","protected":false},"excerpt":{"rendered":"<p>Les sortides i activitats complement\u00e0ries s\u00f3n molt importants per enriquir el curr\u00edculum dels nostres alumnes. Per poder saber quan les realitzaran, us podeu afegir el calendari de la comunitat a la que formen part els vostres fills i filles.<\/p>\n<p>COM PUC AFEGIR EL CALENDARI DE SORTIDES&hellip;  <a href=\"https:\/\/agora.xtec.cat\/ceip-mallorca\/curs-25-26\/sortides\/\" title=\"Read Calendaris de les comunitats\">Llegeix m\u00e9s\u00bb<\/a><\/p>\n","protected":false},"author":1,"featured_media":0,"parent":12370,"menu_order":3,"comment_status":"closed","ping_status":"closed","template":"page-templates\/side-menu.php","meta":{"_bbp_topic_count":0,"_bbp_reply_count":0,"_bbp_total_topic_count":0,"_bbp_total_reply_count":0,"_bbp_voice_count":0,"_bbp_anonymous_reply_count":0,"_bbp_topic_count_hidden":0,"_bbp_reply_count_hidden":0,"_bbp_forum_subforum_count":0,"footnotes":""},"class_list":["post-2343","page","type-page","status-publish","hentry"],"post_mailing_queue_ids":[],"_links":{"self":[{"href":"https:\/\/agora.xtec.cat\/ceip-mallorca\/wp-json\/wp\/v2\/pages\/2343","targetHints":{"allow":["GET"]}}],"collection":[{"href":"https:\/\/agora.xtec.cat\/ceip-mallorca\/wp-json\/wp\/v2\/pages"}],"about":[{"href":"https:\/\/agora.xtec.cat\/ceip-mallorca\/wp-json\/wp\/v2\/types\/page"}],"author":[{"embeddable":true,"href":"https:\/\/agora.xtec.cat\/ceip-mallorca\/wp-json\/wp\/v2\/users\/1"}],"replies":[{"embeddable":true,"href":"https:\/\/agora.xtec.cat\/ceip-mallorca\/wp-json\/wp\/v2\/comments?post=2343"}],"version-history":[{"count":3,"href":"https:\/\/agora.xtec.cat\/ceip-mallorca\/wp-json\/wp\/v2\/pages\/2343\/revisions"}],"predecessor-version":[{"id":14064,"href":"https:\/\/agora.xtec.cat\/ceip-mallorca\/wp-json\/wp\/v2\/pages\/2343\/revisions\/14064"}],"up":[{"embeddable":true,"href":"https:\/\/agora.xtec.cat\/ceip-mallorca\/wp-json\/wp\/v2\/pages\/12370"}],"wp:attachment":[{"href":"https:\/\/agora.xtec.cat\/ceip-mallorca\/wp-json\/wp\/v2\/media?parent=2343"}],"curies":[{"name":"wp","href":"https:\/\/api.w.org\/{rel}","templated":true}]}}