{"id":432,"date":"2017-04-26T17:16:07","date_gmt":"2017-04-26T15:16:07","guid":{"rendered":"http:\/\/agora.xtec.cat\/ceip-maians\/?page_id=432"},"modified":"2019-03-05T14:22:01","modified_gmt":"2019-03-05T13:22:01","slug":"projecte-emprenedoria-a-lescola","status":"publish","type":"page","link":"https:\/\/agora.xtec.cat\/ceip-maians\/projectes-de-lescola\/projecte-emprenedoria-a-lescola\/","title":{"rendered":"PROJECTE EMPRENEDORIA A L&#8217;ESCOLA"},"content":{"rendered":"<h4 style=\"text-align: center;\"><span style=\"color: #99cc00;\"><strong>Projecte d&#8217;innovaci\u00f3 de l&#8217;escola: Emprenedors des de l&#8217;aula<\/strong><\/span><\/h4>\n<p>L&#8217;emprenedoria a l&#8217;escola es planteja amb l&#8217;objectiu que l&#8217;alumnat assoleixi unes compet\u00e8ncies que li permetin tenir una actitud activa de transformaci\u00f3 de les idees en projectes.<\/p>\n<p>L&#8217;actual marc normatiu europeu, estatal i auton\u00f2mic, situa l&#8217;esperit emprenedor com a una compet\u00e8ncia clau que s&#8217;ha d&#8217;integrar en el curr\u00edculum per \u00e9sser assolida al final de l&#8217;ensenyament obligatori, i mantenir-la i refor\u00e7ar-la al llarg de tota la vida.<\/p>\n<p>Aquest curs l&#8217;escola participa en el projecte CULTURA EMPRENEDORA A L&#8217;ESCOLA. Aquest \u00e9s un programa pioner que t\u00e9 per objectiu fomentar la cultura emprenedora a les escoles. La iniciativa la promou les \u00c0rees de Desenvolupament Econ\u00f2mic i Ocupaci\u00f3 i de Coneixement i Noves Tecnologies de la Diputaci\u00f3 de Barcelona i va ser desenvolupada a la Ciudad Industrial del Valle del Nal\u00f3n S.A.U. La Felguera \u2013 Langreo, Ast\u00faries.<\/p>\n<p><a href=\"http:\/\/agora.xtec.cat\/ceip-maians\/wp-content\/uploads\/usu675\/2017\/10\/cueme.jpg\"><img loading=\"lazy\" decoding=\"async\" class=\" wp-image-579 aligncenter\" src=\"http:\/\/agora.xtec.cat\/ceip-maians\/wp-content\/uploads\/usu675\/2017\/10\/cueme-300x100.jpg\" alt=\"\" width=\"411\" height=\"137\" srcset=\"https:\/\/agora.xtec.cat\/ceip-maians\/wp-content\/uploads\/usu675\/2017\/10\/cueme-300x100.jpg 300w, https:\/\/agora.xtec.cat\/ceip-maians\/wp-content\/uploads\/usu675\/2017\/10\/cueme-768x255.jpg 768w, https:\/\/agora.xtec.cat\/ceip-maians\/wp-content\/uploads\/usu675\/2017\/10\/cueme.jpg 800w\" sizes=\"auto, (max-width: 411px) 100vw, 411px\" \/><\/a><\/p>\n<p>L&#8217;objectiu del projecte \u00e9s fomentar la cultura emprenedora per desenvolupar valors, h\u00e0bits i habilitats que capacitin les persones per impulsar projectes professionals i vitals.<\/p>\n<h4><span style=\"color: #99cc00;\">Un curs escolar, un projecte cooperatiu dels nens i nenes<\/span><\/h4>\n<p>Durant el curs, l&#8217;alumnat d&#8217;una aula crea, gestiona i tanca una cooperativa, proc\u00e9s que comporta constituir l&#8217;empresa, escollir el producte, dissenyar la imatge corporativa, fer difusi\u00f3 i comunicaci\u00f3 del projecte, produir i vendre en un mercat local, aportar part dels beneficis a projectes d&#8217;inter\u00e8s social i avaluar la feina feta.<\/p>\n<p>En un context creatiu i l\u00fadic, els nens i nenes desenvolupen capacitats emprenedores mitjan\u00e7ant un aprenentatge transversal i, alhora, al mantenir contacte amb entitats i empreses del territori, l&#8217;escola s&#8217;integra a l&#8217;entorn.<\/p>\n<p>De fet, el projecte \u00e9s una estrat\u00e8gia local amb voluntat d&#8217;incorporar-se a les pol\u00edtiques municipals i d&#8217;estendre&#8217;l i mantenir-lo a les escoles, de manera cada nou curs els nens i nenes participants al projecte canvien, per\u00f2 s&#8217;hi mantenen els centres educatius i se n&#8217;incorporen de nous.<\/p>\n<p>Cultura emprenedora a l&#8217;escola es desenvolupa des del 2011, amb l&#8217;objectiu de fer-lo extensiu, progressivament, al conjunt de la prov\u00edncia de Barcelona.<\/p>\n<p>Aquest \u00e9s un v\u00eddeo on s&#8217;explica en qu\u00e8 consisteix aquest projecte:<\/p>\n<p><iframe loading=\"lazy\" src=\"https:\/\/www.youtube.com\/embed\/BvE2m86mt-g\" width=\"560\" height=\"315\" frameborder=\"0\" allowfullscreen=\"allowfullscreen\"><\/iframe><\/p>\n<p>A l&#8217;escola estem duent a terme aquest projecte i podeu anar seguint tot el proc\u00e9s a trav\u00e9s del blog de la Cooperativa Recigrup\u00a0<a href=\"http:\/\/cooprecigrup.blogspot.com.es\/\">http:\/\/cooprecigrup.blogspot.com.es\/<\/a><\/p>\n<p><a href=\"http:\/\/agora.xtec.cat\/ceip-maians\/wp-content\/uploads\/usu675\/2017\/04\/LOGO-COLOR-amb-text.jpg\"><img loading=\"lazy\" decoding=\"async\" class=\"alignnone size-medium wp-image-438\" src=\"http:\/\/agora.xtec.cat\/ceip-maians\/wp-content\/uploads\/usu675\/2017\/04\/LOGO-COLOR-amb-text-300x225.jpg\" alt=\"LOGO COLOR (amb text)\" width=\"300\" height=\"225\" srcset=\"https:\/\/agora.xtec.cat\/ceip-maians\/wp-content\/uploads\/usu675\/2017\/04\/LOGO-COLOR-amb-text-300x225.jpg 300w, https:\/\/agora.xtec.cat\/ceip-maians\/wp-content\/uploads\/usu675\/2017\/04\/LOGO-COLOR-amb-text-768x576.jpg 768w, https:\/\/agora.xtec.cat\/ceip-maians\/wp-content\/uploads\/usu675\/2017\/04\/LOGO-COLOR-amb-text-1024x768.jpg 1024w, https:\/\/agora.xtec.cat\/ceip-maians\/wp-content\/uploads\/usu675\/2017\/04\/LOGO-COLOR-amb-text-200x150.jpg 200w, https:\/\/agora.xtec.cat\/ceip-maians\/wp-content\/uploads\/usu675\/2017\/04\/LOGO-COLOR-amb-text.jpg 1890w\" sizes=\"auto, (max-width: 300px) 100vw, 300px\" \/><\/a><\/p>\n","protected":false},"excerpt":{"rendered":"<p>Projecte d&#8217;innovaci\u00f3 de l&#8217;escola: Emprenedors des de l&#8217;aula<br \/>\nL&#8217;emprenedoria a l&#8217;escola es planteja amb l&#8217;objectiu que l&#8217;alumnat assoleixi unes compet\u00e8ncies que li permetin tenir una actitud activa de transformaci\u00f3 de les idees en projectes.<br \/>\nL&#8217;actual marc normatiu europeu, estatal i auton\u00f2mic, situa l&#8217;esperit emprenedor com a una&hellip;  <a href=\"https:\/\/agora.xtec.cat\/ceip-maians\/projectes-de-lescola\/projecte-emprenedoria-a-lescola\/\" title=\"Read PROJECTE EMPRENEDORIA A L&#8217;ESCOLA\">Llegeix m\u00e9s\u00bb<\/a><\/p>\n","protected":false},"author":1,"featured_media":0,"parent":1379,"menu_order":2,"comment_status":"closed","ping_status":"closed","template":"","meta":{"_bbp_topic_count":0,"_bbp_reply_count":0,"_bbp_total_topic_count":0,"_bbp_total_reply_count":0,"_bbp_voice_count":0,"_bbp_anonymous_reply_count":0,"_bbp_topic_count_hidden":0,"_bbp_reply_count_hidden":0,"_bbp_forum_subforum_count":0,"footnotes":""},"class_list":["post-432","page","type-page","status-publish","hentry"],"post_mailing_queue_ids":[],"_links":{"self":[{"href":"https:\/\/agora.xtec.cat\/ceip-maians\/wp-json\/wp\/v2\/pages\/432","targetHints":{"allow":["GET"]}}],"collection":[{"href":"https:\/\/agora.xtec.cat\/ceip-maians\/wp-json\/wp\/v2\/pages"}],"about":[{"href":"https:\/\/agora.xtec.cat\/ceip-maians\/wp-json\/wp\/v2\/types\/page"}],"author":[{"embeddable":true,"href":"https:\/\/agora.xtec.cat\/ceip-maians\/wp-json\/wp\/v2\/users\/1"}],"replies":[{"embeddable":true,"href":"https:\/\/agora.xtec.cat\/ceip-maians\/wp-json\/wp\/v2\/comments?post=432"}],"version-history":[{"count":4,"href":"https:\/\/agora.xtec.cat\/ceip-maians\/wp-json\/wp\/v2\/pages\/432\/revisions"}],"predecessor-version":[{"id":581,"href":"https:\/\/agora.xtec.cat\/ceip-maians\/wp-json\/wp\/v2\/pages\/432\/revisions\/581"}],"up":[{"embeddable":true,"href":"https:\/\/agora.xtec.cat\/ceip-maians\/wp-json\/wp\/v2\/pages\/1379"}],"wp:attachment":[{"href":"https:\/\/agora.xtec.cat\/ceip-maians\/wp-json\/wp\/v2\/media?parent=432"}],"curies":[{"name":"wp","href":"https:\/\/api.w.org\/{rel}","templated":true}]}}