{"id":38,"date":"2014-09-18T12:34:08","date_gmt":"2014-09-18T11:34:08","guid":{"rendered":"http:\/\/agora.xtec.cat\/ceip-maians\/?page_id=38"},"modified":"2015-11-12T20:09:49","modified_gmt":"2015-11-12T19:09:49","slug":"salut","status":"publish","type":"page","link":"https:\/\/agora.xtec.cat\/ceip-maians\/lescola\/salut\/","title":{"rendered":"Salut"},"content":{"rendered":"<h4><strong><u>Administraci\u00f3 de medicaci\u00f3 als alumnes <\/u><\/strong><\/h4>\n<p>Les mestres i monitores de l\u2019 escola no poden administrar cap medicaci\u00f3 als alumnes. En cas de ser imprescindible l\u2019administraci\u00f3 en horari escolar cal que el pare, mare, o tutor legal aporti una recepta o informe del metge, i ompli el full d\u2019autoritzaci\u00f3 d\u2019administraci\u00f3 de medicaments que us donar\u00e0 la tutora.<\/p>\n<p>Per tal de disminuir el risc de contagi a l\u2019escola, el Departament de Sanitat\u00a0 recomana que se segueixin aquestes normes d\u2019actuaci\u00f3:<\/p>\n<p><strong><u>No acceptar l\u2019entrada de cap nen que presenti:<\/u><\/strong><\/p>\n<ul>\n<li><strong><u>Febre: <\/u><\/strong>temperatura superior a 37,5\u00baC<\/li>\n<li><strong><u>la:<\/u><\/strong> Malaltia contagiosa que requereix estar a casa fins que totes les lesions estiguin amb crosta dura.<\/li>\n<li><strong><u>Gastroenteritis:<\/u><\/strong> v\u00f2mits o diarrea.<\/li>\n<li><strong><u>Conjuntivitis:<\/u><\/strong> Infecci\u00f3 i obstrucci\u00f3 llagrimal.<\/li>\n<li><strong><u>Polls: <\/u><\/strong>Requereix tractament a casa. \u00c9s important ser curosos amb aquest aspecte i fer el tractament necessari sin\u00f3 s\u2019encomana.<\/li>\n<li><strong><u>Brut\u00edcia o manca d\u2019higiene<\/u><\/strong><\/li>\n<\/ul>\n<p>Davant la pres\u00e8ncia prolongada dels s\u00edmptomes esmentats abans, a l\u2019escola us podrem exigir que porteu un informe del metge on consti el diagn\u00f2stic i la garantia de que no \u00e9s contagi\u00f3s.<\/p>\n<p><u>En cas de malaltia: <\/u><\/p>\n<p>Si el vostre fill o filla es posa malalt\/a mentre \u00e9s a l\u2019escola , la seva tutora us telefonar\u00e0 per tal que el\/la vingueu a buscar.<\/p>\n<p><strong>\u00c9s important que tinguem a l\u2019escola els tel\u00e8fons on trobar-vos en cas d\u2019urg\u00e8ncia.<\/strong><\/p>\n<p>Si est\u00e0 malalt o amb febre es quedar\u00e0 a casa, tant per ell, com pel perill de contagi que suposa per als seus companys.<\/p>\n<p>&nbsp;<\/p>\n<p>&nbsp;<\/p>\n<p>&nbsp;<\/p>\n<p>&nbsp;<\/p>\n<p>&nbsp;<\/p>\n","protected":false},"excerpt":{"rendered":"<p>Administraci\u00f3 de medicaci\u00f3 als alumnes<br \/>\nLes mestres i monitores de l\u2019 escola no poden administrar cap medicaci\u00f3 als alumnes. En cas de ser imprescindible l\u2019administraci\u00f3 en horari escolar cal que el pare, mare, o tutor legal aporti una recepta o informe del metge, i ompli&hellip;  <a href=\"https:\/\/agora.xtec.cat\/ceip-maians\/lescola\/salut\/\" title=\"Read Salut\">Llegeix m\u00e9s\u00bb<\/a><\/p>\n","protected":false},"author":1,"featured_media":0,"parent":22,"menu_order":80,"comment_status":"closed","ping_status":"closed","template":"page-templates\/side-menu.php","meta":{"_bbp_topic_count":0,"_bbp_reply_count":0,"_bbp_total_topic_count":0,"_bbp_total_reply_count":0,"_bbp_voice_count":0,"_bbp_anonymous_reply_count":0,"_bbp_topic_count_hidden":0,"_bbp_reply_count_hidden":0,"_bbp_forum_subforum_count":0,"footnotes":""},"class_list":["post-38","page","type-page","status-publish","hentry"],"post_mailing_queue_ids":[],"_links":{"self":[{"href":"https:\/\/agora.xtec.cat\/ceip-maians\/wp-json\/wp\/v2\/pages\/38","targetHints":{"allow":["GET"]}}],"collection":[{"href":"https:\/\/agora.xtec.cat\/ceip-maians\/wp-json\/wp\/v2\/pages"}],"about":[{"href":"https:\/\/agora.xtec.cat\/ceip-maians\/wp-json\/wp\/v2\/types\/page"}],"author":[{"embeddable":true,"href":"https:\/\/agora.xtec.cat\/ceip-maians\/wp-json\/wp\/v2\/users\/1"}],"replies":[{"embeddable":true,"href":"https:\/\/agora.xtec.cat\/ceip-maians\/wp-json\/wp\/v2\/comments?post=38"}],"version-history":[{"count":3,"href":"https:\/\/agora.xtec.cat\/ceip-maians\/wp-json\/wp\/v2\/pages\/38\/revisions"}],"predecessor-version":[{"id":182,"href":"https:\/\/agora.xtec.cat\/ceip-maians\/wp-json\/wp\/v2\/pages\/38\/revisions\/182"}],"up":[{"embeddable":true,"href":"https:\/\/agora.xtec.cat\/ceip-maians\/wp-json\/wp\/v2\/pages\/22"}],"wp:attachment":[{"href":"https:\/\/agora.xtec.cat\/ceip-maians\/wp-json\/wp\/v2\/media?parent=38"}],"curies":[{"name":"wp","href":"https:\/\/api.w.org\/{rel}","templated":true}]}}