{"id":1359,"date":"2019-03-05T13:14:04","date_gmt":"2019-03-05T12:14:04","guid":{"rendered":"http:\/\/agora.xtec.cat\/ceip-maians\/?page_id=1359"},"modified":"2022-05-11T23:40:12","modified_gmt":"2022-05-11T21:40:12","slug":"notes-informatives","status":"publish","type":"page","link":"https:\/\/agora.xtec.cat\/ceip-maians\/","title":{"rendered":"\u00daLTIMES INFORMACIONS"},"content":{"rendered":"<h3>PROC\u00c9S PARTICIPATIU PER ESCOLLIR NOM PER L&#8217;ESCOLA<\/h3>\n<p><a href=\"https:\/\/agora.xtec.cat\/ceip-maians\/wp-content\/uploads\/usu675\/2022\/05\/proces-participatiu-2.png\"><img loading=\"lazy\" decoding=\"async\" class=\"alignnone wp-image-2259\" src=\"https:\/\/agora.xtec.cat\/ceip-maians\/wp-content\/uploads\/usu675\/2022\/05\/proces-participatiu-2.png\" alt=\"\" width=\"669\" height=\"474\" srcset=\"https:\/\/agora.xtec.cat\/ceip-maians\/wp-content\/uploads\/usu675\/2022\/05\/proces-participatiu-2.png 1748w, https:\/\/agora.xtec.cat\/ceip-maians\/wp-content\/uploads\/usu675\/2022\/05\/proces-participatiu-2-300x213.png 300w, https:\/\/agora.xtec.cat\/ceip-maians\/wp-content\/uploads\/usu675\/2022\/05\/proces-participatiu-2-1024x726.png 1024w, https:\/\/agora.xtec.cat\/ceip-maians\/wp-content\/uploads\/usu675\/2022\/05\/proces-participatiu-2-768x545.png 768w, https:\/\/agora.xtec.cat\/ceip-maians\/wp-content\/uploads\/usu675\/2022\/05\/proces-participatiu-2-1536x1090.png 1536w\" sizes=\"auto, (max-width: 669px) 100vw, 669px\" \/><\/a><\/p>\n<h4>ENLLA\u00c7 A LA VOTACI\u00d3<\/h4>\n<p><a href=\"https:\/\/docs.google.com\/forms\/d\/e\/1FAIpQLSfcpDQq_cW2BPOAG-Iqe4N9-K56a-vYlY5VVtQuBCrFWgADbw\/viewform?usp=sf_link\">formulari de la votaci\u00f3<\/a><\/p>\n<h4>\nPodeu votar virtualment, tamb\u00e9 podeu fer-ho ens els espais de votaci\u00f3 de les dues escoles i l&#8217;Ajuntament de Castellfollit del Boix.<\/h4>\n<h3><\/h3>\n<h3><\/h3>\n<h3><strong>PREINSCRIPCI\u00d3 CURS 2022-2023<\/strong><\/h3>\n<p><strong>Del 7 al 21 de mar\u00e7. No dubteu en trucar al tel\u00e8fon de l&#8217;escola i demanar informaci\u00f3 i\/o cita pr\u00e8via<\/strong><\/p>\n<p>Ja teniu l&#8217;enlla\u00e7 a tota la informaci\u00f3 a la preinscripci\u00f3 del proper curs. Clica la imatge<\/p>\n<p style=\"font-family: 'Helvetica Neue', Helvetica, Helvetica, Arial, sans-serif; font-size: 16px;\"><a href=\"https:\/\/sites.google.com\/xtec.cat\/preinscripcio22-23\/p%C3%A0gina-principal\"><img loading=\"lazy\" decoding=\"async\" class=\"alignleft\" src=\"https:\/\/agora.xtec.cat\/ceipmaricel\/wp-content\/uploads\/usu1871\/2019\/03\/preinscripcio.jpg\" alt=\"Preinscripcions 2019-2020 | Escola Mar i Cel\" width=\"209\" height=\"66\" \/><\/a><\/p>\n<p>&nbsp;<\/p>\n<p>&nbsp;<\/p>\n<p>&nbsp;<\/p>\n<h3>OFERTA DE PLACES :<\/h3>\n<p><a href=\"https:\/\/agora.xtec.cat\/ceip-maians\/wp-content\/uploads\/usu675\/2022\/03\/OFERTA-DE-PLACES.png\"><img loading=\"lazy\" decoding=\"async\" class=\"alignnone size-full wp-image-2246\" src=\"https:\/\/agora.xtec.cat\/ceip-maians\/wp-content\/uploads\/usu675\/2022\/03\/OFERTA-DE-PLACES.png\" alt=\"\" width=\"1329\" height=\"263\" srcset=\"https:\/\/agora.xtec.cat\/ceip-maians\/wp-content\/uploads\/usu675\/2022\/03\/OFERTA-DE-PLACES.png 1329w, https:\/\/agora.xtec.cat\/ceip-maians\/wp-content\/uploads\/usu675\/2022\/03\/OFERTA-DE-PLACES-300x59.png 300w, https:\/\/agora.xtec.cat\/ceip-maians\/wp-content\/uploads\/usu675\/2022\/03\/OFERTA-DE-PLACES-1024x203.png 1024w, https:\/\/agora.xtec.cat\/ceip-maians\/wp-content\/uploads\/usu675\/2022\/03\/OFERTA-DE-PLACES-768x152.png 768w\" sizes=\"auto, (max-width: 1329px) 100vw, 1329px\" \/><\/a><\/p>\n","protected":false},"excerpt":{"rendered":"<p>PROC\u00c9S PARTICIPATIU PER ESCOLLIR NOM PER L&#8217;ESCOLA<br \/>\n<a href=\"https:\/\/agora.xtec.cat\/ceip-maians\/wp-content\/uploads\/usu675\/2022\/05\/proces-participatiu-2.png\"><\/a><br \/>\nENLLA\u00c7 A LA VOTACI\u00d3<br \/>\n<a href=\"https:\/\/docs.google.com\/forms\/d\/e\/1FAIpQLSfcpDQq_cW2BPOAG-Iqe4N9-K56a-vYlY5VVtQuBCrFWgADbw\/viewform?usp=sf_link\">formulari de la votaci\u00f3<\/a><\/p>\n<p>Podeu votar virtualment, tamb\u00e9 podeu fer-ho ens els espais de votaci\u00f3 de les dues escoles i l&#8217;Ajuntament de Castellfollit del Boix.<\/p>\n<p>PREINSCRIPCI\u00d3 CURS 2022-2023<br \/>\nDel 7 al 21 de mar\u00e7. No dubteu en&hellip;  <a href=\"https:\/\/agora.xtec.cat\/ceip-maians\/\" title=\"Read \u00daLTIMES INFORMACIONS\">Llegeix m\u00e9s\u00bb<\/a><\/p>\n","protected":false},"author":1,"featured_media":0,"parent":0,"menu_order":1,"comment_status":"closed","ping_status":"closed","template":"","meta":{"_bbp_topic_count":0,"_bbp_reply_count":0,"_bbp_total_topic_count":0,"_bbp_total_reply_count":0,"_bbp_voice_count":0,"_bbp_anonymous_reply_count":0,"_bbp_topic_count_hidden":0,"_bbp_reply_count_hidden":0,"_bbp_forum_subforum_count":0,"footnotes":""},"class_list":["post-1359","page","type-page","status-publish","hentry"],"post_mailing_queue_ids":[],"_links":{"self":[{"href":"https:\/\/agora.xtec.cat\/ceip-maians\/wp-json\/wp\/v2\/pages\/1359","targetHints":{"allow":["GET"]}}],"collection":[{"href":"https:\/\/agora.xtec.cat\/ceip-maians\/wp-json\/wp\/v2\/pages"}],"about":[{"href":"https:\/\/agora.xtec.cat\/ceip-maians\/wp-json\/wp\/v2\/types\/page"}],"author":[{"embeddable":true,"href":"https:\/\/agora.xtec.cat\/ceip-maians\/wp-json\/wp\/v2\/users\/1"}],"replies":[{"embeddable":true,"href":"https:\/\/agora.xtec.cat\/ceip-maians\/wp-json\/wp\/v2\/comments?post=1359"}],"version-history":[{"count":3,"href":"https:\/\/agora.xtec.cat\/ceip-maians\/wp-json\/wp\/v2\/pages\/1359\/revisions"}],"predecessor-version":[{"id":2262,"href":"https:\/\/agora.xtec.cat\/ceip-maians\/wp-json\/wp\/v2\/pages\/1359\/revisions\/2262"}],"wp:attachment":[{"href":"https:\/\/agora.xtec.cat\/ceip-maians\/wp-json\/wp\/v2\/media?parent=1359"}],"curies":[{"name":"wp","href":"https:\/\/api.w.org\/{rel}","templated":true}]}}