{"id":73,"date":"2014-09-18T14:01:51","date_gmt":"2014-09-18T14:01:51","guid":{"rendered":"http:\/\/agora.xtec.cat\/ceip-madrenc\/?page_id=73"},"modified":"2025-10-27T13:06:49","modified_gmt":"2025-10-27T12:06:49","slug":"menjador-escolar","status":"publish","type":"page","link":"https:\/\/agora.xtec.cat\/ceip-madrenc\/noticies-descola\/lescola\/menjador-escolar\/","title":{"rendered":"Menjador Escolar 25-26 i ajudes 25-26"},"content":{"rendered":"<h2><strong>CURS 25\/26<\/strong><\/h2>\n<p>\u00a0<\/p>\n<p><a href=\"https:\/\/agora.xtec.cat\/ceip-madrenc\/wp-content\/uploads\/usu322\/2025\/10\/PLA-DE-FUNCIONAMENT-DEL-SERVEI-DE-MENJADOR-ESCOLAR-25-26-1.pdf\">PLA DE FUNCIONAMENT DEL MENJADOR CURS 25-26<\/a><\/p>\n<p><span style=\"color: #ff0000;\"><a style=\"color: #ff0000;\" href=\"https:\/\/agora.xtec.cat\/ceip-madrenc\/wp-content\/uploads\/usu322\/2025\/05\/Instruccions-Ajuts-menjador-2025_2026.pdf\">Instruccions Ajuts menjador 25-26<\/a><\/span><\/p>\n<p>CURS 2025-26 Tots aquells alumnes que es vulguin quedar de forma <strong>espor\u00e0dica<\/strong>, hauran de comprar el tiquet corresponent seguint aquestes instruccions:<\/p>\n<p><a href=\"https:\/\/agora.xtec.cat\/ceip-madrenc\/wp-content\/uploads\/usu322\/2023\/09\/Codi-entitat.pdf\">Codi entitat<\/a><\/p>\n<p><img loading=\"lazy\" decoding=\"async\" class=\"aligncenter size-full wp-image-3330\" src=\"https:\/\/agora.xtec.cat\/ceip-madrenc\/wp-content\/uploads\/usu322\/2025\/09\/CODIENTITAT-1.jpg\" alt=\"\" width=\"1240\" height=\"372\" srcset=\"https:\/\/agora.xtec.cat\/ceip-madrenc\/wp-content\/uploads\/usu322\/2025\/09\/CODIENTITAT-1.jpg 1240w, https:\/\/agora.xtec.cat\/ceip-madrenc\/wp-content\/uploads\/usu322\/2025\/09\/CODIENTITAT-1-300x90.jpg 300w, https:\/\/agora.xtec.cat\/ceip-madrenc\/wp-content\/uploads\/usu322\/2025\/09\/CODIENTITAT-1-1024x307.jpg 1024w, https:\/\/agora.xtec.cat\/ceip-madrenc\/wp-content\/uploads\/usu322\/2025\/09\/CODIENTITAT-1-768x230.jpg 768w\" sizes=\"auto, (max-width: 1240px) 100vw, 1240px\" \/><\/p>\n<div>\n<p>\u201c<em>Instruccions i condicions d\u2019\u00fas del servei de menjador escolar pel curs 2025-2026<\/em>\u201d a les fam\u00edlies interessades (\u00a0<u>i que\u00a0<strong>NO<\/strong>\u00a0hagin demanat l\u2019ajut individual de menjador<\/u> )<span style=\"background-color: rgba(0, 0, 0, 0); font-size: 1rem; font-weight: inherit;\">\u00a0 \u00a0Des del consell comarcal donaran suport telef\u00f2nic per la tramitaci\u00f3 de la inscripci\u00f3 per les fam\u00edlies que ho necessitin, al tel\u00e8fon 972 213 262, de 9 a 14h.<\/span><\/p>\n<ul>\n<li>\u00a0 \u00a0 \u00a0Trobareu tota la informaci\u00f3 a<a href=\"https:\/\/www.girones.cat\/arees\/ensenyament-cultura-turisme-catala-joventut-i-esports\/ensenyament\/menjadors-escolars\/\">https:\/\/www.girones.cat\/arees\/ensenyament-cultura-turisme-catala-joventut-i-esports\/ensenyament\/menjadors-escolars\/<\/a><\/li>\n<\/ul>\n<\/div>\n\n\n<p>INSTRUCCIONS I CONDICIONS D&#8217;\u00daS DEL SERVEI DE MENJADOR ESCOLAR CURS 2025-26<\/p>\n\n\n\n<figure class=\"wp-block-image size-large\"><a href=\"https:\/\/agora.xtec.cat\/ceip-madrenc\/wp-content\/uploads\/usu322\/2025\/09\/Instruccions_ESCOLA-MADRENC_2025_2026-page-001-1.jpg\"><img loading=\"lazy\" decoding=\"async\" width=\"724\" height=\"1024\" src=\"https:\/\/agora.xtec.cat\/ceip-madrenc\/wp-content\/uploads\/usu322\/2025\/09\/Instruccions_ESCOLA-MADRENC_2025_2026-page-001-1-724x1024.jpg\" alt=\"\" class=\"wp-image-3332\" srcset=\"https:\/\/agora.xtec.cat\/ceip-madrenc\/wp-content\/uploads\/usu322\/2025\/09\/Instruccions_ESCOLA-MADRENC_2025_2026-page-001-1-724x1024.jpg 724w, https:\/\/agora.xtec.cat\/ceip-madrenc\/wp-content\/uploads\/usu322\/2025\/09\/Instruccions_ESCOLA-MADRENC_2025_2026-page-001-1-212x300.jpg 212w, https:\/\/agora.xtec.cat\/ceip-madrenc\/wp-content\/uploads\/usu322\/2025\/09\/Instruccions_ESCOLA-MADRENC_2025_2026-page-001-1-768x1086.jpg 768w, https:\/\/agora.xtec.cat\/ceip-madrenc\/wp-content\/uploads\/usu322\/2025\/09\/Instruccions_ESCOLA-MADRENC_2025_2026-page-001-1-1086x1536.jpg 1086w, https:\/\/agora.xtec.cat\/ceip-madrenc\/wp-content\/uploads\/usu322\/2025\/09\/Instruccions_ESCOLA-MADRENC_2025_2026-page-001-1.jpg 1240w\" sizes=\"auto, (max-width: 724px) 100vw, 724px\" \/><\/a><\/figure>\n\n\n\n<figure class=\"wp-block-image size-large\"><a href=\"https:\/\/agora.xtec.cat\/ceip-madrenc\/wp-content\/uploads\/usu322\/2025\/09\/Instruccions_ESCOLA-MADRENC_2025_2026-page-002-1.jpg\"><img loading=\"lazy\" decoding=\"async\" width=\"724\" height=\"1024\" src=\"https:\/\/agora.xtec.cat\/ceip-madrenc\/wp-content\/uploads\/usu322\/2025\/09\/Instruccions_ESCOLA-MADRENC_2025_2026-page-002-1-724x1024.jpg\" alt=\"\" class=\"wp-image-3333\" srcset=\"https:\/\/agora.xtec.cat\/ceip-madrenc\/wp-content\/uploads\/usu322\/2025\/09\/Instruccions_ESCOLA-MADRENC_2025_2026-page-002-1-724x1024.jpg 724w, https:\/\/agora.xtec.cat\/ceip-madrenc\/wp-content\/uploads\/usu322\/2025\/09\/Instruccions_ESCOLA-MADRENC_2025_2026-page-002-1-212x300.jpg 212w, https:\/\/agora.xtec.cat\/ceip-madrenc\/wp-content\/uploads\/usu322\/2025\/09\/Instruccions_ESCOLA-MADRENC_2025_2026-page-002-1-768x1086.jpg 768w, https:\/\/agora.xtec.cat\/ceip-madrenc\/wp-content\/uploads\/usu322\/2025\/09\/Instruccions_ESCOLA-MADRENC_2025_2026-page-002-1-1086x1536.jpg 1086w, https:\/\/agora.xtec.cat\/ceip-madrenc\/wp-content\/uploads\/usu322\/2025\/09\/Instruccions_ESCOLA-MADRENC_2025_2026-page-002-1.jpg 1240w\" sizes=\"auto, (max-width: 724px) 100vw, 724px\" \/><\/a><\/figure>\n\n\n\n<figure class=\"wp-block-image size-large\"><a href=\"https:\/\/agora.xtec.cat\/ceip-madrenc\/wp-content\/uploads\/usu322\/2025\/09\/Instruccions_ESCOLA-MADRENC_2025_2026-page-003-1.jpg\"><img loading=\"lazy\" decoding=\"async\" width=\"724\" height=\"1024\" src=\"https:\/\/agora.xtec.cat\/ceip-madrenc\/wp-content\/uploads\/usu322\/2025\/09\/Instruccions_ESCOLA-MADRENC_2025_2026-page-003-1-724x1024.jpg\" alt=\"\" class=\"wp-image-3334\" srcset=\"https:\/\/agora.xtec.cat\/ceip-madrenc\/wp-content\/uploads\/usu322\/2025\/09\/Instruccions_ESCOLA-MADRENC_2025_2026-page-003-1-724x1024.jpg 724w, https:\/\/agora.xtec.cat\/ceip-madrenc\/wp-content\/uploads\/usu322\/2025\/09\/Instruccions_ESCOLA-MADRENC_2025_2026-page-003-1-212x300.jpg 212w, https:\/\/agora.xtec.cat\/ceip-madrenc\/wp-content\/uploads\/usu322\/2025\/09\/Instruccions_ESCOLA-MADRENC_2025_2026-page-003-1-768x1086.jpg 768w, https:\/\/agora.xtec.cat\/ceip-madrenc\/wp-content\/uploads\/usu322\/2025\/09\/Instruccions_ESCOLA-MADRENC_2025_2026-page-003-1-1086x1536.jpg 1086w, https:\/\/agora.xtec.cat\/ceip-madrenc\/wp-content\/uploads\/usu322\/2025\/09\/Instruccions_ESCOLA-MADRENC_2025_2026-page-003-1.jpg 1240w\" sizes=\"auto, (max-width: 724px) 100vw, 724px\" \/><\/a><\/figure>\n\n\n\n<figure class=\"wp-block-image size-large\"><a href=\"https:\/\/agora.xtec.cat\/ceip-madrenc\/wp-content\/uploads\/usu322\/2025\/09\/Instruccions_ESCOLA-MADRENC_2025_2026-page-004-1.jpg\"><img loading=\"lazy\" decoding=\"async\" width=\"724\" height=\"1024\" src=\"https:\/\/agora.xtec.cat\/ceip-madrenc\/wp-content\/uploads\/usu322\/2025\/09\/Instruccions_ESCOLA-MADRENC_2025_2026-page-004-1-724x1024.jpg\" alt=\"\" class=\"wp-image-3335\" srcset=\"https:\/\/agora.xtec.cat\/ceip-madrenc\/wp-content\/uploads\/usu322\/2025\/09\/Instruccions_ESCOLA-MADRENC_2025_2026-page-004-1-724x1024.jpg 724w, https:\/\/agora.xtec.cat\/ceip-madrenc\/wp-content\/uploads\/usu322\/2025\/09\/Instruccions_ESCOLA-MADRENC_2025_2026-page-004-1-212x300.jpg 212w, https:\/\/agora.xtec.cat\/ceip-madrenc\/wp-content\/uploads\/usu322\/2025\/09\/Instruccions_ESCOLA-MADRENC_2025_2026-page-004-1-768x1086.jpg 768w, https:\/\/agora.xtec.cat\/ceip-madrenc\/wp-content\/uploads\/usu322\/2025\/09\/Instruccions_ESCOLA-MADRENC_2025_2026-page-004-1-1086x1536.jpg 1086w, https:\/\/agora.xtec.cat\/ceip-madrenc\/wp-content\/uploads\/usu322\/2025\/09\/Instruccions_ESCOLA-MADRENC_2025_2026-page-004-1.jpg 1240w\" sizes=\"auto, (max-width: 724px) 100vw, 724px\" \/><\/a><\/figure>\n","protected":false},"excerpt":{"rendered":"<p>CURS 25\/26 \u00a0 PLA DE FUNCIONAMENT DEL MENJADOR CURS 25-26 Instruccions Ajuts menjador 25-26 CURS 2025-26 Tots aquells alumnes que [&hellip;]<\/p>\n","protected":false},"author":2,"featured_media":0,"parent":22,"menu_order":11,"comment_status":"closed","ping_status":"closed","template":"","meta":{"_bbp_topic_count":0,"_bbp_reply_count":0,"_bbp_total_topic_count":0,"_bbp_total_reply_count":0,"_bbp_voice_count":0,"_bbp_anonymous_reply_count":0,"_bbp_topic_count_hidden":0,"_bbp_reply_count_hidden":0,"_bbp_forum_subforum_count":0,"site-sidebar-layout":"default","site-content-layout":"","ast-site-content-layout":"default","site-content-style":"default","site-sidebar-style":"default","ast-global-header-display":"","ast-banner-title-visibility":"","ast-main-header-display":"","ast-hfb-above-header-display":"","ast-hfb-below-header-display":"","ast-hfb-mobile-header-display":"","site-post-title":"","ast-breadcrumbs-content":"","ast-featured-img":"","footer-sml-layout":"","theme-transparent-header-meta":"","adv-header-id-meta":"","stick-header-meta":"","header-above-stick-meta":"","header-main-stick-meta":"","header-below-stick-meta":"","astra-migrate-meta-layouts":"set","ast-page-background-enabled":"default","ast-page-background-meta":{"desktop":{"background-color":"var(--ast-global-color-4)","background-image":"","background-repeat":"repeat","background-position":"center center","background-size":"auto","background-attachment":"scroll","background-type":"","background-media":"","overlay-type":"","overlay-color":"","overlay-opacity":"","overlay-gradient":""},"tablet":{"background-color":"","background-image":"","background-repeat":"repeat","background-position":"center center","background-size":"auto","background-attachment":"scroll","background-type":"","background-media":"","overlay-type":"","overlay-color":"","overlay-opacity":"","overlay-gradient":""},"mobile":{"background-color":"","background-image":"","background-repeat":"repeat","background-position":"center center","background-size":"auto","background-attachment":"scroll","background-type":"","background-media":"","overlay-type":"","overlay-color":"","overlay-opacity":"","overlay-gradient":""}},"ast-content-background-meta":{"desktop":{"background-color":"var(--ast-global-color-5)","background-image":"","background-repeat":"repeat","background-position":"center center","background-size":"auto","background-attachment":"scroll","background-type":"","background-media":"","overlay-type":"","overlay-color":"","overlay-opacity":"","overlay-gradient":""},"tablet":{"background-color":"var(--ast-global-color-5)","background-image":"","background-repeat":"repeat","background-position":"center center","background-size":"auto","background-attachment":"scroll","background-type":"","background-media":"","overlay-type":"","overlay-color":"","overlay-opacity":"","overlay-gradient":""},"mobile":{"background-color":"var(--ast-global-color-5)","background-image":"","background-repeat":"repeat","background-position":"center center","background-size":"auto","background-attachment":"scroll","background-type":"","background-media":"","overlay-type":"","overlay-color":"","overlay-opacity":"","overlay-gradient":""}},"footnotes":""},"class_list":["post-73","page","type-page","status-publish","hentry"],"post_mailing_queue_ids":[],"_links":{"self":[{"href":"https:\/\/agora.xtec.cat\/ceip-madrenc\/wp-json\/wp\/v2\/pages\/73","targetHints":{"allow":["GET"]}}],"collection":[{"href":"https:\/\/agora.xtec.cat\/ceip-madrenc\/wp-json\/wp\/v2\/pages"}],"about":[{"href":"https:\/\/agora.xtec.cat\/ceip-madrenc\/wp-json\/wp\/v2\/types\/page"}],"author":[{"embeddable":true,"href":"https:\/\/agora.xtec.cat\/ceip-madrenc\/wp-json\/wp\/v2\/users\/2"}],"replies":[{"embeddable":true,"href":"https:\/\/agora.xtec.cat\/ceip-madrenc\/wp-json\/wp\/v2\/comments?post=73"}],"version-history":[{"count":6,"href":"https:\/\/agora.xtec.cat\/ceip-madrenc\/wp-json\/wp\/v2\/pages\/73\/revisions"}],"predecessor-version":[{"id":3454,"href":"https:\/\/agora.xtec.cat\/ceip-madrenc\/wp-json\/wp\/v2\/pages\/73\/revisions\/3454"}],"up":[{"embeddable":true,"href":"https:\/\/agora.xtec.cat\/ceip-madrenc\/wp-json\/wp\/v2\/pages\/22"}],"wp:attachment":[{"href":"https:\/\/agora.xtec.cat\/ceip-madrenc\/wp-json\/wp\/v2\/media?parent=73"}],"curies":[{"name":"wp","href":"https:\/\/api.w.org\/{rel}","templated":true}]}}

<h2><strong>CURS 25/26</strong></h2>
<p> </p>
<p><a href="https://agora.xtec.cat/ceip-madrenc/wp-content/uploads/usu322/2025/10/PLA-DE-FUNCIONAMENT-DEL-SERVEI-DE-MENJADOR-ESCOLAR-25-26-1.pdf">PLA DE FUNCIONAMENT DEL MENJADOR CURS 25-26</a></p>
<p><span style="color: #ff0000;"><a style="color: #ff0000;" href="https://agora.xtec.cat/ceip-madrenc/wp-content/uploads/usu322/2025/05/Instruccions-Ajuts-menjador-2025_2026.pdf">Instruccions Ajuts menjador 25-26</a></span></p>
<p>CURS 2025-26 Tots aquells alumnes que es vulguin quedar de forma <strong>esporàdica</strong>, hauran de comprar el tiquet corresponent seguint aquestes instruccions:</p>
<p><a href="https://agora.xtec.cat/ceip-madrenc/wp-content/uploads/usu322/2023/09/Codi-entitat.pdf">Codi entitat</a></p>
<p><img loading="lazy" decoding="async" class="aligncenter size-full wp-image-3330" src="https://agora.xtec.cat/ceip-madrenc/wp-content/uploads/usu322/2025/09/CODIENTITAT-1.jpg" alt="" width="1240" height="372" srcset="https://agora.xtec.cat/ceip-madrenc/wp-content/uploads/usu322/2025/09/CODIENTITAT-1.jpg 1240w, https://agora.xtec.cat/ceip-madrenc/wp-content/uploads/usu322/2025/09/CODIENTITAT-1-300x90.jpg 300w, https://agora.xtec.cat/ceip-madrenc/wp-content/uploads/usu322/2025/09/CODIENTITAT-1-1024x307.jpg 1024w, https://agora.xtec.cat/ceip-madrenc/wp-content/uploads/usu322/2025/09/CODIENTITAT-1-768x230.jpg 768w" sizes="auto, (max-width: 1240px) 100vw, 1240px" /></p>
<div>
<p>“<em>Instruccions i condicions d’ús del servei de menjador escolar pel curs 2025-2026</em>” a les famílies interessades ( <u>i que <strong>NO</strong> hagin demanat l’ajut individual de menjador</u> )<span style="background-color: rgba(0, 0, 0, 0); font-size: 1rem; font-weight: inherit;">   Des del consell comarcal donaran suport telefònic per la tramitació de la inscripció per les famílies que ho necessitin, al telèfon 972 213 262, de 9 a 14h.</span></p>
<ul>
<li>     Trobareu tota la informació a<a href="https://www.girones.cat/arees/ensenyament-cultura-turisme-catala-joventut-i-esports/ensenyament/menjadors-escolars/">https://www.girones.cat/arees/ensenyament-cultura-turisme-catala-joventut-i-esports/ensenyament/menjadors-escolars/</a></li>
</ul>
</div>


<p>INSTRUCCIONS I CONDICIONS D&#8217;ÚS DEL SERVEI DE MENJADOR ESCOLAR CURS 2025-26</p>



<figure class="wp-block-image size-large"><a href="https://agora.xtec.cat/ceip-madrenc/wp-content/uploads/usu322/2025/09/Instruccions_ESCOLA-MADRENC_2025_2026-page-001-1.jpg"><img loading="lazy" decoding="async" width="724" height="1024" src="https://agora.xtec.cat/ceip-madrenc/wp-content/uploads/usu322/2025/09/Instruccions_ESCOLA-MADRENC_2025_2026-page-001-1-724x1024.jpg" alt="" class="wp-image-3332" srcset="https://agora.xtec.cat/ceip-madrenc/wp-content/uploads/usu322/2025/09/Instruccions_ESCOLA-MADRENC_2025_2026-page-001-1-724x1024.jpg 724w, https://agora.xtec.cat/ceip-madrenc/wp-content/uploads/usu322/2025/09/Instruccions_ESCOLA-MADRENC_2025_2026-page-001-1-212x300.jpg 212w, https://agora.xtec.cat/ceip-madrenc/wp-content/uploads/usu322/2025/09/Instruccions_ESCOLA-MADRENC_2025_2026-page-001-1-768x1086.jpg 768w, https://agora.xtec.cat/ceip-madrenc/wp-content/uploads/usu322/2025/09/Instruccions_ESCOLA-MADRENC_2025_2026-page-001-1-1086x1536.jpg 1086w, https://agora.xtec.cat/ceip-madrenc/wp-content/uploads/usu322/2025/09/Instruccions_ESCOLA-MADRENC_2025_2026-page-001-1.jpg 1240w" sizes="auto, (max-width: 724px) 100vw, 724px" /></a></figure>



<figure class="wp-block-image size-large"><a href="https://agora.xtec.cat/ceip-madrenc/wp-content/uploads/usu322/2025/09/Instruccions_ESCOLA-MADRENC_2025_2026-page-002-1.jpg"><img loading="lazy" decoding="async" width="724" height="1024" src="https://agora.xtec.cat/ceip-madrenc/wp-content/uploads/usu322/2025/09/Instruccions_ESCOLA-MADRENC_2025_2026-page-002-1-724x1024.jpg" alt="" class="wp-image-3333" srcset="https://agora.xtec.cat/ceip-madrenc/wp-content/uploads/usu322/2025/09/Instruccions_ESCOLA-MADRENC_2025_2026-page-002-1-724x1024.jpg 724w, https://agora.xtec.cat/ceip-madrenc/wp-content/uploads/usu322/2025/09/Instruccions_ESCOLA-MADRENC_2025_2026-page-002-1-212x300.jpg 212w, https://agora.xtec.cat/ceip-madrenc/wp-content/uploads/usu322/2025/09/Instruccions_ESCOLA-MADRENC_2025_2026-page-002-1-768x1086.jpg 768w, https://agora.xtec.cat/ceip-madrenc/wp-content/uploads/usu322/2025/09/Instruccions_ESCOLA-MADRENC_2025_2026-page-002-1-1086x1536.jpg 1086w, https://agora.xtec.cat/ceip-madrenc/wp-content/uploads/usu322/2025/09/Instruccions_ESCOLA-MADRENC_2025_2026-page-002-1.jpg 1240w" sizes="auto, (max-width: 724px) 100vw, 724px" /></a></figure>



<figure class="wp-block-image size-large"><a href="https://agora.xtec.cat/ceip-madrenc/wp-content/uploads/usu322/2025/09/Instruccions_ESCOLA-MADRENC_2025_2026-page-003-1.jpg"><img loading="lazy" decoding="async" width="724" height="1024" src="https://agora.xtec.cat/ceip-madrenc/wp-content/uploads/usu322/2025/09/Instruccions_ESCOLA-MADRENC_2025_2026-page-003-1-724x1024.jpg" alt="" class="wp-image-3334" srcset="https://agora.xtec.cat/ceip-madrenc/wp-content/uploads/usu322/2025/09/Instruccions_ESCOLA-MADRENC_2025_2026-page-003-1-724x1024.jpg 724w, https://agora.xtec.cat/ceip-madrenc/wp-content/uploads/usu322/2025/09/Instruccions_ESCOLA-MADRENC_2025_2026-page-003-1-212x300.jpg 212w, https://agora.xtec.cat/ceip-madrenc/wp-content/uploads/usu322/2025/09/Instruccions_ESCOLA-MADRENC_2025_2026-page-003-1-768x1086.jpg 768w, https://agora.xtec.cat/ceip-madrenc/wp-content/uploads/usu322/2025/09/Instruccions_ESCOLA-MADRENC_2025_2026-page-003-1-1086x1536.jpg 1086w, https://agora.xtec.cat/ceip-madrenc/wp-content/uploads/usu322/2025/09/Instruccions_ESCOLA-MADRENC_2025_2026-page-003-1.jpg 1240w" sizes="auto, (max-width: 724px) 100vw, 724px" /></a></figure>



<figure class="wp-block-image size-large"><a href="https://agora.xtec.cat/ceip-madrenc/wp-content/uploads/usu322/2025/09/Instruccions_ESCOLA-MADRENC_2025_2026-page-004-1.jpg"><img loading="lazy" decoding="async" width="724" height="1024" src="https://agora.xtec.cat/ceip-madrenc/wp-content/uploads/usu322/2025/09/Instruccions_ESCOLA-MADRENC_2025_2026-page-004-1-724x1024.jpg" alt="" class="wp-image-3335" srcset="https://agora.xtec.cat/ceip-madrenc/wp-content/uploads/usu322/2025/09/Instruccions_ESCOLA-MADRENC_2025_2026-page-004-1-724x1024.jpg 724w, https://agora.xtec.cat/ceip-madrenc/wp-content/uploads/usu322/2025/09/Instruccions_ESCOLA-MADRENC_2025_2026-page-004-1-212x300.jpg 212w, https://agora.xtec.cat/ceip-madrenc/wp-content/uploads/usu322/2025/09/Instruccions_ESCOLA-MADRENC_2025_2026-page-004-1-768x1086.jpg 768w, https://agora.xtec.cat/ceip-madrenc/wp-content/uploads/usu322/2025/09/Instruccions_ESCOLA-MADRENC_2025_2026-page-004-1-1086x1536.jpg 1086w, https://agora.xtec.cat/ceip-madrenc/wp-content/uploads/usu322/2025/09/Instruccions_ESCOLA-MADRENC_2025_2026-page-004-1.jpg 1240w" sizes="auto, (max-width: 724px) 100vw, 724px" /></a></figure>
