{"id":2383,"date":"2024-05-17T10:44:38","date_gmt":"2024-05-17T08:44:38","guid":{"rendered":"https:\/\/agora.xtec.cat\/ceip-madrenc\/?page_id=2383"},"modified":"2025-01-30T09:36:24","modified_gmt":"2025-01-30T08:36:24","slug":"robotica-desendollada","status":"publish","type":"page","link":"https:\/\/agora.xtec.cat\/ceip-madrenc\/robotica-desendollada\/","title":{"rendered":"Rob\u00f2tica desendollada"},"content":{"rendered":"<h1><strong>El pensament computacional desendollat\u00a0<\/strong>\u00e9s un proc\u00e9s per buscar solucions creatives, obertes, imaginatives, art\u00edstiques i enginyoses en qualsevol \u00e0mbit curricular.<\/h1>\n<h3>Podem abordar problemes de manera sistem\u00e0tica, dividint-lo en parts m\u00e9s petites per trobar-hi solucions, tot tractant aspectes de codificaci\u00f3 i patrons de pensament que permetin a l\u2019alumnat desenvolupar habilitats com el raonament l\u00f2gic, el pensament cr\u00edtic, la creativitat i la presa de decisions sense utilitzar cap dispositiu digital. Es tracta de jocs de taula que ajuden a desenvolupar aquest pensament. Jocs Com:<\/h3>\n<h3>&#8211; Ricochet robots<\/h3>\n<h3>&#8211; River Dragons<\/h3>\n<h3>&#8211; Robot Turtles<\/h3>\n<h3>&#8211; Micro Robots<\/h3>\n<h3>&#8211; Scottie Go&#8230;.<\/h3>\n<p><img loading=\"lazy\" decoding=\"async\" class=\"aligncenter size-full wp-image-2384\" src=\"https:\/\/agora.xtec.cat\/ceip-madrenc\/wp-content\/uploads\/usu322\/2024\/05\/Imatge-de-WhatsApp-2024-05-17-a-les-10.15.09_f6538da4.jpg\" alt=\"\" width=\"1200\" height=\"1600\" srcset=\"https:\/\/agora.xtec.cat\/ceip-madrenc\/wp-content\/uploads\/usu322\/2024\/05\/Imatge-de-WhatsApp-2024-05-17-a-les-10.15.09_f6538da4.jpg 1200w, https:\/\/agora.xtec.cat\/ceip-madrenc\/wp-content\/uploads\/usu322\/2024\/05\/Imatge-de-WhatsApp-2024-05-17-a-les-10.15.09_f6538da4-225x300.jpg 225w, https:\/\/agora.xtec.cat\/ceip-madrenc\/wp-content\/uploads\/usu322\/2024\/05\/Imatge-de-WhatsApp-2024-05-17-a-les-10.15.09_f6538da4-768x1024.jpg 768w, https:\/\/agora.xtec.cat\/ceip-madrenc\/wp-content\/uploads\/usu322\/2024\/05\/Imatge-de-WhatsApp-2024-05-17-a-les-10.15.09_f6538da4-1152x1536.jpg 1152w\" sizes=\"auto, (max-width: 1200px) 100vw, 1200px\" \/> <img loading=\"lazy\" decoding=\"async\" class=\"aligncenter size-full wp-image-2385\" src=\"https:\/\/agora.xtec.cat\/ceip-madrenc\/wp-content\/uploads\/usu322\/2024\/05\/Imatge-de-WhatsApp-2024-05-17-a-les-10.15.10_0f944fee.jpg\" alt=\"\" width=\"1600\" height=\"1200\" srcset=\"https:\/\/agora.xtec.cat\/ceip-madrenc\/wp-content\/uploads\/usu322\/2024\/05\/Imatge-de-WhatsApp-2024-05-17-a-les-10.15.10_0f944fee.jpg 1600w, https:\/\/agora.xtec.cat\/ceip-madrenc\/wp-content\/uploads\/usu322\/2024\/05\/Imatge-de-WhatsApp-2024-05-17-a-les-10.15.10_0f944fee-300x225.jpg 300w, https:\/\/agora.xtec.cat\/ceip-madrenc\/wp-content\/uploads\/usu322\/2024\/05\/Imatge-de-WhatsApp-2024-05-17-a-les-10.15.10_0f944fee-1024x768.jpg 1024w, https:\/\/agora.xtec.cat\/ceip-madrenc\/wp-content\/uploads\/usu322\/2024\/05\/Imatge-de-WhatsApp-2024-05-17-a-les-10.15.10_0f944fee-768x576.jpg 768w, https:\/\/agora.xtec.cat\/ceip-madrenc\/wp-content\/uploads\/usu322\/2024\/05\/Imatge-de-WhatsApp-2024-05-17-a-les-10.15.10_0f944fee-1536x1152.jpg 1536w, https:\/\/agora.xtec.cat\/ceip-madrenc\/wp-content\/uploads\/usu322\/2024\/05\/Imatge-de-WhatsApp-2024-05-17-a-les-10.15.10_0f944fee-200x150.jpg 200w\" sizes=\"auto, (max-width: 1600px) 100vw, 1600px\" \/> <img loading=\"lazy\" decoding=\"async\" class=\"aligncenter size-full wp-image-2386\" src=\"https:\/\/agora.xtec.cat\/ceip-madrenc\/wp-content\/uploads\/usu322\/2024\/05\/Imatge-de-WhatsApp-2024-05-17-a-les-10.15.10_93de65f0.jpg\" alt=\"\" width=\"1600\" height=\"1200\" srcset=\"https:\/\/agora.xtec.cat\/ceip-madrenc\/wp-content\/uploads\/usu322\/2024\/05\/Imatge-de-WhatsApp-2024-05-17-a-les-10.15.10_93de65f0.jpg 1600w, https:\/\/agora.xtec.cat\/ceip-madrenc\/wp-content\/uploads\/usu322\/2024\/05\/Imatge-de-WhatsApp-2024-05-17-a-les-10.15.10_93de65f0-300x225.jpg 300w, https:\/\/agora.xtec.cat\/ceip-madrenc\/wp-content\/uploads\/usu322\/2024\/05\/Imatge-de-WhatsApp-2024-05-17-a-les-10.15.10_93de65f0-1024x768.jpg 1024w, https:\/\/agora.xtec.cat\/ceip-madrenc\/wp-content\/uploads\/usu322\/2024\/05\/Imatge-de-WhatsApp-2024-05-17-a-les-10.15.10_93de65f0-768x576.jpg 768w, https:\/\/agora.xtec.cat\/ceip-madrenc\/wp-content\/uploads\/usu322\/2024\/05\/Imatge-de-WhatsApp-2024-05-17-a-les-10.15.10_93de65f0-1536x1152.jpg 1536w, https:\/\/agora.xtec.cat\/ceip-madrenc\/wp-content\/uploads\/usu322\/2024\/05\/Imatge-de-WhatsApp-2024-05-17-a-les-10.15.10_93de65f0-200x150.jpg 200w\" sizes=\"auto, (max-width: 1600px) 100vw, 1600px\" \/> <img loading=\"lazy\" decoding=\"async\" class=\"aligncenter size-full wp-image-2387\" src=\"https:\/\/agora.xtec.cat\/ceip-madrenc\/wp-content\/uploads\/usu322\/2024\/05\/Imatge-de-WhatsApp-2024-05-17-a-les-10.15.11_2f63e571.jpg\" alt=\"\" width=\"1600\" height=\"1200\" srcset=\"https:\/\/agora.xtec.cat\/ceip-madrenc\/wp-content\/uploads\/usu322\/2024\/05\/Imatge-de-WhatsApp-2024-05-17-a-les-10.15.11_2f63e571.jpg 1600w, https:\/\/agora.xtec.cat\/ceip-madrenc\/wp-content\/uploads\/usu322\/2024\/05\/Imatge-de-WhatsApp-2024-05-17-a-les-10.15.11_2f63e571-300x225.jpg 300w, https:\/\/agora.xtec.cat\/ceip-madrenc\/wp-content\/uploads\/usu322\/2024\/05\/Imatge-de-WhatsApp-2024-05-17-a-les-10.15.11_2f63e571-1024x768.jpg 1024w, https:\/\/agora.xtec.cat\/ceip-madrenc\/wp-content\/uploads\/usu322\/2024\/05\/Imatge-de-WhatsApp-2024-05-17-a-les-10.15.11_2f63e571-768x576.jpg 768w, https:\/\/agora.xtec.cat\/ceip-madrenc\/wp-content\/uploads\/usu322\/2024\/05\/Imatge-de-WhatsApp-2024-05-17-a-les-10.15.11_2f63e571-1536x1152.jpg 1536w, https:\/\/agora.xtec.cat\/ceip-madrenc\/wp-content\/uploads\/usu322\/2024\/05\/Imatge-de-WhatsApp-2024-05-17-a-les-10.15.11_2f63e571-200x150.jpg 200w\" sizes=\"auto, (max-width: 1600px) 100vw, 1600px\" \/> <img loading=\"lazy\" decoding=\"async\" class=\"aligncenter size-full wp-image-2388\" src=\"https:\/\/agora.xtec.cat\/ceip-madrenc\/wp-content\/uploads\/usu322\/2024\/05\/Imatge-de-WhatsApp-2024-05-17-a-les-10.15.11_f551378b.jpg\" alt=\"\" width=\"1600\" height=\"1200\" srcset=\"https:\/\/agora.xtec.cat\/ceip-madrenc\/wp-content\/uploads\/usu322\/2024\/05\/Imatge-de-WhatsApp-2024-05-17-a-les-10.15.11_f551378b.jpg 1600w, https:\/\/agora.xtec.cat\/ceip-madrenc\/wp-content\/uploads\/usu322\/2024\/05\/Imatge-de-WhatsApp-2024-05-17-a-les-10.15.11_f551378b-300x225.jpg 300w, https:\/\/agora.xtec.cat\/ceip-madrenc\/wp-content\/uploads\/usu322\/2024\/05\/Imatge-de-WhatsApp-2024-05-17-a-les-10.15.11_f551378b-1024x768.jpg 1024w, https:\/\/agora.xtec.cat\/ceip-madrenc\/wp-content\/uploads\/usu322\/2024\/05\/Imatge-de-WhatsApp-2024-05-17-a-les-10.15.11_f551378b-768x576.jpg 768w, https:\/\/agora.xtec.cat\/ceip-madrenc\/wp-content\/uploads\/usu322\/2024\/05\/Imatge-de-WhatsApp-2024-05-17-a-les-10.15.11_f551378b-1536x1152.jpg 1536w, https:\/\/agora.xtec.cat\/ceip-madrenc\/wp-content\/uploads\/usu322\/2024\/05\/Imatge-de-WhatsApp-2024-05-17-a-les-10.15.11_f551378b-200x150.jpg 200w\" sizes=\"auto, (max-width: 1600px) 100vw, 1600px\" \/> <img loading=\"lazy\" decoding=\"async\" class=\"aligncenter size-full wp-image-2389\" src=\"https:\/\/agora.xtec.cat\/ceip-madrenc\/wp-content\/uploads\/usu322\/2024\/05\/Imatge-de-WhatsApp-2024-05-17-a-les-10.15.12_c38c19d1.jpg\" alt=\"\" width=\"1200\" height=\"1600\" srcset=\"https:\/\/agora.xtec.cat\/ceip-madrenc\/wp-content\/uploads\/usu322\/2024\/05\/Imatge-de-WhatsApp-2024-05-17-a-les-10.15.12_c38c19d1.jpg 1200w, https:\/\/agora.xtec.cat\/ceip-madrenc\/wp-content\/uploads\/usu322\/2024\/05\/Imatge-de-WhatsApp-2024-05-17-a-les-10.15.12_c38c19d1-225x300.jpg 225w, https:\/\/agora.xtec.cat\/ceip-madrenc\/wp-content\/uploads\/usu322\/2024\/05\/Imatge-de-WhatsApp-2024-05-17-a-les-10.15.12_c38c19d1-768x1024.jpg 768w, https:\/\/agora.xtec.cat\/ceip-madrenc\/wp-content\/uploads\/usu322\/2024\/05\/Imatge-de-WhatsApp-2024-05-17-a-les-10.15.12_c38c19d1-1152x1536.jpg 1152w\" sizes=\"auto, (max-width: 1200px) 100vw, 1200px\" \/> <img loading=\"lazy\" decoding=\"async\" class=\"aligncenter size-full wp-image-2390\" src=\"https:\/\/agora.xtec.cat\/ceip-madrenc\/wp-content\/uploads\/usu322\/2024\/05\/Imatge-de-WhatsApp-2024-05-17-a-les-10.15.19_19108f43.jpg\" alt=\"\" width=\"1600\" height=\"1200\" srcset=\"https:\/\/agora.xtec.cat\/ceip-madrenc\/wp-content\/uploads\/usu322\/2024\/05\/Imatge-de-WhatsApp-2024-05-17-a-les-10.15.19_19108f43.jpg 1600w, https:\/\/agora.xtec.cat\/ceip-madrenc\/wp-content\/uploads\/usu322\/2024\/05\/Imatge-de-WhatsApp-2024-05-17-a-les-10.15.19_19108f43-300x225.jpg 300w, https:\/\/agora.xtec.cat\/ceip-madrenc\/wp-content\/uploads\/usu322\/2024\/05\/Imatge-de-WhatsApp-2024-05-17-a-les-10.15.19_19108f43-1024x768.jpg 1024w, https:\/\/agora.xtec.cat\/ceip-madrenc\/wp-content\/uploads\/usu322\/2024\/05\/Imatge-de-WhatsApp-2024-05-17-a-les-10.15.19_19108f43-768x576.jpg 768w, https:\/\/agora.xtec.cat\/ceip-madrenc\/wp-content\/uploads\/usu322\/2024\/05\/Imatge-de-WhatsApp-2024-05-17-a-les-10.15.19_19108f43-1536x1152.jpg 1536w, https:\/\/agora.xtec.cat\/ceip-madrenc\/wp-content\/uploads\/usu322\/2024\/05\/Imatge-de-WhatsApp-2024-05-17-a-les-10.15.19_19108f43-200x150.jpg 200w\" sizes=\"auto, (max-width: 1600px) 100vw, 1600px\" \/> <img loading=\"lazy\" decoding=\"async\" class=\"aligncenter size-full wp-image-2391\" src=\"https:\/\/agora.xtec.cat\/ceip-madrenc\/wp-content\/uploads\/usu322\/2024\/05\/Imatge-de-WhatsApp-2024-05-17-a-les-10.15.19_be63de0d.jpg\" alt=\"\" width=\"1600\" height=\"1200\" srcset=\"https:\/\/agora.xtec.cat\/ceip-madrenc\/wp-content\/uploads\/usu322\/2024\/05\/Imatge-de-WhatsApp-2024-05-17-a-les-10.15.19_be63de0d.jpg 1600w, https:\/\/agora.xtec.cat\/ceip-madrenc\/wp-content\/uploads\/usu322\/2024\/05\/Imatge-de-WhatsApp-2024-05-17-a-les-10.15.19_be63de0d-300x225.jpg 300w, https:\/\/agora.xtec.cat\/ceip-madrenc\/wp-content\/uploads\/usu322\/2024\/05\/Imatge-de-WhatsApp-2024-05-17-a-les-10.15.19_be63de0d-1024x768.jpg 1024w, https:\/\/agora.xtec.cat\/ceip-madrenc\/wp-content\/uploads\/usu322\/2024\/05\/Imatge-de-WhatsApp-2024-05-17-a-les-10.15.19_be63de0d-768x576.jpg 768w, https:\/\/agora.xtec.cat\/ceip-madrenc\/wp-content\/uploads\/usu322\/2024\/05\/Imatge-de-WhatsApp-2024-05-17-a-les-10.15.19_be63de0d-1536x1152.jpg 1536w, https:\/\/agora.xtec.cat\/ceip-madrenc\/wp-content\/uploads\/usu322\/2024\/05\/Imatge-de-WhatsApp-2024-05-17-a-les-10.15.19_be63de0d-200x150.jpg 200w\" sizes=\"auto, (max-width: 1600px) 100vw, 1600px\" \/><\/p>\n","protected":false},"excerpt":{"rendered":"<p>El pensament computacional desendollat\u00a0\u00e9s un proc\u00e9s per buscar solucions creatives, obertes, imaginatives, art\u00edstiques i enginyoses en qualsevol \u00e0mbit curricular. Podem [&hellip;]<\/p>\n","protected":false},"author":1,"featured_media":0,"parent":0,"menu_order":0,"comment_status":"closed","ping_status":"closed","template":"","meta":{"_bbp_topic_count":0,"_bbp_reply_count":0,"_bbp_total_topic_count":0,"_bbp_total_reply_count":0,"_bbp_voice_count":0,"_bbp_anonymous_reply_count":0,"_bbp_topic_count_hidden":0,"_bbp_reply_count_hidden":0,"_bbp_forum_subforum_count":0,"site-sidebar-layout":"default","site-content-layout":"","ast-site-content-layout":"","site-content-style":"default","site-sidebar-style":"default","ast-global-header-display":"","ast-banner-title-visibility":"","ast-main-header-display":"","ast-hfb-above-header-display":"","ast-hfb-below-header-display":"","ast-hfb-mobile-header-display":"","site-post-title":"","ast-breadcrumbs-content":"","ast-featured-img":"","footer-sml-layout":"","theme-transparent-header-meta":"","adv-header-id-meta":"","stick-header-meta":"","header-above-stick-meta":"","header-main-stick-meta":"","header-below-stick-meta":"","astra-migrate-meta-layouts":"default","ast-page-background-enabled":"default","ast-page-background-meta":{"desktop":{"background-color":"var(--ast-global-color-4)","background-image":"","background-repeat":"repeat","background-position":"center center","background-size":"auto","background-attachment":"scroll","background-type":"","background-media":"","overlay-type":"","overlay-color":"","overlay-opacity":"","overlay-gradient":""},"tablet":{"background-color":"","background-image":"","background-repeat":"repeat","background-position":"center center","background-size":"auto","background-attachment":"scroll","background-type":"","background-media":"","overlay-type":"","overlay-color":"","overlay-opacity":"","overlay-gradient":""},"mobile":{"background-color":"","background-image":"","background-repeat":"repeat","background-position":"center center","background-size":"auto","background-attachment":"scroll","background-type":"","background-media":"","overlay-type":"","overlay-color":"","overlay-opacity":"","overlay-gradient":""}},"ast-content-background-meta":{"desktop":{"background-color":"var(--ast-global-color-5)","background-image":"","background-repeat":"repeat","background-position":"center center","background-size":"auto","background-attachment":"scroll","background-type":"","background-media":"","overlay-type":"","overlay-color":"","overlay-opacity":"","overlay-gradient":""},"tablet":{"background-color":"var(--ast-global-color-5)","background-image":"","background-repeat":"repeat","background-position":"center center","background-size":"auto","background-attachment":"scroll","background-type":"","background-media":"","overlay-type":"","overlay-color":"","overlay-opacity":"","overlay-gradient":""},"mobile":{"background-color":"var(--ast-global-color-5)","background-image":"","background-repeat":"repeat","background-position":"center center","background-size":"auto","background-attachment":"scroll","background-type":"","background-media":"","overlay-type":"","overlay-color":"","overlay-opacity":"","overlay-gradient":""}},"footnotes":""},"class_list":["post-2383","page","type-page","status-publish","hentry"],"post_mailing_queue_ids":[],"_links":{"self":[{"href":"https:\/\/agora.xtec.cat\/ceip-madrenc\/wp-json\/wp\/v2\/pages\/2383","targetHints":{"allow":["GET"]}}],"collection":[{"href":"https:\/\/agora.xtec.cat\/ceip-madrenc\/wp-json\/wp\/v2\/pages"}],"about":[{"href":"https:\/\/agora.xtec.cat\/ceip-madrenc\/wp-json\/wp\/v2\/types\/page"}],"author":[{"embeddable":true,"href":"https:\/\/agora.xtec.cat\/ceip-madrenc\/wp-json\/wp\/v2\/users\/1"}],"replies":[{"embeddable":true,"href":"https:\/\/agora.xtec.cat\/ceip-madrenc\/wp-json\/wp\/v2\/comments?post=2383"}],"version-history":[{"count":2,"href":"https:\/\/agora.xtec.cat\/ceip-madrenc\/wp-json\/wp\/v2\/pages\/2383\/revisions"}],"predecessor-version":[{"id":2935,"href":"https:\/\/agora.xtec.cat\/ceip-madrenc\/wp-json\/wp\/v2\/pages\/2383\/revisions\/2935"}],"wp:attachment":[{"href":"https:\/\/agora.xtec.cat\/ceip-madrenc\/wp-json\/wp\/v2\/media?parent=2383"}],"curies":[{"name":"wp","href":"https:\/\/api.w.org\/{rel}","templated":true}]}}