{"id":859,"date":"2017-02-03T13:26:56","date_gmt":"2017-02-03T12:26:56","guid":{"rendered":"http:\/\/agora.xtec.cat\/ceip-lola-anglada-esplugues\/?page_id=859"},"modified":"2017-03-08T18:55:31","modified_gmt":"2017-03-08T17:55:31","slug":"projecte-espais-exteriors","status":"publish","type":"page","link":"https:\/\/agora.xtec.cat\/ceip-lola-anglada-esplugues\/els-nostres-grans-projectes\/projecte-espais-exteriors\/","title":{"rendered":"Projecte Espais Exteriors"},"content":{"rendered":"<p>&nbsp;<\/p>\n<p>El Projecte d&#8217;Espais exteriors va n\u00e9ixer durant el curs 2015-2016 des de l&#8217;escola.<br \/>\nJa feia un temps que ens plantej\u00e0vem la remodelaci\u00f3 dels patis de l\u2019escola per aprofitar-los, encara m\u00e9s, com a entorn d\u2019aprenentatge.<a href=\"http:\/\/agora.xtec.cat\/ceip-lola-anglada-esplugues\/wp-content\/uploads\/usu1507\/2017\/02\/IMG_20160920_151737406.jpg\"><img loading=\"lazy\" decoding=\"async\" class=\"wp-image-878 alignright\" src=\"http:\/\/agora.xtec.cat\/ceip-lola-anglada-esplugues\/wp-content\/uploads\/usu1507\/2017\/02\/IMG_20160920_151737406-576x1024.jpg\" alt=\"img_20160920_151737406\" width=\"160\" height=\"284\" srcset=\"https:\/\/agora.xtec.cat\/ceip-lola-anglada-esplugues\/wp-content\/uploads\/usu1507\/2017\/02\/IMG_20160920_151737406-576x1024.jpg 576w, https:\/\/agora.xtec.cat\/ceip-lola-anglada-esplugues\/wp-content\/uploads\/usu1507\/2017\/02\/IMG_20160920_151737406-169x300.jpg 169w, https:\/\/agora.xtec.cat\/ceip-lola-anglada-esplugues\/wp-content\/uploads\/usu1507\/2017\/02\/IMG_20160920_151737406-768x1365.jpg 768w, https:\/\/agora.xtec.cat\/ceip-lola-anglada-esplugues\/wp-content\/uploads\/usu1507\/2017\/02\/IMG_20160920_151737406.jpg 1836w\" sizes=\"auto, (max-width: 160px) 100vw, 160px\" \/><\/a><br \/>\nLa idea era que esdevingu\u00e9s un projecte on hi hagu\u00e9s implicaci\u00f3 de tota la comunit<a href=\"http:\/\/agora.xtec.cat\/ceip-lola-anglada-esplugues\/wp-content\/uploads\/usu1507\/2017\/02\/IMG_20160920_151747595.jpg\"><img loading=\"lazy\" decoding=\"async\" class=\"wp-image-879 alignright\" src=\"http:\/\/agora.xtec.cat\/ceip-lola-anglada-esplugues\/wp-content\/uploads\/usu1507\/2017\/02\/IMG_20160920_151747595-576x1024.jpg\" alt=\"img_20160920_151747595\" width=\"160\" height=\"284\" srcset=\"https:\/\/agora.xtec.cat\/ceip-lola-anglada-esplugues\/wp-content\/uploads\/usu1507\/2017\/02\/IMG_20160920_151747595-576x1024.jpg 576w, https:\/\/agora.xtec.cat\/ceip-lola-anglada-esplugues\/wp-content\/uploads\/usu1507\/2017\/02\/IMG_20160920_151747595-169x300.jpg 169w, https:\/\/agora.xtec.cat\/ceip-lola-anglada-esplugues\/wp-content\/uploads\/usu1507\/2017\/02\/IMG_20160920_151747595-768x1365.jpg 768w, https:\/\/agora.xtec.cat\/ceip-lola-anglada-esplugues\/wp-content\/uploads\/usu1507\/2017\/02\/IMG_20160920_151747595.jpg 1836w\" sizes=\"auto, (max-width: 160px) 100vw, 160px\" \/><\/a>at educativa (alumnes, mestres, ajuntament, entitats,&#8230;). Per aquest motiu vam\u00a0crear una comissi\u00f3 d\u2019espais exteriors amb representaci\u00f3 de tota aquesta comunitat per tal de dur a terme el projecte.<br \/>\nDespr\u00e9s de fer un an\u00e0lisi de la situaci\u00f3 actual de l\u2019espai pati, vam explicar el projecte als nostres alumnes i vam fer tot un recull de propostes sobre com volien que fos el seu pati.<\/p>\n<p>Despr\u00e9s de molta feina per part de les subcomissions de treballs formades per fam\u00edlies, alumnes i mestres vam poder fer la primera jornada de treball.<\/p>\n<p><a href=\"http:\/\/agora.xtec.cat\/ceip-lola-anglada-esplugues\/wp-content\/uploads\/usu1507\/2017\/01\/IMG_20161217_144216.jpg\"><img loading=\"lazy\" decoding=\"async\" class=\"wp-image-782 alignleft\" src=\"http:\/\/agora.xtec.cat\/ceip-lola-anglada-esplugues\/wp-content\/uploads\/usu1507\/2017\/01\/IMG_20161217_144216-1024x768.jpg\" alt=\"img_20161217_144216\" width=\"271\" height=\"203\" srcset=\"https:\/\/agora.xtec.cat\/ceip-lola-anglada-esplugues\/wp-content\/uploads\/usu1507\/2017\/01\/IMG_20161217_144216-1024x768.jpg 1024w, https:\/\/agora.xtec.cat\/ceip-lola-anglada-esplugues\/wp-content\/uploads\/usu1507\/2017\/01\/IMG_20161217_144216-300x225.jpg 300w, https:\/\/agora.xtec.cat\/ceip-lola-anglada-esplugues\/wp-content\/uploads\/usu1507\/2017\/01\/IMG_20161217_144216-768x576.jpg 768w, https:\/\/agora.xtec.cat\/ceip-lola-anglada-esplugues\/wp-content\/uploads\/usu1507\/2017\/01\/IMG_20161217_144216-200x150.jpg 200w\" sizes=\"auto, (max-width: 271px) 100vw, 271px\" \/><\/a><\/p>\n<p>&nbsp;<\/p>\n","protected":false},"excerpt":{"rendered":"<p>&nbsp; El Projecte d&#8217;Espais exteriors va n\u00e9ixer durant el curs 2015-2016 des de l&#8217;escola. Ja feia un temps que ens plantej\u00e0vem la remodelaci\u00f3 dels patis de l\u2019escola per aprofitar-los, encara m\u00e9s, com a entorn d\u2019aprenentatge. La idea era que esdevingu\u00e9s un projecte on hi hagu\u00e9s implicaci\u00f3 de tota la comunitat educativa (alumnes, mestres, ajuntament, entitats,&#8230;). [&hellip;]<\/p>\n","protected":false},"author":3,"featured_media":0,"parent":617,"menu_order":4,"comment_status":"closed","ping_status":"closed","template":"page-templates\/side-menu.php","meta":{"_bbp_topic_count":0,"_bbp_reply_count":0,"_bbp_total_topic_count":0,"_bbp_total_reply_count":0,"_bbp_voice_count":0,"_bbp_anonymous_reply_count":0,"_bbp_topic_count_hidden":0,"_bbp_reply_count_hidden":0,"_bbp_forum_subforum_count":0,"site-sidebar-layout":"default","site-content-layout":"","ast-site-content-layout":"","site-content-style":"default","site-sidebar-style":"default","ast-global-header-display":"","ast-banner-title-visibility":"","ast-main-header-display":"","ast-hfb-above-header-display":"","ast-hfb-below-header-display":"","ast-hfb-mobile-header-display":"","site-post-title":"","ast-breadcrumbs-content":"","ast-featured-img":"","footer-sml-layout":"","theme-transparent-header-meta":"","adv-header-id-meta":"","stick-header-meta":"","header-above-stick-meta":"","header-main-stick-meta":"","header-below-stick-meta":"","astra-migrate-meta-layouts":"default","ast-page-background-enabled":"default","ast-page-background-meta":{"desktop":{"background-color":"var(--ast-global-color-4)","background-image":"","background-repeat":"repeat","background-position":"center center","background-size":"auto","background-attachment":"scroll","background-type":"","background-media":"","overlay-type":"","overlay-color":"","overlay-opacity":"","overlay-gradient":""},"tablet":{"background-color":"","background-image":"","background-repeat":"repeat","background-position":"center center","background-size":"auto","background-attachment":"scroll","background-type":"","background-media":"","overlay-type":"","overlay-color":"","overlay-opacity":"","overlay-gradient":""},"mobile":{"background-color":"","background-image":"","background-repeat":"repeat","background-position":"center center","background-size":"auto","background-attachment":"scroll","background-type":"","background-media":"","overlay-type":"","overlay-color":"","overlay-opacity":"","overlay-gradient":""}},"ast-content-background-meta":{"desktop":{"background-color":"var(--ast-global-color-5)","background-image":"","background-repeat":"repeat","background-position":"center center","background-size":"auto","background-attachment":"scroll","background-type":"","background-media":"","overlay-type":"","overlay-color":"","overlay-opacity":"","overlay-gradient":""},"tablet":{"background-color":"var(--ast-global-color-5)","background-image":"","background-repeat":"repeat","background-position":"center center","background-size":"auto","background-attachment":"scroll","background-type":"","background-media":"","overlay-type":"","overlay-color":"","overlay-opacity":"","overlay-gradient":""},"mobile":{"background-color":"var(--ast-global-color-5)","background-image":"","background-repeat":"repeat","background-position":"center center","background-size":"auto","background-attachment":"scroll","background-type":"","background-media":"","overlay-type":"","overlay-color":"","overlay-opacity":"","overlay-gradient":""}},"footnotes":""},"class_list":["post-859","page","type-page","status-publish","hentry"],"post_mailing_queue_ids":[],"_links":{"self":[{"href":"https:\/\/agora.xtec.cat\/ceip-lola-anglada-esplugues\/wp-json\/wp\/v2\/pages\/859","targetHints":{"allow":["GET"]}}],"collection":[{"href":"https:\/\/agora.xtec.cat\/ceip-lola-anglada-esplugues\/wp-json\/wp\/v2\/pages"}],"about":[{"href":"https:\/\/agora.xtec.cat\/ceip-lola-anglada-esplugues\/wp-json\/wp\/v2\/types\/page"}],"author":[{"embeddable":true,"href":"https:\/\/agora.xtec.cat\/ceip-lola-anglada-esplugues\/wp-json\/wp\/v2\/users\/3"}],"replies":[{"embeddable":true,"href":"https:\/\/agora.xtec.cat\/ceip-lola-anglada-esplugues\/wp-json\/wp\/v2\/comments?post=859"}],"version-history":[{"count":3,"href":"https:\/\/agora.xtec.cat\/ceip-lola-anglada-esplugues\/wp-json\/wp\/v2\/pages\/859\/revisions"}],"predecessor-version":[{"id":997,"href":"https:\/\/agora.xtec.cat\/ceip-lola-anglada-esplugues\/wp-json\/wp\/v2\/pages\/859\/revisions\/997"}],"up":[{"embeddable":true,"href":"https:\/\/agora.xtec.cat\/ceip-lola-anglada-esplugues\/wp-json\/wp\/v2\/pages\/617"}],"wp:attachment":[{"href":"https:\/\/agora.xtec.cat\/ceip-lola-anglada-esplugues\/wp-json\/wp\/v2\/media?parent=859"}],"curies":[{"name":"wp","href":"https:\/\/api.w.org\/{rel}","templated":true}]}}

<p>&nbsp;</p>
<p>El Projecte d&#8217;Espais exteriors va néixer durant el curs 2015-2016 des de l&#8217;escola.<br />
Ja feia un temps que ens plantejàvem la remodelació dels patis de l’escola per aprofitar-los, encara més, com a entorn d’aprenentatge.<a href="http://agora.xtec.cat/ceip-lola-anglada-esplugues/wp-content/uploads/usu1507/2017/02/IMG_20160920_151737406.jpg"><img loading="lazy" decoding="async" class="wp-image-878 alignright" src="http://agora.xtec.cat/ceip-lola-anglada-esplugues/wp-content/uploads/usu1507/2017/02/IMG_20160920_151737406-576x1024.jpg" alt="img_20160920_151737406" width="160" height="284" srcset="https://agora.xtec.cat/ceip-lola-anglada-esplugues/wp-content/uploads/usu1507/2017/02/IMG_20160920_151737406-576x1024.jpg 576w, https://agora.xtec.cat/ceip-lola-anglada-esplugues/wp-content/uploads/usu1507/2017/02/IMG_20160920_151737406-169x300.jpg 169w, https://agora.xtec.cat/ceip-lola-anglada-esplugues/wp-content/uploads/usu1507/2017/02/IMG_20160920_151737406-768x1365.jpg 768w, https://agora.xtec.cat/ceip-lola-anglada-esplugues/wp-content/uploads/usu1507/2017/02/IMG_20160920_151737406.jpg 1836w" sizes="auto, (max-width: 160px) 100vw, 160px" /></a><br />
La idea era que esdevingués un projecte on hi hagués implicació de tota la comunit<a href="http://agora.xtec.cat/ceip-lola-anglada-esplugues/wp-content/uploads/usu1507/2017/02/IMG_20160920_151747595.jpg"><img loading="lazy" decoding="async" class="wp-image-879 alignright" src="http://agora.xtec.cat/ceip-lola-anglada-esplugues/wp-content/uploads/usu1507/2017/02/IMG_20160920_151747595-576x1024.jpg" alt="img_20160920_151747595" width="160" height="284" srcset="https://agora.xtec.cat/ceip-lola-anglada-esplugues/wp-content/uploads/usu1507/2017/02/IMG_20160920_151747595-576x1024.jpg 576w, https://agora.xtec.cat/ceip-lola-anglada-esplugues/wp-content/uploads/usu1507/2017/02/IMG_20160920_151747595-169x300.jpg 169w, https://agora.xtec.cat/ceip-lola-anglada-esplugues/wp-content/uploads/usu1507/2017/02/IMG_20160920_151747595-768x1365.jpg 768w, https://agora.xtec.cat/ceip-lola-anglada-esplugues/wp-content/uploads/usu1507/2017/02/IMG_20160920_151747595.jpg 1836w" sizes="auto, (max-width: 160px) 100vw, 160px" /></a>at educativa (alumnes, mestres, ajuntament, entitats,&#8230;). Per aquest motiu vam crear una comissió d’espais exteriors amb representació de tota aquesta comunitat per tal de dur a terme el projecte.<br />
Després de fer un anàlisi de la situació actual de l’espai pati, vam explicar el projecte als nostres alumnes i vam fer tot un recull de propostes sobre com volien que fos el seu pati.</p>
<p>Després de molta feina per part de les subcomissions de treballs formades per famílies, alumnes i mestres vam poder fer la primera jornada de treball.</p>
<p><a href="http://agora.xtec.cat/ceip-lola-anglada-esplugues/wp-content/uploads/usu1507/2017/01/IMG_20161217_144216.jpg"><img loading="lazy" decoding="async" class="wp-image-782 alignleft" src="http://agora.xtec.cat/ceip-lola-anglada-esplugues/wp-content/uploads/usu1507/2017/01/IMG_20161217_144216-1024x768.jpg" alt="img_20161217_144216" width="271" height="203" srcset="https://agora.xtec.cat/ceip-lola-anglada-esplugues/wp-content/uploads/usu1507/2017/01/IMG_20161217_144216-1024x768.jpg 1024w, https://agora.xtec.cat/ceip-lola-anglada-esplugues/wp-content/uploads/usu1507/2017/01/IMG_20161217_144216-300x225.jpg 300w, https://agora.xtec.cat/ceip-lola-anglada-esplugues/wp-content/uploads/usu1507/2017/01/IMG_20161217_144216-768x576.jpg 768w, https://agora.xtec.cat/ceip-lola-anglada-esplugues/wp-content/uploads/usu1507/2017/01/IMG_20161217_144216-200x150.jpg 200w" sizes="auto, (max-width: 271px) 100vw, 271px" /></a></p>
<p>&nbsp;</p>

<p>&nbsp; El Projecte d&#8217;Espais exteriors va néixer durant el curs 2015-2016 des de l&#8217;escola. Ja feia un temps que ens plantejàvem la remodelació dels patis de l’escola per aprofitar-los, encara més, com a entorn d’aprenentatge. La idea era que esdevingués un projecte on hi hagués implicació de tota la comunitat educativa (alumnes, mestres, ajuntament, entitats,&#8230;). [&hellip;]</p>
