{"id":36,"date":"2014-09-18T12:33:11","date_gmt":"2014-09-18T12:33:11","guid":{"rendered":"http:\/\/agora.xtec.cat\/ceip-lola-anglada-badalona\/?page_id=36"},"modified":"2024-06-03T15:22:39","modified_gmt":"2024-06-03T13:22:39","slug":"material-escolar","status":"publish","type":"page","link":"https:\/\/agora.xtec.cat\/ceip-lola-anglada-badalona\/lescola\/material-escolar\/","title":{"rendered":"Aportaci\u00f3 material, sortides pedag\u00f2giques i socialitzaci\u00f3."},"content":{"rendered":"<article id=\"post-218\" class=\"post-218 page type-page status-publish hentry\">\n<div class=\"entry-content\">\n<p style=\"text-align: justify;\">Mitjan\u00e7ant aquesta aportaci\u00f3 familiar administrada per l\u2019escola proporcionem el material fungible i did\u00e0ctic necessari. <span style=\"font-family: inherit; font-size: 1em;\">L\u2019objectiu d\u2019aquest sistema \u00e9s aconseguir una racionalitzaci\u00f3 del consum, abaratir la despesa de les fam\u00edlies i assegurar que tots els alumnes disposin del material indispensable.<\/span><\/p>\n<p style=\"text-align: justify;\">L&#8217;aportaci\u00f3 serveix tamb\u00e9 per pagar el material necessari pel projecte d\u2019ambients d\u2019aprenentatge a Educaci\u00f3 Infantil, l\u2019activitat de piscina a Cicle Inicial, les despeses de monitoratge, acompanyants, transport\u2026 de les sortides escolars i el projecte de socialitzaci\u00f3 de llibres a 3r, 4t, 5\u00e8 i 6\u00e8.<\/p>\n<p style=\"text-align: justify;\">Pel projecte de socialitzaci\u00f3 tamb\u00e9 comptem amb la subvenci\u00f3 de l&#8217;ajuntament de Badalona, donat que ens han atorgat la subvenci\u00f3 de foment <span class=\"il\">de<\/span>\u00a0la\u00a0<span class=\"il\">socialitzaci\u00f3<\/span>\u00a0dels\u00a0<span class=\"il\">llibres<\/span>\u00a0<span class=\"il\">de<\/span> text i material did\u00e0ctic . <img loading=\"lazy\" decoding=\"async\" class=\"\" src=\"https:\/\/www.badalona.cat\/++theme++badalona\/img\/logo-aj-badalona.svg\" alt=\"Ajuntament de Badalona.\" width=\"144\" height=\"28\" \/><\/p>\n<p style=\"text-align: justify;\"><strong>L&#8217;aportaci\u00f3 es pagar\u00e0 per TPV escola o sin\u00f3 \u00e9s possible fent una transfer\u00e8ncia o ingr\u00e9s al compte ES11 2038 9915 64 6000149892 indicant el nom i el curs de l\u2019alumne\/a.\u00a0<\/strong><\/p>\n<\/div>\n<\/article>\n","protected":false},"excerpt":{"rendered":"<p>Mitjan\u00e7ant aquesta aportaci\u00f3 familiar administrada per l\u2019escola proporcionem el material fungible i did\u00e0ctic necessari. L\u2019objectiu d\u2019aquest sistema \u00e9s aconseguir una racionalitzaci\u00f3 del consum, abaratir la despesa de les fam\u00edlies i assegurar que tots els alumnes disposin del material indispensable.<br \/>\nL&#8217;aportaci\u00f3 serveix tamb\u00e9 per pagar el material&hellip;  <a href=\"https:\/\/agora.xtec.cat\/ceip-lola-anglada-badalona\/lescola\/material-escolar\/\" title=\"Read Aportaci\u00f3 material, sortides pedag\u00f2giques i socialitzaci\u00f3.\">Llegeix m\u00e9s\u00bb<\/a><\/p>\n","protected":false},"author":2,"featured_media":0,"parent":22,"menu_order":70,"comment_status":"closed","ping_status":"closed","template":"page-templates\/side-menu.php","meta":{"_bbp_topic_count":0,"_bbp_reply_count":0,"_bbp_total_topic_count":0,"_bbp_total_reply_count":0,"_bbp_voice_count":0,"_bbp_anonymous_reply_count":0,"_bbp_topic_count_hidden":0,"_bbp_reply_count_hidden":0,"_bbp_forum_subforum_count":0,"footnotes":""},"class_list":["post-36","page","type-page","status-publish","hentry"],"post_mailing_queue_ids":[],"_links":{"self":[{"href":"https:\/\/agora.xtec.cat\/ceip-lola-anglada-badalona\/wp-json\/wp\/v2\/pages\/36","targetHints":{"allow":["GET"]}}],"collection":[{"href":"https:\/\/agora.xtec.cat\/ceip-lola-anglada-badalona\/wp-json\/wp\/v2\/pages"}],"about":[{"href":"https:\/\/agora.xtec.cat\/ceip-lola-anglada-badalona\/wp-json\/wp\/v2\/types\/page"}],"author":[{"embeddable":true,"href":"https:\/\/agora.xtec.cat\/ceip-lola-anglada-badalona\/wp-json\/wp\/v2\/users\/2"}],"replies":[{"embeddable":true,"href":"https:\/\/agora.xtec.cat\/ceip-lola-anglada-badalona\/wp-json\/wp\/v2\/comments?post=36"}],"version-history":[{"count":6,"href":"https:\/\/agora.xtec.cat\/ceip-lola-anglada-badalona\/wp-json\/wp\/v2\/pages\/36\/revisions"}],"predecessor-version":[{"id":2120,"href":"https:\/\/agora.xtec.cat\/ceip-lola-anglada-badalona\/wp-json\/wp\/v2\/pages\/36\/revisions\/2120"}],"up":[{"embeddable":true,"href":"https:\/\/agora.xtec.cat\/ceip-lola-anglada-badalona\/wp-json\/wp\/v2\/pages\/22"}],"wp:attachment":[{"href":"https:\/\/agora.xtec.cat\/ceip-lola-anglada-badalona\/wp-json\/wp\/v2\/media?parent=36"}],"curies":[{"name":"wp","href":"https:\/\/api.w.org\/{rel}","templated":true}]}}