{"id":34,"date":"2014-09-18T12:32:18","date_gmt":"2014-09-18T12:32:18","guid":{"rendered":"http:\/\/agora.xtec.cat\/ceip-lola-anglada-badalona\/?page_id=34"},"modified":"2021-10-26T13:20:12","modified_gmt":"2021-10-26T11:20:12","slug":"oferta-educativa","status":"publish","type":"page","link":"https:\/\/agora.xtec.cat\/ceip-lola-anglada-badalona\/lescola\/oferta-educativa\/","title":{"rendered":"El nostre projecte educatiu"},"content":{"rendered":"<p>L&#8217;escola \u00e9s catalana, pluriling\u00fce , activa, participativa i vinculada a l&#8217;entorn.<\/p>\n<p>L&#8217;aprenentatge dels infants, com es desenvolupen i com garantir que aix\u00f2 es promogui en un entorn on se sentin segurs, tranquils i feli\u00e7os s\u00f3n una de les principals inquietuds de la nostra comunitat. \u00c9s per aix\u00f2 que estem en constant reflexi\u00f3 i impulsem \u00a0projectes d&#8217;innovaci\u00f3 que conformen la nostra manera de fer.<\/p>\n<table style=\"height: 206px;\" width=\"756\">\n<tbody>\n<tr>\n<td style=\"width: 323px;\"><a href=\"https:\/\/agora.xtec.cat\/ceip-lola-anglada-badalona\/ambients-a-educacio-infantil\/\"><img loading=\"lazy\" decoding=\"async\" class=\"wp-image-974 size-medium aligncenter\" src=\"https:\/\/agora.xtec.cat\/ceip-lola-anglada-badalona\/wp-content\/uploads\/usu494\/2019\/06\/20141014_094707-300x225.jpg\" alt=\"\" width=\"300\" height=\"225\" srcset=\"https:\/\/agora.xtec.cat\/ceip-lola-anglada-badalona\/wp-content\/uploads\/usu494\/2019\/06\/20141014_094707-300x225.jpg 300w, https:\/\/agora.xtec.cat\/ceip-lola-anglada-badalona\/wp-content\/uploads\/usu494\/2019\/06\/20141014_094707.jpg 768w, https:\/\/agora.xtec.cat\/ceip-lola-anglada-badalona\/wp-content\/uploads\/usu494\/2019\/06\/20141014_094707-200x150.jpg 200w\" sizes=\"auto, (max-width: 300px) 100vw, 300px\" \/><\/a><\/td>\n<td style=\"width: 425px;\"><a href=\"https:\/\/agora.xtec.cat\/ceip-lola-anglada-badalona\/racons-a-cicle-inicial\/\"><img loading=\"lazy\" decoding=\"async\" class=\"wp-image-983 size-medium aligncenter\" src=\"https:\/\/agora.xtec.cat\/ceip-lola-anglada-badalona\/wp-content\/uploads\/usu494\/2019\/06\/unnamed-300x225.jpg\" alt=\"\" width=\"300\" height=\"225\" srcset=\"https:\/\/agora.xtec.cat\/ceip-lola-anglada-badalona\/wp-content\/uploads\/usu494\/2019\/06\/unnamed-300x225.jpg 300w, https:\/\/agora.xtec.cat\/ceip-lola-anglada-badalona\/wp-content\/uploads\/usu494\/2019\/06\/unnamed-768x576.jpg 768w, https:\/\/agora.xtec.cat\/ceip-lola-anglada-badalona\/wp-content\/uploads\/usu494\/2019\/06\/unnamed-200x150.jpg 200w, https:\/\/agora.xtec.cat\/ceip-lola-anglada-badalona\/wp-content\/uploads\/usu494\/2019\/06\/unnamed.jpg 800w\" sizes=\"auto, (max-width: 300px) 100vw, 300px\" \/><\/a><\/td>\n<\/tr>\n<tr>\n<td style=\"width: 323px;\"><a href=\"https:\/\/agora.xtec.cat\/ceip-lola-anglada-badalona\/general\/espais-daprenentatge-a-cicle-mitja\/\"><img loading=\"lazy\" decoding=\"async\" class=\"alignnone wp-image-977\" src=\"https:\/\/agora.xtec.cat\/ceip-lola-anglada-badalona\/wp-content\/uploads\/usu494\/2019\/06\/DSC_0024.jpg\" alt=\"\" width=\"356\" height=\"200\" srcset=\"https:\/\/agora.xtec.cat\/ceip-lola-anglada-badalona\/wp-content\/uploads\/usu494\/2019\/06\/DSC_0024.jpg 768w, https:\/\/agora.xtec.cat\/ceip-lola-anglada-badalona\/wp-content\/uploads\/usu494\/2019\/06\/DSC_0024-300x169.jpg 300w\" sizes=\"auto, (max-width: 356px) 100vw, 356px\" \/><\/a><\/td>\n<td style=\"width: 425px;\"><a href=\"https:\/\/agora.xtec.cat\/ceip-lola-anglada-badalona\/capses-daprenentatge\/\"><img loading=\"lazy\" decoding=\"async\" class=\"wp-image-980 size-medium aligncenter\" src=\"https:\/\/agora.xtec.cat\/ceip-lola-anglada-badalona\/wp-content\/uploads\/usu494\/2019\/06\/IMG_3304-1-1024x768-300x225.jpg\" alt=\"\" width=\"300\" height=\"225\" srcset=\"https:\/\/agora.xtec.cat\/ceip-lola-anglada-badalona\/wp-content\/uploads\/usu494\/2019\/06\/IMG_3304-1-1024x768-300x225.jpg 300w, https:\/\/agora.xtec.cat\/ceip-lola-anglada-badalona\/wp-content\/uploads\/usu494\/2019\/06\/IMG_3304-1-1024x768-768x576.jpg 768w, https:\/\/agora.xtec.cat\/ceip-lola-anglada-badalona\/wp-content\/uploads\/usu494\/2019\/06\/IMG_3304-1-1024x768.jpg 1024w, https:\/\/agora.xtec.cat\/ceip-lola-anglada-badalona\/wp-content\/uploads\/usu494\/2019\/06\/IMG_3304-1-1024x768-200x150.jpg 200w\" sizes=\"auto, (max-width: 300px) 100vw, 300px\" \/><\/a><\/td>\n<\/tr>\n<tr>\n<td style=\"width: 323px;\"><a href=\"http:\/\/agora.xtec.cat\/ceip-lola-anglada-badalona\/science\/\"><img loading=\"lazy\" decoding=\"async\" class=\"alignnone wp-image-979 size-medium\" src=\"https:\/\/agora.xtec.cat\/ceip-lola-anglada-badalona\/wp-content\/uploads\/usu494\/2019\/06\/IMG_0234-300x224.jpg\" alt=\"\" width=\"300\" height=\"224\" srcset=\"https:\/\/agora.xtec.cat\/ceip-lola-anglada-badalona\/wp-content\/uploads\/usu494\/2019\/06\/IMG_0234-300x224.jpg 300w, https:\/\/agora.xtec.cat\/ceip-lola-anglada-badalona\/wp-content\/uploads\/usu494\/2019\/06\/IMG_0234-768x573.jpg 768w, https:\/\/agora.xtec.cat\/ceip-lola-anglada-badalona\/wp-content\/uploads\/usu494\/2019\/06\/IMG_0234-200x150.jpg 200w, https:\/\/agora.xtec.cat\/ceip-lola-anglada-badalona\/wp-content\/uploads\/usu494\/2019\/06\/IMG_0234.jpg 800w\" sizes=\"auto, (max-width: 300px) 100vw, 300px\" \/><\/a><\/td>\n<td style=\"width: 425px;\"><a href=\" http:\/\/agora.xtec.cat\/ceip-lola-anglada-badalona\/pla-dimpuls-a-la-lectura\/\"><img loading=\"lazy\" decoding=\"async\" class=\"alignnone wp-image-975\" src=\"https:\/\/agora.xtec.cat\/ceip-lola-anglada-badalona\/wp-content\/uploads\/usu494\/2019\/06\/20151113_090537.jpg\" alt=\"\" width=\"373\" height=\"210\" srcset=\"https:\/\/agora.xtec.cat\/ceip-lola-anglada-badalona\/wp-content\/uploads\/usu494\/2019\/06\/20151113_090537.jpg 800w, https:\/\/agora.xtec.cat\/ceip-lola-anglada-badalona\/wp-content\/uploads\/usu494\/2019\/06\/20151113_090537-300x169.jpg 300w, https:\/\/agora.xtec.cat\/ceip-lola-anglada-badalona\/wp-content\/uploads\/usu494\/2019\/06\/20151113_090537-768x432.jpg 768w\" sizes=\"auto, (max-width: 373px) 100vw, 373px\" \/><\/a><\/td>\n<\/tr>\n<tr>\n<td style=\"width: 323px;\"><a href=\"https:\/\/agora.xtec.cat\/ceip-lola-anglada-badalona\/puntedu\/\"><img loading=\"lazy\" decoding=\"async\" class=\"alignnone wp-image-976 size-full\" src=\"https:\/\/agora.xtec.cat\/ceip-lola-anglada-badalona\/wp-content\/uploads\/usu494\/2019\/06\/20151117_155702_resized.jpg\" alt=\"\" width=\"800\" height=\"600\" srcset=\"https:\/\/agora.xtec.cat\/ceip-lola-anglada-badalona\/wp-content\/uploads\/usu494\/2019\/06\/20151117_155702_resized.jpg 800w, https:\/\/agora.xtec.cat\/ceip-lola-anglada-badalona\/wp-content\/uploads\/usu494\/2019\/06\/20151117_155702_resized-300x225.jpg 300w, https:\/\/agora.xtec.cat\/ceip-lola-anglada-badalona\/wp-content\/uploads\/usu494\/2019\/06\/20151117_155702_resized-768x576.jpg 768w, https:\/\/agora.xtec.cat\/ceip-lola-anglada-badalona\/wp-content\/uploads\/usu494\/2019\/06\/20151117_155702_resized-200x150.jpg 200w\" sizes=\"auto, (max-width: 800px) 100vw, 800px\" \/><\/a><\/td>\n<td style=\"width: 425px;\"><a href=\"https:\/\/agora.xtec.cat\/ceip-lola-anglada-badalona\/lexterior-a-lescola\/\"><img loading=\"lazy\" decoding=\"async\" class=\"aligncenter wp-image-982 size-medium\" src=\"https:\/\/agora.xtec.cat\/ceip-lola-anglada-badalona\/wp-content\/uploads\/usu494\/2019\/06\/IMG-20170222-WA0016-300x225.jpg\" alt=\"\" width=\"300\" height=\"225\" srcset=\"https:\/\/agora.xtec.cat\/ceip-lola-anglada-badalona\/wp-content\/uploads\/usu494\/2019\/06\/IMG-20170222-WA0016-300x225.jpg 300w, https:\/\/agora.xtec.cat\/ceip-lola-anglada-badalona\/wp-content\/uploads\/usu494\/2019\/06\/IMG-20170222-WA0016-768x576.jpg 768w, https:\/\/agora.xtec.cat\/ceip-lola-anglada-badalona\/wp-content\/uploads\/usu494\/2019\/06\/IMG-20170222-WA0016-200x150.jpg 200w, https:\/\/agora.xtec.cat\/ceip-lola-anglada-badalona\/wp-content\/uploads\/usu494\/2019\/06\/IMG-20170222-WA0016.jpg 872w\" sizes=\"auto, (max-width: 300px) 100vw, 300px\" \/><\/a><\/td>\n<\/tr>\n<tr>\n<td style=\"width: 323px;\"><a href=\"https:\/\/agora.xtec.cat\/ceip-lola-anglada-badalona\/escola-verda\/\"><img loading=\"lazy\" decoding=\"async\" class=\"alignnone wp-image-981 size-medium\" src=\"https:\/\/agora.xtec.cat\/ceip-lola-anglada-badalona\/wp-content\/uploads\/usu494\/2019\/06\/IMG_20151202_152658-300x225.jpg\" alt=\"\" width=\"300\" height=\"225\" srcset=\"https:\/\/agora.xtec.cat\/ceip-lola-anglada-badalona\/wp-content\/uploads\/usu494\/2019\/06\/IMG_20151202_152658-300x225.jpg 300w, https:\/\/agora.xtec.cat\/ceip-lola-anglada-badalona\/wp-content\/uploads\/usu494\/2019\/06\/IMG_20151202_152658-768x576.jpg 768w, https:\/\/agora.xtec.cat\/ceip-lola-anglada-badalona\/wp-content\/uploads\/usu494\/2019\/06\/IMG_20151202_152658-1024x768.jpg 1024w, https:\/\/agora.xtec.cat\/ceip-lola-anglada-badalona\/wp-content\/uploads\/usu494\/2019\/06\/IMG_20151202_152658-200x150.jpg 200w\" sizes=\"auto, (max-width: 300px) 100vw, 300px\" \/><\/a><\/td>\n<td style=\"width: 425px;\"><a href=\"https:\/\/agora.xtec.cat\/ceip-lola-anglada-badalona\/escoles-al-parc\/\"><img loading=\"lazy\" decoding=\"async\" class=\"wp-image-978 aligncenter\" src=\"https:\/\/agora.xtec.cat\/ceip-lola-anglada-badalona\/wp-content\/uploads\/usu494\/2019\/06\/images.jpg\" alt=\"\" width=\"300\" height=\"223\" srcset=\"https:\/\/agora.xtec.cat\/ceip-lola-anglada-badalona\/wp-content\/uploads\/usu494\/2019\/06\/images.jpg 261w, https:\/\/agora.xtec.cat\/ceip-lola-anglada-badalona\/wp-content\/uploads\/usu494\/2019\/06\/images-200x150.jpg 200w\" sizes=\"auto, (max-width: 300px) 100vw, 300px\" \/><\/a><\/td>\n<\/tr>\n<\/tbody>\n<\/table>\n<p>&nbsp;<\/p>\n<p>&nbsp;<\/p>\n<p>&nbsp;<\/p>\n<p>&nbsp;<\/p>\n<p>&nbsp;<\/p>\n","protected":false},"excerpt":{"rendered":"<p>L&#8217;escola \u00e9s catalana, pluriling\u00fce , activa, participativa i vinculada a l&#8217;entorn.<br \/>\nL&#8217;aprenentatge dels infants, com es desenvolupen i com garantir que aix\u00f2 es promogui en un entorn on se sentin segurs, tranquils i feli\u00e7os s\u00f3n una de les principals inquietuds de la nostra comunitat. \u00c9s per&hellip;  <a href=\"https:\/\/agora.xtec.cat\/ceip-lola-anglada-badalona\/lescola\/oferta-educativa\/\" title=\"Read El nostre projecte educatiu\">Llegeix m\u00e9s\u00bb<\/a><\/p>\n","protected":false},"author":2,"featured_media":0,"parent":22,"menu_order":90,"comment_status":"closed","ping_status":"closed","template":"page-templates\/side-menu.php","meta":{"_bbp_topic_count":0,"_bbp_reply_count":0,"_bbp_total_topic_count":0,"_bbp_total_reply_count":0,"_bbp_voice_count":0,"_bbp_anonymous_reply_count":0,"_bbp_topic_count_hidden":0,"_bbp_reply_count_hidden":0,"_bbp_forum_subforum_count":0,"footnotes":""},"class_list":["post-34","page","type-page","status-publish","hentry"],"post_mailing_queue_ids":[],"_links":{"self":[{"href":"https:\/\/agora.xtec.cat\/ceip-lola-anglada-badalona\/wp-json\/wp\/v2\/pages\/34","targetHints":{"allow":["GET"]}}],"collection":[{"href":"https:\/\/agora.xtec.cat\/ceip-lola-anglada-badalona\/wp-json\/wp\/v2\/pages"}],"about":[{"href":"https:\/\/agora.xtec.cat\/ceip-lola-anglada-badalona\/wp-json\/wp\/v2\/types\/page"}],"author":[{"embeddable":true,"href":"https:\/\/agora.xtec.cat\/ceip-lola-anglada-badalona\/wp-json\/wp\/v2\/users\/2"}],"replies":[{"embeddable":true,"href":"https:\/\/agora.xtec.cat\/ceip-lola-anglada-badalona\/wp-json\/wp\/v2\/comments?post=34"}],"version-history":[{"count":3,"href":"https:\/\/agora.xtec.cat\/ceip-lola-anglada-badalona\/wp-json\/wp\/v2\/pages\/34\/revisions"}],"predecessor-version":[{"id":1525,"href":"https:\/\/agora.xtec.cat\/ceip-lola-anglada-badalona\/wp-json\/wp\/v2\/pages\/34\/revisions\/1525"}],"up":[{"embeddable":true,"href":"https:\/\/agora.xtec.cat\/ceip-lola-anglada-badalona\/wp-json\/wp\/v2\/pages\/22"}],"wp:attachment":[{"href":"https:\/\/agora.xtec.cat\/ceip-lola-anglada-badalona\/wp-json\/wp\/v2\/media?parent=34"}],"curies":[{"name":"wp","href":"https:\/\/api.w.org\/{rel}","templated":true}]}}