{"id":26,"date":"2014-09-18T12:24:32","date_gmt":"2014-09-18T12:24:32","guid":{"rendered":"http:\/\/agora.xtec.cat\/ceip-lola-anglada-badalona\/?page_id=26"},"modified":"2015-09-25T16:48:42","modified_gmt":"2015-09-25T15:48:42","slug":"historia","status":"publish","type":"page","link":"https:\/\/agora.xtec.cat\/ceip-lola-anglada-badalona\/lescola\/historia\/","title":{"rendered":"Hist\u00f2ria"},"content":{"rendered":"<p><center><\/p>\n<div align=\"left\">\n<p><b>Els noms al pas del temps. <span style=\"font-size: small;\"><span style=\"font-family: arial, comic;\">Canyad\u00f3: barri i escola. <\/span><span style=\"font-family: Verdana, Arial, Helvetica, sans-serif; font-size: small;\">Mateu Rotger i Rosquellas. Mestre<\/span><\/span><\/b><\/p>\n<div align=\"left\"><\/div>\n<\/div>\n<p><\/center><\/p>\n<hr \/>\n<p><span style=\"font-family: Verdana, Arial, Helvetica, sans-serif; font-size: small;\">Aquest sector de la ciutat al qui la masia li ha donat nom, a l&#8217;igual que a la riera, antigament formava part del barri de Pomar, <i>el m\u00e9s delici\u00f3s i form\u00f3s que, segons el rector Dr.A.Montserrat, tenia la parr\u00f2quia<\/i> a les darreries del segle XVIII\u00e8.<\/span><\/p>\n<p><span style=\"font-size: large;\"><span style=\"font-family: Verdana, Arial, Helvetica, sans-serif; font-size: small;\">Pel que fa a la part de marina, abans de formar part del districte de Manres\u00e0, se la va coneixer, administrativament, com a Pomar de Baix. <\/span><span style=\"font-family: Verdana, Arial, Helvetica, sans-serif; font-size: small;\">A Badalona nom\u00e9s hi havia un altre grup escolar p\u00fablic, el <i>Vent\u00f3s Mir<\/i>, inaugurat el 5 de desembre de 1926, a la Plana del Corb. Ambdues escoles foren erigides durant la dictadura de Primo de Rivera per a pal\u00b7liar la manca de places escolars que entre escoles p\u00fabliques i privades, nom\u00e9s cobrien les necessitats de poc m\u00e9s de la meitat del cens escolar -per aquells anys entre els 7.500 i els 8.000 infants- en terrenys cedits per l&#8217;hisendat badalon\u00ed l&#8217;Ignasi de Vent\u00f3s Mir, a inst\u00e0ncies de l&#8217;alcalde en Pere Sabat\u00e9, que segons es diu, era gran amic del general Mart\u00ednez Anido, per aquell temps, Ministre de Governaci\u00f3. No havia pas transcorregut un mes des de que el Ple Municipal nomen\u00e0 la comissi\u00f3 que, en nom de la ciutat, havia de signar l&#8217;acta de recepci\u00f3 de l&#8217;Escola, que davant dels mateixos regidors, es llegia una moci\u00f3 -havia dimitit Primo de Rivera i el seu govern-, demanant que <i>es fessin desapareixer [&#8230;] les lletres<\/i>que li donaven nom; i que va donar lloc a que un peri\u00f2dic acus\u00e9s l&#8217;Ajuntament d&#8217;entretenir-se, <i>fins que arribin les eleccions<\/i>, en formular dictamens en els quals s&#8217;utilitzaven frases com les transcrites &#8211;<i>d&#8217;una ingenu\u00eftat encantadora<\/i>-, com si li tinguessin por de demanar, sense embuts, que se li tragu\u00e9s el nom del general.<\/span><\/span><\/p>\n<p><center><span style=\"font-size: large;\"><span style=\"font-family: Verdana, Arial, Helvetica, sans-serif; font-size: small;\"><a href=\"http:\/\/www.xtec.cat\/ceip-lola-anglada-badalona\/historia.htm#2\"><img loading=\"lazy\" decoding=\"async\" src=\"http:\/\/www.xtec.cat\/ceip-lola-anglada-badalona\/icones\/inici.gif\" alt=\"\" width=\"32\" height=\"32\" border=\"0\" \/><\/a><a name=\"1\"><\/a><\/span><\/span><\/center><span style=\"font-size: large;\"><span style=\"font-family: Verdana, Arial, Helvetica, sans-serif; font-size: small;\"><a name=\"2\"><\/a><\/span><\/span><\/p>\n<p><span style=\"font-family: Verdana, Arial, Helvetica, sans-serif; font-size: small;\"><br \/>\nAl segle XIX, a finals, aquestes terres eminentment agr\u00edcoles, van veure com la seva \u00e0rea de cultiu s&#8217;anava redu\u00efnt, amb l&#8217;establiment de les primeres ind\u00fastries: els cristalls, la corderia Rib\u00f3&#8230;<\/span><\/p>\n<p><span style=\"font-family: Verdana, Arial, Helvetica, sans-serif; font-size: small;\">L&#8217;any 1958, una nova divisi\u00f3 del territori municipal, crea el barri de Canyad\u00f3, que pocs anys m\u00e9s tard, al 1980, vei\u00e9 redu\u00efda la seva extensi\u00f3 a uns 180.000m\u00b2 aproximadament, a l&#8217;assenyalar-li com a limits, les dues rieres &#8211; la que li dona nom i el torrent de Vallmajor-, l&#8217;autopista i la carretera. Els actuals.<\/span><\/p>\n<p><span style=\"font-family: Verdana, Arial, Helvetica, sans-serif; font-size: small;\">L&#8217;escola del barri, aquest edifici auster, de planta baixa i dos pisos, \u00e0mplies i lluminoses aules, orientat vers el sud on t\u00e9 la fa\u00e7ana principal, teulada de regust modernista que s&#8217;al\u00e7a arran de la riera, tampoc ha tingut sempre el mateix nom.<\/span><\/p>\n<p><span style=\"font-family: Verdana, Arial, Helvetica, sans-serif; font-size: small;\">Recordem-ho. Va \u00e9sser inaugurada a primers de novembre de 1930. A la paret que dona cara al mar, un r\u00e8tol, amb grans lletres de bronze proclamava el seu nom:<a><b>Grupo Escolar Mart\u00ednez Anido<\/b><\/a>.<\/span><\/p>\n<p><center><span style=\"font-family: Verdana, Arial, Helvetica, sans-serif; font-size: small;\"><a href=\"http:\/\/www.xtec.cat\/ceip-lola-anglada-badalona\/historia.htm#3\"><img loading=\"lazy\" decoding=\"async\" src=\"http:\/\/www.xtec.cat\/ceip-lola-anglada-badalona\/icones\/inici.gif\" alt=\"\" width=\"32\" height=\"32\" border=\"0\" \/><\/a><a name=\"2\"><\/a><\/span><\/center><\/p>\n<p align=\"center\"><span style=\"font-size: large;\"><span style=\"font-family: Verdana, Arial, Helvetica, sans-serif; font-size: small;\"><a name=\"3\"><\/a><img loading=\"lazy\" decoding=\"async\" src=\"http:\/\/www.xtec.cat\/ceip-lola-anglada-badalona\/coralex.jpg\" alt=\"\" width=\"354\" height=\"246\" \/><\/span><\/span><\/p>\n<div align=\"center\"><span style=\"font-family: Verdana, Arial, Helvetica, sans-serif; font-size: xx-small;\">Antigues alumnes de l&#8217;escola Ramon Muntaner. 70 \u00e8 aniversari de l&#8217;escola<\/span><\/div>\n<p><center><span style=\"font-family: Verdana, Arial, Helvetica, sans-serif; font-size: small;\"><a href=\"http:\/\/www.xtec.cat\/ceip-lola-anglada-badalona\/historia.htm#4\"><img loading=\"lazy\" decoding=\"async\" src=\"http:\/\/www.xtec.cat\/ceip-lola-anglada-badalona\/icones\/inici.gif\" alt=\"\" width=\"32\" height=\"32\" border=\"0\" \/><\/a><a name=\"3\"><\/a><\/span><\/center><span style=\"font-size: large;\"><span style=\"font-family: Verdana, Arial, Helvetica, sans-serif; font-size: small;\"><a name=\"4\"><\/a><\/span><span style=\"font-family: Verdana, Arial, Helvetica, sans-serif; font-size: small;\">En la reuni\u00f3 de la Comissi\u00f3 Municipal Permanent celebrada el dia 26 de maig, qued\u00e0 sobre la taula proposta de demanar al Ministeri d&#8217;Instrucci\u00f3 P\u00fablica, el canvi del nom de<i>Mart\u00ednez Anido<\/i> pel de <i>Jaume Balmes<\/i>. Hom havia suggerit el del mestre <i>Feliu Vegu\u00e9s<\/i>. L&#8217;acord definitiu es va prendre el dia 6 de juny, despr\u00e9s de que la Comissi\u00f3 de Foment i Instrucci\u00f3 P\u00fablica retir\u00e9s la petici\u00f3 inicial per demanar per al Grup Escolar el nom del cronista <i>Ram\u00f3n Muntaner<\/i>.<\/span><\/span><\/p>\n<p><span style=\"font-family: Verdana, Arial, Helvetica, sans-serif; font-size: small;\">En aquesta decisi\u00f3 tot reconeixent que <i>el gran fil\u00f3sofo Balmes era merecedor de que se diera su nombre al Grupo Escolar<\/i>, hi va influir negativament la seva condici\u00f3 de capell\u00e0.<\/span><\/p>\n<p><span style=\"font-family: Verdana, Arial, Helvetica, sans-serif; font-size: small;\">I <i>Ramon Muntaner<\/i> fou el nom que autoritz\u00e0 el ministeri i amb el qual es conegu\u00e8 l&#8217;escola del barri fins a les darreries del 39, que les autoritats franquistes li restitu\u00efren el de<i>Mart\u00ednez Anido<\/i>, amb el que oficialment se l&#8217;anomen\u00e0 fins que, arribada la transici\u00f3, durant el curs 1979-1980, es decid\u00ed rebatejar-la -havien oblidat el nom de Ram\u00f3n Muntaner?-, amb el nom de la dibuixant i escriptora <i><a href=\"http:\/\/www.xtec.cat\/ceip-lola-anglada-badalona\/langlada.htm\">Lola Anglada<\/a><\/i>. Malgrat tot, el poble l&#8217;ha conegut sempre com l&#8217;escola de Can Canyad\u00f3; i els de Can Canyad\u00f3, com l&#8217;escola del barri.<\/span><\/p>\n<p>&nbsp;<\/p>\n","protected":false},"excerpt":{"rendered":"<p>Els noms al pas del temps. Canyad\u00f3: barri i escola. Mateu Rotger i Rosquellas. Mestre<\/p>\n<p>Aquest sector de la ciutat al qui la masia li ha donat nom, a l&#8217;igual que a la riera, antigament formava part del barri de Pomar, el m\u00e9s delici\u00f3s i form\u00f3s&hellip;  <a href=\"https:\/\/agora.xtec.cat\/ceip-lola-anglada-badalona\/lescola\/historia\/\" title=\"Read Hist\u00f2ria\">Llegeix m\u00e9s\u00bb<\/a><\/p>\n","protected":false},"author":2,"featured_media":0,"parent":22,"menu_order":20,"comment_status":"closed","ping_status":"closed","template":"page-templates\/side-menu.php","meta":{"_bbp_topic_count":0,"_bbp_reply_count":0,"_bbp_total_topic_count":0,"_bbp_total_reply_count":0,"_bbp_voice_count":0,"_bbp_anonymous_reply_count":0,"_bbp_topic_count_hidden":0,"_bbp_reply_count_hidden":0,"_bbp_forum_subforum_count":0,"footnotes":""},"class_list":["post-26","page","type-page","status-publish","hentry"],"post_mailing_queue_ids":[],"_links":{"self":[{"href":"https:\/\/agora.xtec.cat\/ceip-lola-anglada-badalona\/wp-json\/wp\/v2\/pages\/26","targetHints":{"allow":["GET"]}}],"collection":[{"href":"https:\/\/agora.xtec.cat\/ceip-lola-anglada-badalona\/wp-json\/wp\/v2\/pages"}],"about":[{"href":"https:\/\/agora.xtec.cat\/ceip-lola-anglada-badalona\/wp-json\/wp\/v2\/types\/page"}],"author":[{"embeddable":true,"href":"https:\/\/agora.xtec.cat\/ceip-lola-anglada-badalona\/wp-json\/wp\/v2\/users\/2"}],"replies":[{"embeddable":true,"href":"https:\/\/agora.xtec.cat\/ceip-lola-anglada-badalona\/wp-json\/wp\/v2\/comments?post=26"}],"version-history":[{"count":3,"href":"https:\/\/agora.xtec.cat\/ceip-lola-anglada-badalona\/wp-json\/wp\/v2\/pages\/26\/revisions"}],"predecessor-version":[{"id":170,"href":"https:\/\/agora.xtec.cat\/ceip-lola-anglada-badalona\/wp-json\/wp\/v2\/pages\/26\/revisions\/170"}],"up":[{"embeddable":true,"href":"https:\/\/agora.xtec.cat\/ceip-lola-anglada-badalona\/wp-json\/wp\/v2\/pages\/22"}],"wp:attachment":[{"href":"https:\/\/agora.xtec.cat\/ceip-lola-anglada-badalona\/wp-json\/wp\/v2\/media?parent=26"}],"curies":[{"name":"wp","href":"https:\/\/api.w.org\/{rel}","templated":true}]}}