{"id":9,"date":"2014-09-17T15:08:18","date_gmt":"2014-09-17T14:08:18","guid":{"rendered":"http:\/\/agora.xtec.cat\/ceip-lluisvives\/?page_id=9"},"modified":"2017-03-20T12:35:36","modified_gmt":"2017-03-20T11:35:36","slug":"pagina-dinici-buida","status":"publish","type":"page","link":"https:\/\/agora.xtec.cat\/ceip-lluisvives\/","title":{"rendered":"Informaci\u00f3 preinscripci\u00f3"},"content":{"rendered":"<p style=\"text-align: center;\">A la imatge que tenim a continuaci\u00f3 tenim un enlla\u00e7 amb tota la informaci\u00f3 del proc\u00e9s de preinscripci\u00f3.<\/p>\n<div style=\"width: 60%; text-align: center;\">\n<div style=\"position: relative; padding-bottom: 56.25%; padding-top: 0; height: 0;\">\u00a0 \u00a0 \u00a0 \u00a0 \u00a0<iframe loading=\"lazy\" style=\"position: absolute; top: 0; left: 0; width: 100%; height: 100%;\" src=\"https:\/\/www.genial.ly\/View\/Index\/58a0aad9b6c03b2a648a2aca\" width=\"600\" height=\"375\" frameborder=\"0\" scrolling=\"no\" allowfullscreen=\"allowfullscreen\"><\/iframe><\/div>\n<\/div>\n<p><a href=\"http:\/\/queestudiar.gencat.cat\/ca\/preinscripcio\/estudis\/obligatoris\/\"><img loading=\"lazy\" decoding=\"async\" class=\"aligncenter wp-image-910\" src=\"http:\/\/agora.xtec.cat\/ceip-lluisvives\/wp-content\/uploads\/usu1539\/2014\/09\/IMATGEPRE.jpg\" alt=\"imatgepre\" width=\"474\" height=\"215\" srcset=\"https:\/\/agora.xtec.cat\/ceip-lluisvives\/wp-content\/uploads\/usu1539\/2014\/09\/IMATGEPRE.jpg 333w, https:\/\/agora.xtec.cat\/ceip-lluisvives\/wp-content\/uploads\/usu1539\/2014\/09\/IMATGEPRE-300x136.jpg 300w\" sizes=\"auto, (max-width: 474px) 100vw, 474px\" \/><\/a><\/p>\n<p><a href=\"http:\/\/web.gencat.cat\/web\/shared\/OVT\/Departaments\/ENS\/TramitOVT\/preinscripcio\/obligatoris\/obligatoria_emp.pdf\">Model preinscripci\u00f3<\/a><\/p>\n<p>&nbsp;<\/p>\n","protected":false},"excerpt":{"rendered":"<p>A la imatge que tenim a continuaci\u00f3 tenim un enlla\u00e7 amb tota la informaci\u00f3 del proc\u00e9s de preinscripci\u00f3.<\/p>\n<p>\u00a0 \u00a0 \u00a0 \u00a0 \u00a0<\/p>\n<p><a href=\"http:\/\/queestudiar.gencat.cat\/ca\/preinscripcio\/estudis\/obligatoris\/\"><\/a><br \/>\n<a href=\"http:\/\/web.gencat.cat\/web\/shared\/OVT\/Departaments\/ENS\/TramitOVT\/preinscripcio\/obligatoris\/obligatoria_emp.pdf\">Model preinscripci\u00f3<\/a><br \/>\n&nbsp;<\/p>\n","protected":false},"author":1,"featured_media":0,"parent":7,"menu_order":0,"comment_status":"closed","ping_status":"closed","template":"page-templates\/front-page.php","meta":{"_bbp_topic_count":0,"_bbp_reply_count":0,"_bbp_total_topic_count":0,"_bbp_total_reply_count":0,"_bbp_voice_count":0,"_bbp_anonymous_reply_count":0,"_bbp_topic_count_hidden":0,"_bbp_reply_count_hidden":0,"_bbp_forum_subforum_count":0,"footnotes":""},"class_list":["post-9","page","type-page","status-publish","hentry"],"post_mailing_queue_ids":[],"_links":{"self":[{"href":"https:\/\/agora.xtec.cat\/ceip-lluisvives\/wp-json\/wp\/v2\/pages\/9","targetHints":{"allow":["GET"]}}],"collection":[{"href":"https:\/\/agora.xtec.cat\/ceip-lluisvives\/wp-json\/wp\/v2\/pages"}],"about":[{"href":"https:\/\/agora.xtec.cat\/ceip-lluisvives\/wp-json\/wp\/v2\/types\/page"}],"author":[{"embeddable":true,"href":"https:\/\/agora.xtec.cat\/ceip-lluisvives\/wp-json\/wp\/v2\/users\/1"}],"replies":[{"embeddable":true,"href":"https:\/\/agora.xtec.cat\/ceip-lluisvives\/wp-json\/wp\/v2\/comments?post=9"}],"version-history":[{"count":4,"href":"https:\/\/agora.xtec.cat\/ceip-lluisvives\/wp-json\/wp\/v2\/pages\/9\/revisions"}],"predecessor-version":[{"id":911,"href":"https:\/\/agora.xtec.cat\/ceip-lluisvives\/wp-json\/wp\/v2\/pages\/9\/revisions\/911"}],"up":[{"embeddable":true,"href":"https:\/\/agora.xtec.cat\/ceip-lluisvives\/wp-json\/wp\/v2\/pages\/7"}],"wp:attachment":[{"href":"https:\/\/agora.xtec.cat\/ceip-lluisvives\/wp-json\/wp\/v2\/media?parent=9"}],"curies":[{"name":"wp","href":"https:\/\/api.w.org\/{rel}","templated":true}]}}