{"id":576,"date":"2016-11-01T10:43:02","date_gmt":"2016-11-01T09:43:02","guid":{"rendered":"http:\/\/agora.xtec.cat\/ceip-lluisvives\/?page_id=576"},"modified":"2016-11-01T10:43:02","modified_gmt":"2016-11-01T09:43:02","slug":"qui-som","status":"publish","type":"page","link":"https:\/\/agora.xtec.cat\/ceip-lluisvives\/lescola\/qui-som\/","title":{"rendered":"Qui som"},"content":{"rendered":"<p>Benvolgudes fam\u00edlies us presentem la plantilla docent d&#8217;aquest nou curs que comencem:<\/p>\n<p><strong>EDUCACI\u00d3 INFANTIL<\/strong><\/p>\n<p>P3A Eva V\u00e1zquez<\/p>\n<p>P3B Isabel D\u00edaz\/Al\u00edcia Gress<\/p>\n<p>P4A Mar Alcal\u00e1<\/p>\n<p>P4B Anna Escobedo<\/p>\n<p>P5A Carmina Hern\u00e1ndez<\/p>\n<p>P5B Merc\u00e8 Barral<\/p>\n<p>Mestres adscrits al cicle: Rossi Correa (M\u00fasica), Josep Fabra (Angl\u00e8s), T\u00e0nia Manzano (t\u00e8cnica Educaci\u00f3 Infantil), Mar\u00eda Jes\u00fas Pina (refor\u00e7)<\/p>\n<p><strong>CICLE INICIAL<\/strong><\/p>\n<p>1rA Elia Mart\u00ednez<\/p>\n<p>1rB Miriam Llorente<\/p>\n<p>2nA Olga Ivern<\/p>\n<p>2nB Amor Nicol\u00e1s<\/p>\n<p>Mestres adscrits al cicle: Annabel Formosa (Angl\u00e8s), Beatriz Venegas (refor\u00e7) i Pilar de la Torre (religi\u00f3)<\/p>\n<p><strong>CICLE MITJ\u00c0<\/strong><\/p>\n<p>3rA Paulina Andr\u00e9s<\/p>\n<p>3rB Llu\u00efsa Montull<\/p>\n<p>4tA Berta Caball\u00e9<\/p>\n<p>4tB Montserrat Agea\/Rafael Casas<\/p>\n<p>Mestres adscrits al cicle: Hector Rodr\u00edguez (Angl\u00e8s), Nuria Mart\u00edn (educaci\u00f3 especial)<\/p>\n<p><strong>CICLE SUPERIOR<\/strong><\/p>\n<p>5\u00e8A Elena Garc\u00eda<\/p>\n<p>5\u00e8B Ana Galdeano<\/p>\n<p>6\u00e8A Susana Barrachina<\/p>\n<p>6\u00e8B Adela Martos<\/p>\n<p>Mestres adscrits al cicle: Marta Fern\u00e1ndez (Angl\u00e8s i Jordi Fern\u00e1ndez (educaci\u00f3 f\u00edsica)<\/p>\n<p>Les classes comencen el dilluns 12 de setembre a les nou del mat\u00ed.<\/p>\n<p>Bon curs a tothom!!<\/p>\n","protected":false},"excerpt":{"rendered":"<p>Benvolgudes fam\u00edlies us presentem la plantilla docent d&#8217;aquest nou curs que comencem:<br \/>\nEDUCACI\u00d3 INFANTIL<br \/>\nP3A Eva V\u00e1zquez<br \/>\nP3B Isabel D\u00edaz\/Al\u00edcia Gress<br \/>\nP4A Mar Alcal\u00e1<br \/>\nP4B Anna Escobedo<br \/>\nP5A Carmina Hern\u00e1ndez<br \/>\nP5B Merc\u00e8 Barral<br \/>\nMestres adscrits al cicle: Rossi Correa (M\u00fasica), Josep Fabra (Angl\u00e8s), T\u00e0nia Manzano (t\u00e8cnica Educaci\u00f3 Infantil), Mar\u00eda Jes\u00fas Pina (refor\u00e7)<br \/>\nCICLE INICIAL<br \/>\n1rA&hellip;  <a href=\"https:\/\/agora.xtec.cat\/ceip-lluisvives\/lescola\/qui-som\/\" title=\"Read Qui som\">Llegeix m\u00e9s\u00bb<\/a><\/p>\n","protected":false},"author":9,"featured_media":0,"parent":22,"menu_order":0,"comment_status":"closed","ping_status":"closed","template":"","meta":{"_bbp_topic_count":0,"_bbp_reply_count":0,"_bbp_total_topic_count":0,"_bbp_total_reply_count":0,"_bbp_voice_count":0,"_bbp_anonymous_reply_count":0,"_bbp_topic_count_hidden":0,"_bbp_reply_count_hidden":0,"_bbp_forum_subforum_count":0,"footnotes":""},"class_list":["post-576","page","type-page","status-publish","hentry"],"post_mailing_queue_ids":[],"_links":{"self":[{"href":"https:\/\/agora.xtec.cat\/ceip-lluisvives\/wp-json\/wp\/v2\/pages\/576","targetHints":{"allow":["GET"]}}],"collection":[{"href":"https:\/\/agora.xtec.cat\/ceip-lluisvives\/wp-json\/wp\/v2\/pages"}],"about":[{"href":"https:\/\/agora.xtec.cat\/ceip-lluisvives\/wp-json\/wp\/v2\/types\/page"}],"author":[{"embeddable":true,"href":"https:\/\/agora.xtec.cat\/ceip-lluisvives\/wp-json\/wp\/v2\/users\/9"}],"replies":[{"embeddable":true,"href":"https:\/\/agora.xtec.cat\/ceip-lluisvives\/wp-json\/wp\/v2\/comments?post=576"}],"version-history":[{"count":1,"href":"https:\/\/agora.xtec.cat\/ceip-lluisvives\/wp-json\/wp\/v2\/pages\/576\/revisions"}],"predecessor-version":[{"id":577,"href":"https:\/\/agora.xtec.cat\/ceip-lluisvives\/wp-json\/wp\/v2\/pages\/576\/revisions\/577"}],"up":[{"embeddable":true,"href":"https:\/\/agora.xtec.cat\/ceip-lluisvives\/wp-json\/wp\/v2\/pages\/22"}],"wp:attachment":[{"href":"https:\/\/agora.xtec.cat\/ceip-lluisvives\/wp-json\/wp\/v2\/media?parent=576"}],"curies":[{"name":"wp","href":"https:\/\/api.w.org\/{rel}","templated":true}]}}