{"id":502,"date":"2020-06-26T14:35:25","date_gmt":"2020-06-26T12:35:25","guid":{"rendered":"https:\/\/agora.xtec.cat\/ceip-llebeig\/?page_id=502"},"modified":"2025-01-14T18:38:42","modified_gmt":"2025-01-14T17:38:42","slug":"projecte-educatiu-2","status":"publish","type":"page","link":"https:\/\/agora.xtec.cat\/ceip-llebeig\/projecte-educatiu-2\/","title":{"rendered":"Projecte Educatiu"},"content":{"rendered":"\n<div class=\"wp-block-columns is-layout-flex wp-container-core-columns-is-layout-1 wp-block-columns-is-layout-flex\">\n<div class=\"wp-block-column is-layout-flow wp-block-column-is-layout-flow\" style=\"flex-basis:80%\">\n<p id=\"h.p_ID_32\">L&#8217;<strong><u>objectiu<\/u><\/strong> de l&#8217;escola \u00e9s <strong>educar de manera harm\u00f2nica<\/strong> la persona, \u00e9s a dir, en els aspectes intel\u00b7lectuals, afectius, socials i \u00e8tics. Per tant:<\/p>\n\n\n\n<ul class=\"wp-block-list\">\n<li>Ens proposem facilitar la <strong>transmissi\u00f3 de coneixements<\/strong> i <strong>despertar la<\/strong> <strong>curiositat<\/strong> dels alumnes alhora que els ajudem a aprendre i a desenvolupar les capacitats i les compet\u00e8ncies, actituds, h\u00e0bits i motivacions que els permetin seguir aprenent tota la seva vida.<\/li>\n\n\n\n<li>Remarquem el <strong>tracte individualitzat<\/strong> i personalitzat i l&#8217;<strong>acceptaci\u00f3 de diferents ritmes i capacitats<\/strong>.<\/li>\n\n\n\n<li>Eduquem per a la <strong>igualtat<\/strong> entre nens i nenes, per la <strong>superaci\u00f3<\/strong> de les discriminacions per ra\u00f3 de g\u00e8nere i per la creaci\u00f3 d&#8217;unes <strong>mateixes oportunitats<\/strong> per a tots i totes.<\/li>\n\n\n\n<li>Fomentem l&#8217;esperit de <strong>superaci\u00f3 personal<\/strong>, alhora que accentuem la <strong>col\u00b7laboraci\u00f3<\/strong> i el <strong>treball en equip<\/strong>.<\/li>\n\n\n\n<li>Estimulem en els alumnes els <strong>valors<\/strong> d&#8217;una societat democr\u00e0tica, una societat viva, que evoluciona: <strong>solidaritat<\/strong> respecte l&#8217;altre, actitud de <strong>di\u00e0leg<\/strong>, <strong>esperit cr\u00edtic<\/strong> i <strong>responsabilitat<\/strong>.<\/li>\n\n\n\n<li>Eduquem intentant trobar un <strong>punt d&#8217;equilibri<\/strong> entre el desenvolupament harm\u00f2nic de les <u>seves capacitats<\/u> i el <u>nivell d&#8217;exig\u00e8ncia<\/u> i el respecte per les normes.<\/li>\n\n\n\n<li>Entenem l&#8217;<strong>infant com a individu<\/strong> i la import\u00e0ncia de formar <strong>part d&#8217;un grup<\/strong>.<\/li>\n<\/ul>\n<\/div>\n\n\n\n<div class=\"wp-block-column is-layout-flow wp-block-column-is-layout-flow\" style=\"flex-basis:20%\">\n<figure class=\"wp-block-image size-full is-resized\"><a href=\"https:\/\/agora.xtec.cat\/ceip-llebeig\/wp-content\/uploads\/usu2136\/2025\/01\/DSCN4278-scaled.jpg\"><img loading=\"lazy\" decoding=\"async\" width=\"2560\" height=\"1920\" src=\"https:\/\/agora.xtec.cat\/ceip-llebeig\/wp-content\/uploads\/usu2136\/2025\/01\/DSCN4278-scaled.jpg\" alt=\"L'escola\" class=\"wp-image-3963\" style=\"width:237px;height:auto\" srcset=\"https:\/\/agora.xtec.cat\/ceip-llebeig\/wp-content\/uploads\/usu2136\/2025\/01\/DSCN4278-scaled.jpg 2560w, https:\/\/agora.xtec.cat\/ceip-llebeig\/wp-content\/uploads\/usu2136\/2025\/01\/DSCN4278-300x225.jpg 300w, https:\/\/agora.xtec.cat\/ceip-llebeig\/wp-content\/uploads\/usu2136\/2025\/01\/DSCN4278-1024x768.jpg 1024w, https:\/\/agora.xtec.cat\/ceip-llebeig\/wp-content\/uploads\/usu2136\/2025\/01\/DSCN4278-768x576.jpg 768w, https:\/\/agora.xtec.cat\/ceip-llebeig\/wp-content\/uploads\/usu2136\/2025\/01\/DSCN4278-1536x1152.jpg 1536w, https:\/\/agora.xtec.cat\/ceip-llebeig\/wp-content\/uploads\/usu2136\/2025\/01\/DSCN4278-2048x1536.jpg 2048w\" sizes=\"auto, (max-width: 2560px) 100vw, 2560px\" \/><\/a><\/figure>\n\n\n\n<p><\/p>\n\n\n\n<figure class=\"wp-block-image size-full is-resized\"><a href=\"https:\/\/agora.xtec.cat\/ceip-llebeig\/wp-content\/uploads\/usu2136\/2024\/12\/IMG_7088-1.jpg\"><img loading=\"lazy\" decoding=\"async\" width=\"480\" height=\"640\" src=\"https:\/\/agora.xtec.cat\/ceip-llebeig\/wp-content\/uploads\/usu2136\/2024\/12\/IMG_7088-1.jpg\" alt=\"\" class=\"wp-image-3769\" style=\"width:237px;height:auto\" srcset=\"https:\/\/agora.xtec.cat\/ceip-llebeig\/wp-content\/uploads\/usu2136\/2024\/12\/IMG_7088-1.jpg 480w, https:\/\/agora.xtec.cat\/ceip-llebeig\/wp-content\/uploads\/usu2136\/2024\/12\/IMG_7088-1-225x300.jpg 225w\" sizes=\"auto, (max-width: 480px) 100vw, 480px\" \/><\/a><\/figure>\n<\/div>\n<\/div>\n","protected":false},"excerpt":{"rendered":"<p>L&#8217;objectiu de l&#8217;escola \u00e9s educar de manera harm\u00f2nica la persona, \u00e9s a dir, en els aspectes intel\u00b7lectuals, afectius, socials i [&hellip;]<\/p>\n","protected":false},"author":1,"featured_media":0,"parent":0,"menu_order":20,"comment_status":"closed","ping_status":"closed","template":"","meta":{"_bbp_topic_count":0,"_bbp_reply_count":0,"_bbp_total_topic_count":0,"_bbp_total_reply_count":0,"_bbp_voice_count":0,"_bbp_anonymous_reply_count":0,"_bbp_topic_count_hidden":0,"_bbp_reply_count_hidden":0,"_bbp_forum_subforum_count":0,"site-sidebar-layout":"default","site-content-layout":"","ast-site-content-layout":"default","site-content-style":"default","site-sidebar-style":"default","ast-global-header-display":"","ast-banner-title-visibility":"","ast-main-header-display":"","ast-hfb-above-header-display":"","ast-hfb-below-header-display":"","ast-hfb-mobile-header-display":"","site-post-title":"","ast-breadcrumbs-content":"","ast-featured-img":"","footer-sml-layout":"","theme-transparent-header-meta":"","adv-header-id-meta":"","stick-header-meta":"","header-above-stick-meta":"","header-main-stick-meta":"","header-below-stick-meta":"","astra-migrate-meta-layouts":"set","ast-page-background-enabled":"default","ast-page-background-meta":{"desktop":{"background-color":"var(--ast-global-color-4)","background-image":"","background-repeat":"repeat","background-position":"center center","background-size":"auto","background-attachment":"scroll","background-type":"","background-media":"","overlay-type":"","overlay-color":"","overlay-opacity":"","overlay-gradient":""},"tablet":{"background-color":"","background-image":"","background-repeat":"repeat","background-position":"center center","background-size":"auto","background-attachment":"scroll","background-type":"","background-media":"","overlay-type":"","overlay-color":"","overlay-opacity":"","overlay-gradient":""},"mobile":{"background-color":"","background-image":"","background-repeat":"repeat","background-position":"center center","background-size":"auto","background-attachment":"scroll","background-type":"","background-media":"","overlay-type":"","overlay-color":"","overlay-opacity":"","overlay-gradient":""}},"ast-content-background-meta":{"desktop":{"background-color":"var(--ast-global-color-5)","background-image":"","background-repeat":"repeat","background-position":"center center","background-size":"auto","background-attachment":"scroll","background-type":"","background-media":"","overlay-type":"","overlay-color":"","overlay-opacity":"","overlay-gradient":""},"tablet":{"background-color":"var(--ast-global-color-5)","background-image":"","background-repeat":"repeat","background-position":"center center","background-size":"auto","background-attachment":"scroll","background-type":"","background-media":"","overlay-type":"","overlay-color":"","overlay-opacity":"","overlay-gradient":""},"mobile":{"background-color":"var(--ast-global-color-5)","background-image":"","background-repeat":"repeat","background-position":"center center","background-size":"auto","background-attachment":"scroll","background-type":"","background-media":"","overlay-type":"","overlay-color":"","overlay-opacity":"","overlay-gradient":""}},"footnotes":""},"class_list":["post-502","page","type-page","status-publish","hentry"],"post_mailing_queue_ids":[],"_links":{"self":[{"href":"https:\/\/agora.xtec.cat\/ceip-llebeig\/wp-json\/wp\/v2\/pages\/502","targetHints":{"allow":["GET"]}}],"collection":[{"href":"https:\/\/agora.xtec.cat\/ceip-llebeig\/wp-json\/wp\/v2\/pages"}],"about":[{"href":"https:\/\/agora.xtec.cat\/ceip-llebeig\/wp-json\/wp\/v2\/types\/page"}],"author":[{"embeddable":true,"href":"https:\/\/agora.xtec.cat\/ceip-llebeig\/wp-json\/wp\/v2\/users\/1"}],"replies":[{"embeddable":true,"href":"https:\/\/agora.xtec.cat\/ceip-llebeig\/wp-json\/wp\/v2\/comments?post=502"}],"version-history":[{"count":6,"href":"https:\/\/agora.xtec.cat\/ceip-llebeig\/wp-json\/wp\/v2\/pages\/502\/revisions"}],"predecessor-version":[{"id":3969,"href":"https:\/\/agora.xtec.cat\/ceip-llebeig\/wp-json\/wp\/v2\/pages\/502\/revisions\/3969"}],"wp:attachment":[{"href":"https:\/\/agora.xtec.cat\/ceip-llebeig\/wp-json\/wp\/v2\/media?parent=502"}],"curies":[{"name":"wp","href":"https:\/\/api.w.org\/{rel}","templated":true}]}}

<div class="wp-block-columns is-layout-flex wp-container-core-columns-is-layout-1 wp-block-columns-is-layout-flex">
<div class="wp-block-column is-layout-flow wp-block-column-is-layout-flow" style="flex-basis:80%">
<p id="h.p_ID_32">L&#8217;<strong><u>objectiu</u></strong> de l&#8217;escola és <strong>educar de manera harmònica</strong> la persona, és a dir, en els aspectes intel·lectuals, afectius, socials i ètics. Per tant:</p>



<ul class="wp-block-list">
<li>Ens proposem facilitar la <strong>transmissió de coneixements</strong> i <strong>despertar la</strong> <strong>curiositat</strong> dels alumnes alhora que els ajudem a aprendre i a desenvolupar les capacitats i les competències, actituds, hàbits i motivacions que els permetin seguir aprenent tota la seva vida.</li>



<li>Remarquem el <strong>tracte individualitzat</strong> i personalitzat i l&#8217;<strong>acceptació de diferents ritmes i capacitats</strong>.</li>



<li>Eduquem per a la <strong>igualtat</strong> entre nens i nenes, per la <strong>superació</strong> de les discriminacions per raó de gènere i per la creació d&#8217;unes <strong>mateixes oportunitats</strong> per a tots i totes.</li>



<li>Fomentem l&#8217;esperit de <strong>superació personal</strong>, alhora que accentuem la <strong>col·laboració</strong> i el <strong>treball en equip</strong>.</li>



<li>Estimulem en els alumnes els <strong>valors</strong> d&#8217;una societat democràtica, una societat viva, que evoluciona: <strong>solidaritat</strong> respecte l&#8217;altre, actitud de <strong>diàleg</strong>, <strong>esperit crític</strong> i <strong>responsabilitat</strong>.</li>



<li>Eduquem intentant trobar un <strong>punt d&#8217;equilibri</strong> entre el desenvolupament harmònic de les <u>seves capacitats</u> i el <u>nivell d&#8217;exigència</u> i el respecte per les normes.</li>



<li>Entenem l&#8217;<strong>infant com a individu</strong> i la importància de formar <strong>part d&#8217;un grup</strong>.</li>
</ul>
</div>



<div class="wp-block-column is-layout-flow wp-block-column-is-layout-flow" style="flex-basis:20%">
<figure class="wp-block-image size-full is-resized"><a href="https://agora.xtec.cat/ceip-llebeig/wp-content/uploads/usu2136/2025/01/DSCN4278-scaled.jpg"><img loading="lazy" decoding="async" width="2560" height="1920" src="https://agora.xtec.cat/ceip-llebeig/wp-content/uploads/usu2136/2025/01/DSCN4278-scaled.jpg" alt="L'escola" class="wp-image-3963" style="width:237px;height:auto" srcset="https://agora.xtec.cat/ceip-llebeig/wp-content/uploads/usu2136/2025/01/DSCN4278-scaled.jpg 2560w, https://agora.xtec.cat/ceip-llebeig/wp-content/uploads/usu2136/2025/01/DSCN4278-300x225.jpg 300w, https://agora.xtec.cat/ceip-llebeig/wp-content/uploads/usu2136/2025/01/DSCN4278-1024x768.jpg 1024w, https://agora.xtec.cat/ceip-llebeig/wp-content/uploads/usu2136/2025/01/DSCN4278-768x576.jpg 768w, https://agora.xtec.cat/ceip-llebeig/wp-content/uploads/usu2136/2025/01/DSCN4278-1536x1152.jpg 1536w, https://agora.xtec.cat/ceip-llebeig/wp-content/uploads/usu2136/2025/01/DSCN4278-2048x1536.jpg 2048w" sizes="auto, (max-width: 2560px) 100vw, 2560px" /></a></figure>



<p></p>



<figure class="wp-block-image size-full is-resized"><a href="https://agora.xtec.cat/ceip-llebeig/wp-content/uploads/usu2136/2024/12/IMG_7088-1.jpg"><img loading="lazy" decoding="async" width="480" height="640" src="https://agora.xtec.cat/ceip-llebeig/wp-content/uploads/usu2136/2024/12/IMG_7088-1.jpg" alt="" class="wp-image-3769" style="width:237px;height:auto" srcset="https://agora.xtec.cat/ceip-llebeig/wp-content/uploads/usu2136/2024/12/IMG_7088-1.jpg 480w, https://agora.xtec.cat/ceip-llebeig/wp-content/uploads/usu2136/2024/12/IMG_7088-1-225x300.jpg 225w" sizes="auto, (max-width: 480px) 100vw, 480px" /></a></figure>
</div>
</div>

<p>L&#8217;objectiu de l&#8217;escola és educar de manera harmònica la persona, és a dir, en els aspectes intel·lectuals, afectius, socials i [&hellip;]</p>
