{"id":191,"date":"2015-02-19T09:41:24","date_gmt":"2015-02-19T08:41:24","guid":{"rendered":"http:\/\/agora.xtec.cat\/ceip-lesroquesblaves\/?page_id=191"},"modified":"2026-02-16T15:37:07","modified_gmt":"2026-02-16T14:37:07","slug":"trets-didentitat","status":"publish","type":"page","link":"https:\/\/agora.xtec.cat\/ceip-lesroquesblaves\/lescola\/trets-didentitat\/","title":{"rendered":"Trets d&#8217;identitat"},"content":{"rendered":"<h4><span style=\"color: #008080;\">Si vols con\u00e8ixer el car\u00e0cter propi de la nostra escola, clica la seg\u00fcent imatge i veur\u00e0s com es desenvolupen els diferents trets d&#8217;identitat\u00a0 a trav\u00e9s\u00a0 dels projectes i la metodologia que desenvolupem en el dia a dia:<\/span><\/h4>\n<p><a href=\"http:\/\/agora.xtec.cat\/ceip-lesroquesblaves\/wp-content\/uploads\/usu36\/2026\/02\/Trets-identitat.pdf\"><img loading=\"lazy\" decoding=\"async\" class=\"aligncenter wp-image-33211 \" src=\"https:\/\/agora.xtec.cat\/ceip-lesroquesblaves\/wp-content\/uploads\/usu36\/2026\/02\/Preeinscripcio-2021-222-300x169.jpg\" alt=\"\" width=\"998\" height=\"562\" srcset=\"https:\/\/agora.xtec.cat\/ceip-lesroquesblaves\/wp-content\/uploads\/usu36\/2026\/02\/Preeinscripcio-2021-222-300x169.jpg 300w, https:\/\/agora.xtec.cat\/ceip-lesroquesblaves\/wp-content\/uploads\/usu36\/2026\/02\/Preeinscripcio-2021-222-1024x576.jpg 1024w, https:\/\/agora.xtec.cat\/ceip-lesroquesblaves\/wp-content\/uploads\/usu36\/2026\/02\/Preeinscripcio-2021-222-768x432.jpg 768w, https:\/\/agora.xtec.cat\/ceip-lesroquesblaves\/wp-content\/uploads\/usu36\/2026\/02\/Preeinscripcio-2021-222-1536x864.jpg 1536w, https:\/\/agora.xtec.cat\/ceip-lesroquesblaves\/wp-content\/uploads\/usu36\/2026\/02\/Preeinscripcio-2021-222.jpg 1920w\" sizes=\"auto, (max-width: 998px) 100vw, 998px\" \/><\/a><\/p>\n","protected":false},"excerpt":{"rendered":"<p>Si vols con\u00e8ixer el car\u00e0cter propi de la nostra escola, clica la seg\u00fcent imatge i veur\u00e0s com es desenvolupen els diferents trets d&#8217;identitat\u00a0 a trav\u00e9s\u00a0 dels projectes i la metodologia que desenvolupem en el dia a dia:<br \/>\n<a href=\"http:\/\/agora.xtec.cat\/ceip-lesroquesblaves\/wp-content\/uploads\/usu36\/2026\/02\/Trets-identitat.pdf\"><\/a><\/p>\n","protected":false},"author":1,"featured_media":0,"parent":22,"menu_order":30,"comment_status":"closed","ping_status":"closed","template":"page-templates\/side-menu.php","meta":{"footnotes":""},"class_list":["post-191","page","type-page","status-publish","hentry"],"post_mailing_queue_ids":[],"_links":{"self":[{"href":"https:\/\/agora.xtec.cat\/ceip-lesroquesblaves\/wp-json\/wp\/v2\/pages\/191","targetHints":{"allow":["GET"]}}],"collection":[{"href":"https:\/\/agora.xtec.cat\/ceip-lesroquesblaves\/wp-json\/wp\/v2\/pages"}],"about":[{"href":"https:\/\/agora.xtec.cat\/ceip-lesroquesblaves\/wp-json\/wp\/v2\/types\/page"}],"author":[{"embeddable":true,"href":"https:\/\/agora.xtec.cat\/ceip-lesroquesblaves\/wp-json\/wp\/v2\/users\/1"}],"replies":[{"embeddable":true,"href":"https:\/\/agora.xtec.cat\/ceip-lesroquesblaves\/wp-json\/wp\/v2\/comments?post=191"}],"version-history":[{"count":6,"href":"https:\/\/agora.xtec.cat\/ceip-lesroquesblaves\/wp-json\/wp\/v2\/pages\/191\/revisions"}],"predecessor-version":[{"id":33213,"href":"https:\/\/agora.xtec.cat\/ceip-lesroquesblaves\/wp-json\/wp\/v2\/pages\/191\/revisions\/33213"}],"up":[{"embeddable":true,"href":"https:\/\/agora.xtec.cat\/ceip-lesroquesblaves\/wp-json\/wp\/v2\/pages\/22"}],"wp:attachment":[{"href":"https:\/\/agora.xtec.cat\/ceip-lesroquesblaves\/wp-json\/wp\/v2\/media?parent=191"}],"curies":[{"name":"wp","href":"https:\/\/api.w.org\/{rel}","templated":true}]}}