{"id":16680,"date":"2019-03-01T16:48:16","date_gmt":"2019-03-01T15:48:16","guid":{"rendered":"http:\/\/agora.xtec.cat\/ceip-lesroquesblaves\/?page_id=16680"},"modified":"2019-03-17T13:48:26","modified_gmt":"2019-03-17T12:48:26","slug":"qui-som-i-que-fem","status":"publish","type":"page","link":"https:\/\/agora.xtec.cat\/ceip-lesroquesblaves\/ampa\/qui-som-i-que-fem\/","title":{"rendered":"Qui som, qu\u00e8 fem i on som"},"content":{"rendered":"<p><strong>Qui som\u00a0<\/strong><\/p>\n<ul>\n<li>L\u2019AMPA som un grup de pares i mares que de forma totalment volunt\u00e0ria ens organitzem per tal de fer l\u2019escola m\u00e9s propera a l\u2019alumnat i a tota la resta de fam\u00edlies. \u00c9s una organitzaci\u00f3 oberta a tothom i oberta a les idees que qualsevol de vosaltres vulgui aportar.<\/li>\n<\/ul>\n<p><strong>Qu\u00e8 fem?<\/strong><\/p>\n<ul>\n<li>A l&#8217;AMPA fem molta feina de tot tipus: elaborem pressupostos, organitzem extraescolars i tallers, ens coordinem amb la direcci\u00f3 de l&#8217;escola, formem part en el consell escolar, decidim inversions de l&#8217;escola,&#8230;<\/li>\n<li>Aquestes tasques les aconseguim mitjan\u00e7ant el repartiment de tasques i les comissions<\/li>\n<\/ul>\n<p><strong>Quin objectiu tenim?<\/strong><\/p>\n<ul>\n<li>El gran objectiu que tenim com a AMPA \u00e9s millorar l&#8217;educaci\u00f3 dels nostres fills i filles, i ho volem aconseguir fomentant la participaci\u00f3 de totes les fam\u00edlies.<\/li>\n<\/ul>\n<p><strong>On som?<\/strong><\/p>\n<ul>\n<li>Ens podeu trobar al despatx de l&#8217;AMPA. \u00c9s un espai petit per\u00f2 el tenim ben organitzat. El podeu trobar a l&#8217;esquerra de la porta principal de l&#8217;escola.<\/li>\n<li>No tenim un horari fix i no sempre ens trobareu all\u00e0 dins, per aix\u00f2 sempre recomanem que si us voleu posar en contacte amb nosaltres, feu-ho mitjan\u00e7ant els canals de comunicaci\u00f3 habituals.<\/li>\n<\/ul>\n","protected":false},"excerpt":{"rendered":"<p>Qui som\u00a0<\/p>\n<ul>\n<li>L\u2019AMPA som un grup de pares i mares que de forma totalment volunt\u00e0ria ens organitzem per tal de fer l\u2019escola m\u00e9s propera a l\u2019alumnat i a tota la resta de fam\u00edlies. \u00c9s una organitzaci\u00f3 oberta a tothom i oberta a les idees que qualsevol&hellip;  <a href=\"https:\/\/agora.xtec.cat\/ceip-lesroquesblaves\/ampa\/qui-som-i-que-fem\/\" title=\"Read Qui som, qu\u00e8 fem i on som\">Llegeix m\u00e9s\u00bb<\/a><br \/>\n","protected":false},"author":1,"featured_media":0,"parent":194,"menu_order":0,"comment_status":"closed","ping_status":"closed","template":"page-templates\/side-menu.php","meta":{"footnotes":""},"class_list":["post-16680","page","type-page","status-publish","hentry"],"post_mailing_queue_ids":[],"_links":{"self":[{"href":"https:\/\/agora.xtec.cat\/ceip-lesroquesblaves\/wp-json\/wp\/v2\/pages\/16680","targetHints":{"allow":["GET"]}}],"collection":[{"href":"https:\/\/agora.xtec.cat\/ceip-lesroquesblaves\/wp-json\/wp\/v2\/pages"}],"about":[{"href":"https:\/\/agora.xtec.cat\/ceip-lesroquesblaves\/wp-json\/wp\/v2\/types\/page"}],"author":[{"embeddable":true,"href":"https:\/\/agora.xtec.cat\/ceip-lesroquesblaves\/wp-json\/wp\/v2\/users\/1"}],"replies":[{"embeddable":true,"href":"https:\/\/agora.xtec.cat\/ceip-lesroquesblaves\/wp-json\/wp\/v2\/comments?post=16680"}],"version-history":[{"count":3,"href":"https:\/\/agora.xtec.cat\/ceip-lesroquesblaves\/wp-json\/wp\/v2\/pages\/16680\/revisions"}],"predecessor-version":[{"id":16832,"href":"https:\/\/agora.xtec.cat\/ceip-lesroquesblaves\/wp-json\/wp\/v2\/pages\/16680\/revisions\/16832"}],"up":[{"embeddable":true,"href":"https:\/\/agora.xtec.cat\/ceip-lesroquesblaves\/wp-json\/wp\/v2\/pages\/194"}],"wp:attachment":[{"href":"https:\/\/agora.xtec.cat\/ceip-lesroquesblaves\/wp-json\/wp\/v2\/media?parent=16680"}],"curies":[{"name":"wp","href":"https:\/\/api.w.org\/{rel}","templated":true}]}}

Qui som, què fem i on som

<p><strong>Qui som </strong></p>
<ul>
<li>L’AMPA som un grup de pares i mares que de forma totalment voluntària ens organitzem per tal de fer l’escola més propera a l’alumnat i a tota la resta de famílies. És una organització oberta a tothom i oberta a les idees que qualsevol de vosaltres vulgui aportar.</li>
</ul>
<p><strong>Què fem?</strong></p>
<ul>
<li>A l&#8217;AMPA fem molta feina de tot tipus: elaborem pressupostos, organitzem extraescolars i tallers, ens coordinem amb la direcció de l&#8217;escola, formem part en el consell escolar, decidim inversions de l&#8217;escola,&#8230;</li>
<li>Aquestes tasques les aconseguim mitjançant el repartiment de tasques i les comissions</li>
</ul>
<p><strong>Quin objectiu tenim?</strong></p>
<ul>
<li>El gran objectiu que tenim com a AMPA és millorar l&#8217;educació dels nostres fills i filles, i ho volem aconseguir fomentant la participació de totes les famílies.</li>
</ul>
<p><strong>On som?</strong></p>
<ul>
<li>Ens podeu trobar al despatx de l&#8217;AMPA. És un espai petit però el tenim ben organitzat. El podeu trobar a l&#8217;esquerra de la porta principal de l&#8217;escola.</li>
<li>No tenim un horari fix i no sempre ens trobareu allà dins, per això sempre recomanem que si us voleu posar en contacte amb nosaltres, feu-ho mitjançant els canals de comunicació habituals.</li>
</ul>

<p>Qui som </p>
<ul>
<li>L’AMPA som un grup de pares i mares que de forma totalment voluntària ens organitzem per tal de fer l’escola més propera a l’alumnat i a tota la resta de famílies. És una organització oberta a tothom i oberta a les idees que qualsevol&hellip;  <a href="https://agora.xtec.cat/ceip-lesroquesblaves/ampa/qui-som-i-que-fem/" title="Read Qui som, què fem i on som">Llegeix més»</a><br />
