{"id":16675,"date":"2019-03-01T15:43:07","date_gmt":"2019-03-01T14:43:07","guid":{"rendered":"http:\/\/agora.xtec.cat\/ceip-lesroquesblaves\/?page_id=16675"},"modified":"2019-03-01T16:46:39","modified_gmt":"2019-03-01T15:46:39","slug":"comissio-desdeveniments-i-festes","status":"publish","type":"page","link":"https:\/\/agora.xtec.cat\/ceip-lesroquesblaves\/ampa\/comissions-de-lampa\/comissio-desdeveniments-i-festes\/","title":{"rendered":"Comissi\u00f3 d&#8217;esdeveniments i festes"},"content":{"rendered":"<p>Les tasques de la comissi\u00f3 d&#8217;esdeveniments i festes s\u00f3n:<\/p>\n<ul>\n<li style=\"font-weight: 400;\"><span style=\"font-weight: 400;\">Organitzar i dinamitzar les festes de l\u2019escola<\/span><\/li>\n<li style=\"font-weight: 400;\"><span style=\"font-weight: 400;\">Crear-ne de noves o transformar les existents<\/span><\/li>\n<li style=\"font-weight: 400;\"><span style=\"font-weight: 400;\">Les festes s\u2019han de preveure i preparar amb l\u2019antelaci\u00f3 suficient.<\/span><\/li>\n<li style=\"font-weight: 400;\"><span style=\"font-weight: 400;\">Cal comptar amb pares voluntaris per a tasques puntuals i dinamitzar-los <\/span><\/li>\n<\/ul>\n","protected":false},"excerpt":{"rendered":"<p>Les tasques de la comissi\u00f3 d&#8217;esdeveniments i festes s\u00f3n:<\/p>\n<ul>\n<li style=\"font-weight: 400;\">Organitzar i dinamitzar les festes de l\u2019escola<\/li>\n<li style=\"font-weight: 400;\">Crear-ne de noves o transformar les existents<\/li>\n<li style=\"font-weight: 400;\">Les festes s\u2019han de preveure i preparar amb l\u2019antelaci\u00f3 suficient.<\/li>\n<li style=\"font-weight: 400;\">Cal comptar amb pares voluntaris per a tasques&hellip;  <a href=\"https:\/\/agora.xtec.cat\/ceip-lesroquesblaves\/ampa\/comissions-de-lampa\/comissio-desdeveniments-i-festes\/\" title=\"Read Comissi\u00f3 d&#8217;esdeveniments i festes\">Llegeix m\u00e9s\u00bb<\/a><br \/>\n","protected":false},"author":1,"featured_media":0,"parent":16664,"menu_order":0,"comment_status":"closed","ping_status":"closed","template":"","meta":{"footnotes":""},"class_list":["post-16675","page","type-page","status-publish","hentry"],"post_mailing_queue_ids":[],"_links":{"self":[{"href":"https:\/\/agora.xtec.cat\/ceip-lesroquesblaves\/wp-json\/wp\/v2\/pages\/16675","targetHints":{"allow":["GET"]}}],"collection":[{"href":"https:\/\/agora.xtec.cat\/ceip-lesroquesblaves\/wp-json\/wp\/v2\/pages"}],"about":[{"href":"https:\/\/agora.xtec.cat\/ceip-lesroquesblaves\/wp-json\/wp\/v2\/types\/page"}],"author":[{"embeddable":true,"href":"https:\/\/agora.xtec.cat\/ceip-lesroquesblaves\/wp-json\/wp\/v2\/users\/1"}],"replies":[{"embeddable":true,"href":"https:\/\/agora.xtec.cat\/ceip-lesroquesblaves\/wp-json\/wp\/v2\/comments?post=16675"}],"version-history":[{"count":1,"href":"https:\/\/agora.xtec.cat\/ceip-lesroquesblaves\/wp-json\/wp\/v2\/pages\/16675\/revisions"}],"predecessor-version":[{"id":16676,"href":"https:\/\/agora.xtec.cat\/ceip-lesroquesblaves\/wp-json\/wp\/v2\/pages\/16675\/revisions\/16676"}],"up":[{"embeddable":true,"href":"https:\/\/agora.xtec.cat\/ceip-lesroquesblaves\/wp-json\/wp\/v2\/pages\/16664"}],"wp:attachment":[{"href":"https:\/\/agora.xtec.cat\/ceip-lesroquesblaves\/wp-json\/wp\/v2\/media?parent=16675"}],"curies":[{"name":"wp","href":"https:\/\/api.w.org\/{rel}","templated":true}]}}