{"id":16671,"date":"2019-03-01T15:36:57","date_gmt":"2019-03-01T14:36:57","guid":{"rendered":"http:\/\/agora.xtec.cat\/ceip-lesroquesblaves\/?page_id=16671"},"modified":"2019-03-01T16:46:03","modified_gmt":"2019-03-01T15:46:03","slug":"menjador-i-acollida","status":"publish","type":"page","link":"https:\/\/agora.xtec.cat\/ceip-lesroquesblaves\/ampa\/comissions-de-lampa\/menjador-i-acollida\/","title":{"rendered":"Menjador i acollida"},"content":{"rendered":"<p>Aquesta comissi\u00f3 s&#8217;encarrega de tot all\u00f2 que t\u00e9 a veure amb el menjador i amb l&#8217;empresa que ho gestiona, que \u00e9s l&#8217;empresa INSIGNE.<\/p>\n<p>Les tasques encomanades s\u00f3n les seg\u00fcents:<\/p>\n<ul>\n<li style=\"font-weight: 400;\"><span style=\"font-weight: 400;\">Supervisi\u00f3 de material<\/span><\/li>\n<li style=\"font-weight: 400;\"><span style=\"font-weight: 400;\">Seguiment diari<\/span><\/li>\n<li style=\"font-weight: 400;\"><span style=\"font-weight: 400;\">Comunicaci\u00f3 amb l\u2019empresa INSIGNE<\/span><\/li>\n<li style=\"font-weight: 400;\"><span style=\"font-weight: 400;\">Reunions peri\u00f2diques amb la comissi\u00f3 on tamb\u00e9 hi ha membres de l\u2019equip educatiu.<\/span><\/li>\n<li style=\"font-weight: 400;\"><span style=\"font-weight: 400;\">Seguiment d\u2019inventari de la cuina <\/span><\/li>\n<li style=\"font-weight: 400;\"><span style=\"font-weight: 400;\">Vetllar pel manteniment dels electrodom\u00e8stics i menatges propietat de l\u2019AMPA<\/span><span style=\"font-weight: 400;\">.<\/span><\/li>\n<\/ul>\n<p>A m\u00e9s a m\u00e9s, aquesta comissi\u00f3 s&#8217;encarrega del repartiment de fruita dins del programa de fruita al qual est\u00e0 adherida l&#8217;escola dels Departaments d&#8217;Ensenyament i de Salut.<\/p>\n","protected":false},"excerpt":{"rendered":"<p>Aquesta comissi\u00f3 s&#8217;encarrega de tot all\u00f2 que t\u00e9 a veure amb el menjador i amb l&#8217;empresa que ho gestiona, que \u00e9s l&#8217;empresa INSIGNE.<br \/>\nLes tasques encomanades s\u00f3n les seg\u00fcents:<\/p>\n<ul>\n<li style=\"font-weight: 400;\">Supervisi\u00f3 de material<\/li>\n<li style=\"font-weight: 400;\">Seguiment diari<\/li>\n<li style=\"font-weight: 400;\">Comunicaci\u00f3 amb l\u2019empresa INSIGNE<\/li>\n<li style=\"font-weight: 400;\">Reunions peri\u00f2diques amb la&hellip;  <a href=\"https:\/\/agora.xtec.cat\/ceip-lesroquesblaves\/ampa\/comissions-de-lampa\/menjador-i-acollida\/\" title=\"Read Menjador i acollida\">Llegeix m\u00e9s\u00bb<\/a><br \/>\n","protected":false},"author":1,"featured_media":0,"parent":16664,"menu_order":0,"comment_status":"closed","ping_status":"closed","template":"","meta":{"footnotes":""},"class_list":["post-16671","page","type-page","status-publish","hentry"],"post_mailing_queue_ids":[],"_links":{"self":[{"href":"https:\/\/agora.xtec.cat\/ceip-lesroquesblaves\/wp-json\/wp\/v2\/pages\/16671","targetHints":{"allow":["GET"]}}],"collection":[{"href":"https:\/\/agora.xtec.cat\/ceip-lesroquesblaves\/wp-json\/wp\/v2\/pages"}],"about":[{"href":"https:\/\/agora.xtec.cat\/ceip-lesroquesblaves\/wp-json\/wp\/v2\/types\/page"}],"author":[{"embeddable":true,"href":"https:\/\/agora.xtec.cat\/ceip-lesroquesblaves\/wp-json\/wp\/v2\/users\/1"}],"replies":[{"embeddable":true,"href":"https:\/\/agora.xtec.cat\/ceip-lesroquesblaves\/wp-json\/wp\/v2\/comments?post=16671"}],"version-history":[{"count":1,"href":"https:\/\/agora.xtec.cat\/ceip-lesroquesblaves\/wp-json\/wp\/v2\/pages\/16671\/revisions"}],"predecessor-version":[{"id":16672,"href":"https:\/\/agora.xtec.cat\/ceip-lesroquesblaves\/wp-json\/wp\/v2\/pages\/16671\/revisions\/16672"}],"up":[{"embeddable":true,"href":"https:\/\/agora.xtec.cat\/ceip-lesroquesblaves\/wp-json\/wp\/v2\/pages\/16664"}],"wp:attachment":[{"href":"https:\/\/agora.xtec.cat\/ceip-lesroquesblaves\/wp-json\/wp\/v2\/media?parent=16671"}],"curies":[{"name":"wp","href":"https:\/\/api.w.org\/{rel}","templated":true}]}}

<p>Aquesta comissió s&#8217;encarrega de tot allò que té a veure amb el menjador i amb l&#8217;empresa que ho gestiona, que és l&#8217;empresa INSIGNE.</p>
<p>Les tasques encomanades són les següents:</p>
<ul>
<li style="font-weight: 400;"><span style="font-weight: 400;">Supervisió de material</span></li>
<li style="font-weight: 400;"><span style="font-weight: 400;">Seguiment diari</span></li>
<li style="font-weight: 400;"><span style="font-weight: 400;">Comunicació amb l’empresa INSIGNE</span></li>
<li style="font-weight: 400;"><span style="font-weight: 400;">Reunions periòdiques amb la comissió on també hi ha membres de l’equip educatiu.</span></li>
<li style="font-weight: 400;"><span style="font-weight: 400;">Seguiment d’inventari de la cuina </span></li>
<li style="font-weight: 400;"><span style="font-weight: 400;">Vetllar pel manteniment dels electrodomèstics i menatges propietat de l’AMPA</span><span style="font-weight: 400;">.</span></li>
</ul>
<p>A més a més, aquesta comissió s&#8217;encarrega del repartiment de fruita dins del programa de fruita al qual està adherida l&#8217;escola dels Departaments d&#8217;Ensenyament i de Salut.</p>

<p>Aquesta comissió s&#8217;encarrega de tot allò que té a veure amb el menjador i amb l&#8217;empresa que ho gestiona, que és l&#8217;empresa INSIGNE.<br />
Les tasques encomanades són les següents:</p>
<ul>
<li style="font-weight: 400;">Supervisió de material</li>
<li style="font-weight: 400;">Seguiment diari</li>
<li style="font-weight: 400;">Comunicació amb l’empresa INSIGNE</li>
<li style="font-weight: 400;">Reunions periòdiques amb la&hellip;  <a href="https://agora.xtec.cat/ceip-lesroquesblaves/ampa/comissions-de-lampa/menjador-i-acollida/" title="Read Menjador i acollida">Llegeix més»</a><br />
