{"id":7568,"date":"2023-03-16T16:35:03","date_gmt":"2023-03-16T15:35:03","guid":{"rendered":"https:\/\/agora.xtec.cat\/ceip-lespalmeres\/?page_id=7568"},"modified":"2023-10-22T18:46:49","modified_gmt":"2023-10-22T16:46:49","slug":"diagnosis-de-lestrategia-digital","status":"publish","type":"page","link":"https:\/\/agora.xtec.cat\/ceip-lespalmeres\/diagnosis-de-lestrategia-digital\/","title":{"rendered":"Diagnosis de l&#8217;estrat\u00e8gia digital"},"content":{"rendered":"<p><img loading=\"lazy\" decoding=\"async\" class=\"aligncenter wp-image-8610\" src=\"https:\/\/projectes.xtec.cat\/edc-suport\/wp-content\/uploads\/usu2435\/2021\/03\/5_Eines-per-lEDC_v3-1024x724.jpg\" sizes=\"auto, (max-width: 622px) 100vw, 622px\" srcset=\"https:\/\/projectes.xtec.cat\/edc-suport\/wp-content\/uploads\/usu2435\/2021\/03\/5_Eines-per-lEDC_v3-1024x724.jpg 1024w, https:\/\/projectes.xtec.cat\/edc-suport\/wp-content\/uploads\/usu2435\/2021\/03\/5_Eines-per-lEDC_v3-300x212.jpg 300w, https:\/\/projectes.xtec.cat\/edc-suport\/wp-content\/uploads\/usu2435\/2021\/03\/5_Eines-per-lEDC_v3-768x543.jpg 768w\" alt=\"\" width=\"622\" height=\"440\" \/><\/p>\n<div class=\"row\">\n<p><iframe loading=\"lazy\" src=\"\/\/www.youtube.com\/embed\/pHwC7zUDRKE\" width=\"360\" height=\"114\" allowfullscreen=\"allowfullscreen\"><\/iframe><\/p>\n<div class=\"columns small-12 large-10\">\n<h2>Com hem fet la diagnosi del centre?<\/h2>\n<p>L\u2019aplicaci\u00f3 SELFIE \u00e9s una eina gratu\u00efta i personalitzable que ha desenvolupat la Uni\u00f3 Europea per ajudar als centres educatius a dur a terme una diagnosi completa sobre l&#8217;aprenentatge digital. Durant el curs 2021-2022 es van realitzar els estudis inicials del nostre centre. En aquest estudi hi van participar totes les unitats:<\/p>\n<div class=\"row\" style=\"margin-bottom: 1em !important;\">\n<div class=\"small-12 large-4 text-center columns\">\n<p><img loading=\"lazy\" decoding=\"async\" class=\"\" src=\"https:\/\/www.bw.edu\/Assets\/speech-language-pathology\/slp-graphic-100percent.png\" alt=\"5 Year Speech-Language Pathology Program | Baldwin Wallace\" width=\"159\" height=\"103\" \/><\/p>\n<h5>Equip<\/h5>\n<h5>directiu<\/h5>\n<\/div>\n<div class=\"small-12 large-4 text-center columns\">\n<p><img loading=\"lazy\" decoding=\"async\" class=\"aligncenter wp-image-7668\" src=\"https:\/\/agora.xtec.cat\/ceip-lespalmeres\/wp-content\/uploads\/usu1432\/2023\/05\/Sense-titol.png\" alt=\"\" width=\"107\" height=\"104\" \/><\/p>\n<h5>Alumnat de Cicle Superior<\/h5>\n<\/div>\n<div class=\"small-12 large-4 text-center columns\">\n<p><img loading=\"lazy\" decoding=\"async\" class=\"\" src=\"https:\/\/www.bw.edu\/Assets\/speech-language-pathology\/slp-graphic-100percent.png\" alt=\"5 Year Speech-Language Pathology Program | Baldwin Wallace\" width=\"170\" height=\"109\" \/><\/p>\n<h5>Personal PAS\/PAE<\/h5>\n<\/div>\n<\/div>\n<div class=\"row\" style=\"margin-bottom: 1em !important;\">\n<div class=\"small-12 large-4 text-center columns\">\n<p><img loading=\"lazy\" decoding=\"async\" class=\"\" src=\"https:\/\/www.bw.edu\/Assets\/speech-language-pathology\/slp-graphic-100percent.png\" alt=\"5 Year Speech-Language Pathology Program | Baldwin Wallace\" width=\"159\" height=\"103\" \/><\/p>\n<h5>Claustre<\/h5>\n<\/div>\n<div class=\"small-12 large-4 text-center columns\">\n<p><img loading=\"lazy\" decoding=\"async\" class=\"aligncenter wp-image-7671\" src=\"https:\/\/agora.xtec.cat\/ceip-lespalmeres\/wp-content\/uploads\/usu1432\/2023\/05\/Sense-titol-1.png\" alt=\"\" width=\"116\" height=\"116\" srcset=\"https:\/\/agora.xtec.cat\/ceip-lespalmeres\/wp-content\/uploads\/usu1432\/2023\/05\/Sense-titol-1.png 431w, https:\/\/agora.xtec.cat\/ceip-lespalmeres\/wp-content\/uploads\/usu1432\/2023\/05\/Sense-titol-1-300x300.png 300w, https:\/\/agora.xtec.cat\/ceip-lespalmeres\/wp-content\/uploads\/usu1432\/2023\/05\/Sense-titol-1-150x150.png 150w\" sizes=\"auto, (max-width: 116px) 100vw, 116px\" \/><\/p>\n<h5>Fam\u00edlies<\/h5>\n<p>&nbsp;<\/p>\n<\/div>\n<div class=\"small-12 large-4 text-center columns\"><\/div>\n<\/div>\n<div class=\"row\">\n<p>Dels resultats extrets vam definir les seg\u00fcents fortaleses i debilitats:<\/p>\n<p><img loading=\"lazy\" decoding=\"async\" class=\"wp-image-7674 alignleft\" src=\"https:\/\/agora.xtec.cat\/ceip-lespalmeres\/wp-content\/uploads\/usu1432\/2023\/05\/forta.png\" alt=\"\" width=\"97\" height=\"59\" srcset=\"https:\/\/agora.xtec.cat\/ceip-lespalmeres\/wp-content\/uploads\/usu1432\/2023\/05\/forta.png 431w, https:\/\/agora.xtec.cat\/ceip-lespalmeres\/wp-content\/uploads\/usu1432\/2023\/05\/forta-300x183.png 300w\" sizes=\"auto, (max-width: 97px) 100vw, 97px\" \/><\/p>\n<div class=\"columns small-12 large-10\">\n<ul>\n<li style=\"font-weight: 400;\" aria-level=\"1\"><span style=\"font-weight: 400;\">Elevada Compet\u00e8ncia Digital Instrumental de l\u2019equip docent.<\/span><\/li>\n<li style=\"font-weight: 400;\" aria-level=\"1\"><span style=\"font-weight: 400;\">Bones pr\u00e0ctiques. Treball col\u00b7laboratiu entre docents.<\/span><\/li>\n<li style=\"font-weight: 400;\" aria-level=\"1\"><span style=\"font-weight: 400;\">XXSS m\u00e9s coneguda entre les fam\u00edlies: Instagram.<\/span><\/li>\n<li style=\"font-weight: 400;\" aria-level=\"1\"><span style=\"font-weight: 400;\">Email com a eina majorit\u00e0ria de comunicaci\u00f3 entre la fam\u00edlia i l\u2019escola.<\/span><\/li>\n<li style=\"font-weight: 400;\" aria-level=\"1\"><span style=\"font-weight: 400;\">Les fam\u00edlies s&#8217;assabenten de les informacions que dona el centre.<\/span><\/li>\n<li style=\"font-weight: 400;\" aria-level=\"1\"><span style=\"font-weight: 400;\">Propostes formatives rellevants per a fam\u00edlies.<\/span><\/li>\n<\/ul>\n<\/div>\n<\/div>\n<div class=\"row\">\n<p><img loading=\"lazy\" decoding=\"async\" class=\" wp-image-7675 alignleft\" src=\"https:\/\/agora.xtec.cat\/ceip-lespalmeres\/wp-content\/uploads\/usu1432\/2023\/05\/debi.png\" alt=\"\" width=\"96\" height=\"67\" srcset=\"https:\/\/agora.xtec.cat\/ceip-lespalmeres\/wp-content\/uploads\/usu1432\/2023\/05\/debi.png 407w, https:\/\/agora.xtec.cat\/ceip-lespalmeres\/wp-content\/uploads\/usu1432\/2023\/05\/debi-300x209.png 300w\" sizes=\"auto, (max-width: 96px) 100vw, 96px\" \/><\/p>\n<div class=\"columns small-12 large-10\">\n<ul>\n<li style=\"font-weight: 400;\" aria-level=\"1\"><span style=\"font-weight: 400;\">Coneixement d\u2019eines digitals significatives amb transfer\u00e8ncia a l\u2019aula.<\/span><\/li>\n<li style=\"font-weight: 400;\" aria-level=\"1\"><span style=\"font-weight: 400;\">Augment de la participaci\u00f3 d\u2019entorns d\u2019aprenentatge de tecnologies digitals. Per exemple, Subxarxa d\u2019EDC, de CDD i la de Coordinadors\/es.<\/span><\/li>\n<li style=\"font-weight: 400;\" aria-level=\"1\"><span style=\"font-weight: 400;\">Creaci\u00f3 d\u2019espais de debat i\/o reflexi\u00f3 en el centre sobre tecnologies digitals i\/o eines digitals de f\u00e0cil implementaci\u00f3 a l\u2019aula.<\/span><\/li>\n<li style=\"font-weight: 400;\" aria-level=\"1\"><span style=\"font-weight: 400;\">50% de fam\u00edlies enquestades que mai han visitat la web del centre.<\/span><\/li>\n<li style=\"font-weight: 400;\" aria-level=\"1\"><span style=\"font-weight: 400;\">Formaci\u00f3 en EVA\u2019s que utilitza el seu fill\/a.<\/span><\/li>\n<li style=\"font-weight: 400;\" aria-level=\"1\"><span style=\"font-weight: 400;\">Visibilitzaci\u00f3 de l\u2019EDC a les fam\u00edlies.<\/span><\/li>\n<li style=\"font-weight: 400;\" aria-level=\"1\"><span style=\"font-weight: 400;\">Definici\u00f3 de l\u00ednia d\u2019\u00e0mbit digital de centre.<\/span><\/li>\n<li style=\"font-weight: 400;\" aria-level=\"1\"><span style=\"font-weight: 400;\">Establir espais de debat i reflexi\u00f3 entre iguals. Proposta formativa interna. anual.<\/span><\/li>\n<li style=\"font-weight: 400;\" aria-level=\"1\"><span style=\"font-weight: 400;\">Millora de la CDD. SFT. Bones pr\u00e0ctiques Kudi\u2019s. Din\u00e0miques participatives i col\u00b7laboratives entre iguals.<\/span><\/li>\n<li style=\"font-weight: 400;\" aria-level=\"1\"><span style=\"font-weight: 400;\">Implementaci\u00f3 de m\u00e9s eines digitals a l\u2019aula. Augment de la CDD i de la CDA.<\/span><\/li>\n<li style=\"font-weight: 400;\" aria-level=\"1\"><span style=\"font-weight: 400;\">Desplegar l\u2019avaluaci\u00f3 de la CDA.<\/span><\/li>\n<li style=\"font-weight: 400;\" aria-level=\"1\"><span style=\"font-weight: 400;\">Millorar de l\u2019assist\u00e8ncia t\u00e8cnica.<\/span><\/li>\n<li style=\"font-weight: 400;\" aria-level=\"1\"><span style=\"font-weight: 400;\">Necessitat de formaci\u00f3 i intercanvi d\u2019experi\u00e8ncies.<\/span><\/li>\n<li style=\"font-weight: 400;\" aria-level=\"1\"><span style=\"font-weight: 400;\">Creaci\u00f3 de continguts digitals.<\/span><\/li>\n<li style=\"font-weight: 400;\" aria-level=\"1\"><span style=\"font-weight: 400;\">Millora de l\u2019\u00fas dels EVA\u2019s.<\/span><\/li>\n<li style=\"font-weight: 400;\" aria-level=\"1\"><span style=\"font-weight: 400;\">Foment de la creativitat i transversalitat de l\u2019\u00e0mbit digital.<\/span><\/li>\n<li style=\"font-weight: 400;\" aria-level=\"1\"><span style=\"font-weight: 400;\">NOFC \u00e0mbit digital 1r any.<\/span><\/li>\n<li style=\"font-weight: 400;\" aria-level=\"1\"><span style=\"font-weight: 400;\">Pla d\u2019Acollida Digital Docent\/Fam\u00edlies i Alumnat.<\/span><\/li>\n<\/ul>\n<\/div>\n<\/div>\n<\/div>\n<\/div>\n","protected":false},"excerpt":{"rendered":"<p>Com hem fet la diagnosi del centre? L\u2019aplicaci\u00f3 SELFIE \u00e9s una eina gratu\u00efta i personalitzable que ha desenvolupat la Uni\u00f3 Europea per ajudar als centres educatius a dur a terme una diagnosi completa sobre l&#8217;aprenentatge digital. Durant el curs 2021-2022 es van realitzar els estudis inicials del nostre centre. En aquest estudi hi van participar [&hellip;]<\/p>\n","protected":false},"author":1,"featured_media":0,"parent":0,"menu_order":0,"comment_status":"closed","ping_status":"closed","template":"","meta":{"_bbp_topic_count":0,"_bbp_reply_count":0,"_bbp_total_topic_count":0,"_bbp_total_reply_count":0,"_bbp_voice_count":0,"_bbp_anonymous_reply_count":0,"_bbp_topic_count_hidden":0,"_bbp_reply_count_hidden":0,"_bbp_forum_subforum_count":0,"site-sidebar-layout":"default","site-content-layout":"","ast-site-content-layout":"","site-content-style":"default","site-sidebar-style":"default","ast-global-header-display":"","ast-banner-title-visibility":"","ast-main-header-display":"","ast-hfb-above-header-display":"","ast-hfb-below-header-display":"","ast-hfb-mobile-header-display":"","site-post-title":"","ast-breadcrumbs-content":"","ast-featured-img":"","footer-sml-layout":"","theme-transparent-header-meta":"","adv-header-id-meta":"","stick-header-meta":"","header-above-stick-meta":"","header-main-stick-meta":"","header-below-stick-meta":"","astra-migrate-meta-layouts":"default","ast-page-background-enabled":"default","ast-page-background-meta":{"desktop":{"background-color":"var(--ast-global-color-4)","background-image":"","background-repeat":"repeat","background-position":"center center","background-size":"auto","background-attachment":"scroll","background-type":"","background-media":"","overlay-type":"","overlay-color":"","overlay-opacity":"","overlay-gradient":""},"tablet":{"background-color":"","background-image":"","background-repeat":"repeat","background-position":"center center","background-size":"auto","background-attachment":"scroll","background-type":"","background-media":"","overlay-type":"","overlay-color":"","overlay-opacity":"","overlay-gradient":""},"mobile":{"background-color":"","background-image":"","background-repeat":"repeat","background-position":"center center","background-size":"auto","background-attachment":"scroll","background-type":"","background-media":"","overlay-type":"","overlay-color":"","overlay-opacity":"","overlay-gradient":""}},"ast-content-background-meta":{"desktop":{"background-color":"var(--ast-global-color-5)","background-image":"","background-repeat":"repeat","background-position":"center center","background-size":"auto","background-attachment":"scroll","background-type":"","background-media":"","overlay-type":"","overlay-color":"","overlay-opacity":"","overlay-gradient":""},"tablet":{"background-color":"var(--ast-global-color-5)","background-image":"","background-repeat":"repeat","background-position":"center center","background-size":"auto","background-attachment":"scroll","background-type":"","background-media":"","overlay-type":"","overlay-color":"","overlay-opacity":"","overlay-gradient":""},"mobile":{"background-color":"var(--ast-global-color-5)","background-image":"","background-repeat":"repeat","background-position":"center center","background-size":"auto","background-attachment":"scroll","background-type":"","background-media":"","overlay-type":"","overlay-color":"","overlay-opacity":"","overlay-gradient":""}},"footnotes":""},"class_list":["post-7568","page","type-page","status-publish","hentry"],"post_mailing_queue_ids":[],"_links":{"self":[{"href":"https:\/\/agora.xtec.cat\/ceip-lespalmeres\/wp-json\/wp\/v2\/pages\/7568","targetHints":{"allow":["GET"]}}],"collection":[{"href":"https:\/\/agora.xtec.cat\/ceip-lespalmeres\/wp-json\/wp\/v2\/pages"}],"about":[{"href":"https:\/\/agora.xtec.cat\/ceip-lespalmeres\/wp-json\/wp\/v2\/types\/page"}],"author":[{"embeddable":true,"href":"https:\/\/agora.xtec.cat\/ceip-lespalmeres\/wp-json\/wp\/v2\/users\/1"}],"replies":[{"embeddable":true,"href":"https:\/\/agora.xtec.cat\/ceip-lespalmeres\/wp-json\/wp\/v2\/comments?post=7568"}],"version-history":[{"count":4,"href":"https:\/\/agora.xtec.cat\/ceip-lespalmeres\/wp-json\/wp\/v2\/pages\/7568\/revisions"}],"predecessor-version":[{"id":7826,"href":"https:\/\/agora.xtec.cat\/ceip-lespalmeres\/wp-json\/wp\/v2\/pages\/7568\/revisions\/7826"}],"wp:attachment":[{"href":"https:\/\/agora.xtec.cat\/ceip-lespalmeres\/wp-json\/wp\/v2\/media?parent=7568"}],"curies":[{"name":"wp","href":"https:\/\/api.w.org\/{rel}","templated":true}]}}