{"id":7186,"date":"2021-11-07T22:05:08","date_gmt":"2021-11-07T21:05:08","guid":{"rendered":"https:\/\/agora.xtec.cat\/ceip-lespalmeres\/?page_id=7186"},"modified":"2025-11-05T12:55:41","modified_gmt":"2025-11-05T11:55:41","slug":"eleccions-consell-escolar","status":"publish","type":"page","link":"https:\/\/agora.xtec.cat\/ceip-lespalmeres\/eleccions-consell-escolar\/","title":{"rendered":"Eleccions consell escolar"},"content":{"rendered":"<table style=\"border-collapse: collapse; width: 36.3994%; height: 46px;\">\n<tbody>\n<tr>\n<td style=\"width: 100%;\">\n<h5 style=\"text-align: center;\"><a href=\"https:\/\/drive.google.com\/file\/d\/1xfUtuUr3SzxRYEqaCgjyxy4926B4zgRv\/view?usp=sharing\" target=\"_blank\" rel=\"noopener\"><strong>CONSULTA EL CENS\u00a0<\/strong><\/a><\/h5>\n<\/td>\n<\/tr>\n<\/tbody>\n<\/table>\n<p><span style=\"font-weight: 400;\">El Departament d\u2019Ensenyament ha convocat eleccions per tal de renovar els representants als Consells Escolars dels Centres Docents p\u00fablics de Catalunya. El proc\u00e9s electoral s\u2019efectuar\u00e0 per renovar la meitat dels membres de cadascun del sectors que formen els consells escolars.<\/span><\/p>\n<p><b>Com podem participar les fam\u00edlies en les eleccions del consell escolar?<\/b><\/p>\n<p><span style=\"font-weight: 400;\">En les eleccions, les fam\u00edlies hi podeu participar de dues maneres diferents:<\/span><\/p>\n<ul>\n<li style=\"font-weight: 400;\" aria-level=\"1\"><span style=\"font-weight: 400;\">Presentant-vos com a candidats o candidates per representar les fam\u00edlies al consell escolar.<\/span><\/li>\n<li style=\"font-weight: 400;\" aria-level=\"1\"><span style=\"font-weight: 400;\">Participant el dia que el centre convoqui les eleccions votant les candidatures que considereu m\u00e9s representatives.<\/span><\/li>\n<\/ul>\n<p><b>Quina \u00e9s la composici\u00f3 del Consell Escolar de la nostra escola:<\/b><\/p>\n<ul>\n<li style=\"font-weight: 400;\" aria-level=\"1\"><span style=\"font-weight: 400;\">La directora del centre, que n\u2019\u00e9s la presidenta.<\/span><\/li>\n<li style=\"font-weight: 400;\" aria-level=\"1\"><span style=\"font-weight: 400;\">La cap d\u2019estudis.<\/span><\/li>\n<li style=\"font-weight: 400;\" aria-level=\"1\"><span style=\"font-weight: 400;\">La secretaria<\/span><\/li>\n<li style=\"font-weight: 400;\" aria-level=\"1\"><span style=\"font-weight: 400;\">1 representant de l\u2019Ajuntament.<\/span><\/li>\n<li style=\"font-weight: 400;\" aria-level=\"1\"><span style=\"font-weight: 400;\">6 mestres escollits pel Claustre.<\/span><\/li>\n<li style=\"font-weight: 400;\" aria-level=\"1\"><span style=\"font-weight: 400;\">6 pares escollits entre les fam\u00edlies del centre<\/span><\/li>\n<li style=\"font-weight: 400;\" aria-level=\"1\"><span style=\"font-weight: 400;\">1 representant de l\u2019AMPA.<\/span><\/li>\n<li style=\"font-weight: 400;\" aria-level=\"1\"><span style=\"font-weight: 400;\">1 representant del personal d\u2019administraci\u00f3 i serveis (PAS).<\/span><\/li>\n<li style=\"font-weight: 400;\" aria-level=\"1\"><span style=\"font-weight: 400;\">1 representant de PAE<\/span><\/li>\n<\/ul>\n<p><span style=\"font-weight: 400;\">TOTAL = 17 membres del Consell Escolar del Centre.<\/span><\/p>\n<p><span style=\"font-weight: 400;\">Tots ells han de ser elegits per cadascun dels sectors corresponents (sector pares, sector mestres, sector serveis). Excepte:<\/span><\/p>\n<ul>\n<li style=\"font-weight: 400;\" aria-level=\"1\"><span style=\"font-weight: 400;\">La directora, la cap d\u2019estudis i la secret\u00e0ria.<\/span><\/li>\n<li style=\"font-weight: 400;\" aria-level=\"1\"><span style=\"font-weight: 400;\">El representant de l\u2019Ajuntament que el designa l\u2019Alcaldessa.<\/span><\/li>\n<li style=\"font-weight: 400;\" aria-level=\"1\"><span style=\"font-weight: 400;\">El representant de l\u2019AMPA que el designa la pr\u00f2pia associaci\u00f3.<\/span><\/li>\n<\/ul>\n<p><b>Qui t\u00e9 dret de vot?<\/b><\/p>\n<p><span style=\"font-weight: 400;\">Tots els pares, mares i els\/les tutors\/es legals, els fills i filles dels quals estiguin matriculats al centre en el moment de la convocat\u00f2ria de les eleccions, podran elegir.<\/span><\/p>\n<p><b>Per qu\u00e8 \u00e9s important que les fam\u00edlies participem en les eleccions al consell escolar?<\/b><\/p>\n<p><span style=\"font-weight: 400;\">Quan les fam\u00edlies participeu en les eleccions, doneu suport al vostre candidat o candidata i hi delegueu la vostra veu i vot. Aix\u00ed feu arribar les vostres opinions i aportacions. Per tant, \u00e9s important que participeu en les eleccions al consell escolar pels motius seg\u00fcents:<\/span><\/p>\n<p><span style=\"font-weight: 400;\">Sou els responsables de la formaci\u00f3 dels vostres fills i filles i \u00e9s important tenir una bona representaci\u00f3 al consell escolar que us informi i faci arribar la vostra veu.<\/span><\/p>\n<p><span style=\"font-weight: 400;\">\u00c9s la manera de fer arribar la vostra veu en temes que us poden preocupar, com activitats extraescolars o\u00a0 l&#8217;alimentaci\u00f3 en el menjador escolar.<\/span><\/p>\n<p><span style=\"font-weight: 400;\">\u00c9s important tenir una escola oberta a l&#8217;entorn, que col\u00b7labori amb els altres centres i les diferents entitats i que entre tots pugueu fer del vostre municipi, barri o poble un entorn m\u00e9s educatiu i cohesionat. El consell escolar decideix quines han de ser aquestes relacions.<\/span><\/p>\n<p><b>Procediment d\u2019elecci\u00f3 o renovaci\u00f3 dels membres del Consell Escolar. SECTOR PARES<\/b><\/p>\n<ul>\n<li style=\"font-weight: 400;\" aria-level=\"1\"><span style=\"font-weight: 400;\">A partir del <\/span><i><span style=\"font-weight: 400;\">dilluns 6 de novembre<\/span><\/i><span style=\"font-weight: 400;\"> podeu comprovar el cens a la web de l\u2019escola de l\u2019escola.<\/span><\/li>\n<li style=\"font-weight: 400;\" aria-level=\"1\"><span style=\"font-weight: 400;\">Poden ser <\/span><span style=\"font-weight: 400;\">candidats al sector pares<\/span><span style=\"font-weight: 400;\">: <\/span><b>tots els pares o mares o tutors legals <\/b><span style=\"font-weight: 400;\">d\u2019alumnes del centre. Per ser candidat <\/span><b>cal omplir un impr\u00e8s <\/b><span style=\"font-weight: 400;\">que podeu recollir a l\u2019escola (adjunt en aquest correu). Hi ha temps fins el 19 de novembre.<\/span><\/li>\n<li style=\"font-weight: 400;\" aria-level=\"1\"><span style=\"font-weight: 400;\">Votacions<\/span><span style=\"font-weight: 400;\">: les votacions s\u00f3n personals, directes i secretes. Pot votar tant el pare com la mare o tutor\/a legal dels alumnes escolaritzats en el Centre.<\/span><\/li>\n<li style=\"font-weight: 400;\" aria-level=\"1\"><span style=\"font-weight: 400;\">Mesa electoral<\/span><span style=\"font-weight: 400;\">: dos pares o mares. Actua de secretari\/a el pare o mare de menys edat.<\/span><\/li>\n<li style=\"font-weight: 400;\" aria-level=\"1\"><span style=\"font-weight: 400;\">En cas que es vulgui actuar com a <\/span><b>supervisor,<\/b><span style=\"font-weight: 400;\"> es far\u00e0 mitjan\u00e7ant escrit, segons model establert.<\/span><\/li>\n<\/ul>\n<p><span style=\"font-weight: 400;\">Els membres del Consell Escolar s\u00f3n escollits per quatre anys. Cada dos anys es renova la meitat dels membres representants de mestres i la meitat dels membres representants dels pares d\u2019alumnes (aquestes eleccions s\u00f3n 2 membres de cada sector).<\/span><\/p>\n<h4><b>El que pares i mares hem de saber o fer abans de les votacions<\/b><\/h4>\n<h4><b>PAS\u00a0 A PAS\u00a0<\/b><\/h4>\n<ol>\n<li style=\"font-weight: 400;\" aria-level=\"1\"><span style=\"font-weight: 400;\">Consultar el calendari del proc\u00e9s electoral que trobareu en diferents cartells per l\u2019escola i la nostra p\u00e0gina web.<\/span><\/li>\n<li style=\"font-weight: 400;\" aria-level=\"1\"><span style=\"font-weight: 400;\">Consultar el cens electoral que trobareu a l\u2019entrada .<\/span><\/li>\n<li style=\"font-weight: 400;\" aria-level=\"1\"><span style=\"font-weight: 400;\">Presentar les reclamacions al cens en cas que no hi consteu.<\/span><\/li>\n<li style=\"font-weight: 400;\" aria-level=\"1\"><span style=\"font-weight: 400;\">Consultar la persona que representa l&#8217;AMPA al consell escolar.<\/span><\/li>\n<li style=\"font-weight: 400;\" aria-level=\"1\"><span style=\"font-weight: 400;\">Presentar-vos com a candidats a formar part del consell escolar.<\/span><\/li>\n<li style=\"font-weight: 400;\" aria-level=\"1\"><span style=\"font-weight: 400;\">Con\u00e8ixer si heu estat designats membres de la mesa electoral.<\/span><\/li>\n<li style=\"font-weight: 400;\" aria-level=\"1\"><span style=\"font-weight: 400;\">Consultar el cens definitiu.<\/span><\/li>\n<li style=\"font-weight: 400;\" aria-level=\"1\"><span style=\"font-weight: 400;\">Consultar les candidatures presentades.<\/span><\/li>\n<li style=\"font-weight: 400;\" aria-level=\"1\"><span style=\"font-weight: 400;\">VOTAR<\/span><\/li>\n<\/ol>\n<p><b>Quina \u00e9s la situaci\u00f3 actual a la nostra escola?\u00a0<\/b><\/p>\n<p><span style=\"font-weight: 400;\">Tenint en compte que les darreres eleccions van tenir lloc al primer trimestre del curs 2021-2022 i la pr\u00f2rroga dels mandats de les persones electes el 2018, establerta per la Resoluci\u00f3 EDU\/1705\/2022, d\u20191 de juny, les persones que han de renovar el seu c\u00e0rrec de representaci\u00f3 s\u00f3n:<\/span><\/p>\n<ol>\n<li><span style=\"font-weight: 400;\"> \u200bLes persones que van ser escollides en la convocat\u00f2ria del 2018 i finalitzaven la seva representaci\u00f3 el 2022.<\/span><\/li>\n<li><span style=\"font-weight: 400;\">Les persones que substitueixin algun membre que finalitzava mandat i que acabava la seva representaci\u00f3 el 2022 o que no va prorrogar-la.<\/span><\/li>\n<\/ol>\n<table style=\"width: 81.7304%;\">\n<tbody>\n<tr>\n<td style=\"width: 11.3667%;\" rowspan=\"6\"><b>6 pares escollits entre les fam\u00edlies del centre<\/b><\/td>\n<td style=\"width: 4.87147%;\"><b>1<\/b><\/td>\n<td style=\"width: 19.6211%;\"><span style=\"font-weight: 400;\">Justo Guijas<\/span><\/td>\n<td style=\"width: 10.9608%;\" rowspan=\"6\"><b>6 mestres escollits pel claustre<\/b><\/td>\n<td style=\"width: 4.87145%;\"><b>1<\/b><\/td>\n<td style=\"width: 27.2615%;\"><a href=\"mailto:mayte.gragera@lespalmeres.cat\"><span style=\"font-weight: 400;\">ada.morales@lespalmeres.cat<\/span><\/a><span style=\"font-weight: 400;\">\u00a0<\/span><\/td>\n<\/tr>\n<tr>\n<td style=\"width: 4.87147%;\"><span style=\"color: #000000;\"><b>2<\/b><\/span><\/td>\n<td style=\"width: 19.6211%;\"><span style=\"font-weight: 400;\">Francisca Cuello<\/span><\/td>\n<td style=\"width: 4.87145%;\"><b>2<\/b><\/td>\n<td style=\"width: 27.2615%;\">carmen.rodriguez@lespalmeres.cat\u00a0<\/td>\n<\/tr>\n<tr>\n<td style=\"width: 4.87147%;\"><span style=\"color: #000000;\"><b>3<\/b><\/span><\/td>\n<td style=\"width: 19.6211%;\"><span style=\"font-weight: 400;\">Asmaa Rhimou<\/span><span style=\"font-weight: 400;\">, <\/span><span style=\"font-weight: 400;\">\u00a0<\/span><\/td>\n<td style=\"width: 4.87145%;\"><span style=\"color: #000000;\"><b>3<\/b><\/span><\/td>\n<td style=\"width: 27.2615%;\"><span style=\"color: #993300;\"><b>A renovar\u00a0<\/b><\/span><\/td>\n<\/tr>\n<tr>\n<td style=\"width: 4.87147%;\"><span style=\"color: #000000;\">4<\/span><\/td>\n<td style=\"width: 19.6211%;\"><span style=\"color: #000000;\">Arantxa Barajas<\/span><\/td>\n<td style=\"width: 4.87145%;\"><span style=\"color: #000000;\"><b>4<\/b><\/span><\/td>\n<td style=\"width: 27.2615%;\"><span style=\"color: #993300;\"><b>A renovar\u00a0<\/b><\/span><\/td>\n<\/tr>\n<tr>\n<td style=\"width: 4.87147%;\"><span style=\"color: #993300;\"><b>5<\/b><\/span><\/td>\n<td style=\"width: 19.6211%;\"><span style=\"color: #993300;\"><b>A renovar\u00a0<\/b><\/span><\/td>\n<td style=\"width: 4.87145%;\"><span style=\"color: #993300;\"><b>5<\/b><\/span><\/td>\n<td style=\"width: 27.2615%;\"><span style=\"color: #993300;\"><b>A renovar\u00a0<\/b><\/span><\/td>\n<\/tr>\n<tr>\n<td style=\"width: 4.87147%;\"><span style=\"color: #993300;\"><b>6<\/b><\/span><\/td>\n<td style=\"width: 19.6211%;\"><span style=\"color: #993300;\"><b>A renovar\u00a0<\/b><\/span><\/td>\n<td style=\"width: 4.87145%;\"><span style=\"color: #993300;\"><b>6<\/b><\/span><\/td>\n<td style=\"width: 27.2615%;\"><span style=\"color: #993300;\"><b>A renovar\u00a0<\/b><\/span><\/td>\n<\/tr>\n<\/tbody>\n<\/table>\n<table>\n<tbody>\n<tr>\n<td><b>1 representant de l\u2019AMPA<\/b><\/td>\n<td><span style=\"color: #993300;\"><b>1<\/b><\/span><\/td>\n<td><span style=\"color: #993300;\"><b>A designar\u00a0<\/b><\/span><\/td>\n<\/tr>\n<tr>\n<td><b>Sector de personal d\u2019atenci\u00f3 educativa (PAE)<\/b><\/td>\n<td><span style=\"color: #993300;\"><b>1<\/b><\/span><\/td>\n<td><span style=\"color: #993300;\"><b>A renovar\u00a0<\/b><\/span><\/td>\n<\/tr>\n<tr>\n<td><b>Sector de personal d\u2019administraci\u00f3 i serveis (PAS)<\/b><\/td>\n<td><span style=\"color: #993300;\"><b>1<\/b><\/span><\/td>\n<td><span style=\"color: #993300;\"><b>A renovar\u00a0<\/b><\/span><\/td>\n<\/tr>\n<tr>\n<td><b>Representant de l\u2019Ajuntament<\/b><\/td>\n<td><span style=\"color: #993300;\"><b>1<\/b><\/span><\/td>\n<td><span style=\"color: #993300;\"><b>A designar\u00a0<\/b><\/span><\/td>\n<\/tr>\n<\/tbody>\n<\/table>\n\n\n<p><a href=\"https:\/\/educacio.gencat.cat\/ca\/arees-actuacio\/centres-serveis-educatius\/centres\/consells-escolars-centres\/index.html\">M\u00e9s informaci\u00f3 a la web:&nbsp;<\/a> <a href=\"https:\/\/educacio.gencat.cat\/ca\/arees-actuacio\/centres-serveis-educatius\/centres\/consells-escolars-centres\/index.html\">https:\/\/educacio.gencat.cat\/ca\/arees-actuacio\/centres-serveis-educatius\/centres\/consells-escolars-centres\/index.html<\/a><\/p>\n\n\n\n<p><\/p>\n","protected":false},"excerpt":{"rendered":"<p>CONSULTA EL CENS\u00a0 El Departament d\u2019Ensenyament ha convocat eleccions per tal de renovar els representants als Consells Escolars dels Centres Docents p\u00fablics de Catalunya. El proc\u00e9s electoral s\u2019efectuar\u00e0 per renovar la meitat dels membres de cadascun del sectors que formen els consells escolars. Com podem participar les fam\u00edlies en les eleccions del consell escolar? En [&hellip;]<\/p>\n","protected":false},"author":1,"featured_media":0,"parent":0,"menu_order":0,"comment_status":"closed","ping_status":"closed","template":"","meta":{"_bbp_topic_count":0,"_bbp_reply_count":0,"_bbp_total_topic_count":0,"_bbp_total_reply_count":0,"_bbp_voice_count":0,"_bbp_anonymous_reply_count":0,"_bbp_topic_count_hidden":0,"_bbp_reply_count_hidden":0,"_bbp_forum_subforum_count":0,"site-sidebar-layout":"default","site-content-layout":"","ast-site-content-layout":"default","site-content-style":"default","site-sidebar-style":"default","ast-global-header-display":"","ast-banner-title-visibility":"","ast-main-header-display":"","ast-hfb-above-header-display":"","ast-hfb-below-header-display":"","ast-hfb-mobile-header-display":"","site-post-title":"","ast-breadcrumbs-content":"","ast-featured-img":"","footer-sml-layout":"","theme-transparent-header-meta":"","adv-header-id-meta":"","stick-header-meta":"","header-above-stick-meta":"","header-main-stick-meta":"","header-below-stick-meta":"","astra-migrate-meta-layouts":"set","ast-page-background-enabled":"default","ast-page-background-meta":{"desktop":{"background-color":"var(--ast-global-color-4)","background-image":"","background-repeat":"repeat","background-position":"center center","background-size":"auto","background-attachment":"scroll","background-type":"","background-media":"","overlay-type":"","overlay-color":"","overlay-opacity":"","overlay-gradient":""},"tablet":{"background-color":"","background-image":"","background-repeat":"repeat","background-position":"center center","background-size":"auto","background-attachment":"scroll","background-type":"","background-media":"","overlay-type":"","overlay-color":"","overlay-opacity":"","overlay-gradient":""},"mobile":{"background-color":"","background-image":"","background-repeat":"repeat","background-position":"center center","background-size":"auto","background-attachment":"scroll","background-type":"","background-media":"","overlay-type":"","overlay-color":"","overlay-opacity":"","overlay-gradient":""}},"ast-content-background-meta":{"desktop":{"background-color":"var(--ast-global-color-5)","background-image":"","background-repeat":"repeat","background-position":"center center","background-size":"auto","background-attachment":"scroll","background-type":"","background-media":"","overlay-type":"","overlay-color":"","overlay-opacity":"","overlay-gradient":""},"tablet":{"background-color":"var(--ast-global-color-5)","background-image":"","background-repeat":"repeat","background-position":"center center","background-size":"auto","background-attachment":"scroll","background-type":"","background-media":"","overlay-type":"","overlay-color":"","overlay-opacity":"","overlay-gradient":""},"mobile":{"background-color":"var(--ast-global-color-5)","background-image":"","background-repeat":"repeat","background-position":"center center","background-size":"auto","background-attachment":"scroll","background-type":"","background-media":"","overlay-type":"","overlay-color":"","overlay-opacity":"","overlay-gradient":""}},"footnotes":""},"class_list":["post-7186","page","type-page","status-publish","hentry"],"post_mailing_queue_ids":[],"_links":{"self":[{"href":"https:\/\/agora.xtec.cat\/ceip-lespalmeres\/wp-json\/wp\/v2\/pages\/7186","targetHints":{"allow":["GET"]}}],"collection":[{"href":"https:\/\/agora.xtec.cat\/ceip-lespalmeres\/wp-json\/wp\/v2\/pages"}],"about":[{"href":"https:\/\/agora.xtec.cat\/ceip-lespalmeres\/wp-json\/wp\/v2\/types\/page"}],"author":[{"embeddable":true,"href":"https:\/\/agora.xtec.cat\/ceip-lespalmeres\/wp-json\/wp\/v2\/users\/1"}],"replies":[{"embeddable":true,"href":"https:\/\/agora.xtec.cat\/ceip-lespalmeres\/wp-json\/wp\/v2\/comments?post=7186"}],"version-history":[{"count":6,"href":"https:\/\/agora.xtec.cat\/ceip-lespalmeres\/wp-json\/wp\/v2\/pages\/7186\/revisions"}],"predecessor-version":[{"id":8574,"href":"https:\/\/agora.xtec.cat\/ceip-lespalmeres\/wp-json\/wp\/v2\/pages\/7186\/revisions\/8574"}],"wp:attachment":[{"href":"https:\/\/agora.xtec.cat\/ceip-lespalmeres\/wp-json\/wp\/v2\/media?parent=7186"}],"curies":[{"name":"wp","href":"https:\/\/api.w.org\/{rel}","templated":true}]}}