{"id":6508,"date":"2021-01-22T11:23:22","date_gmt":"2021-01-22T10:23:22","guid":{"rendered":"http:\/\/agora.xtec.cat\/ceip-lespalmeres\/?page_id=6508"},"modified":"2021-03-09T15:19:16","modified_gmt":"2021-03-09T14:19:16","slug":"ambients-a-primaria","status":"publish","type":"page","link":"https:\/\/agora.xtec.cat\/ceip-lespalmeres\/ambients-a-primaria\/","title":{"rendered":"Ambients a cicle inicial"},"content":{"rendered":"<p>Aquesta proposta metodol\u00f2gica neix de la inquietud docent, de ja fa uns anys, de buscar maneres de fer que poguessin recollir al m\u00e0xim les necessitats de cada un dels nostres infants.<\/p>\n<p>Cerc\u00e0vem\u00a0 contextos on:<\/p>\n<ul>\n<li>Els nens i les nenes fossin\u00a0<b>m\u00e9s protagonistes\u00a0<\/b>i,\u00a0per tant, m\u00e9s part\u00edcips en la construcci\u00f3 del seu aprenentatge.<\/li>\n<li>La pres\u00e8ncia del\u00a0<b>joc<\/b>, com a mitj\u00e0 natural de l\u2019acci\u00f3 de l\u2019infant, fos el mitj\u00e0 que provoqu\u00e9s i gener\u00e9s el desig d\u2019aprendre.<\/li>\n<\/ul>\n<p>Essencialment vol\u00edem fer\u00a0<b>canvis<\/b>\u00a0a la nostra pr\u00e0ctica que ens ajudessin a aconseguir un major ajust entre la nostra manera d\u2019entendre l\u2019educaci\u00f3 i la nostra manera de fer. Aix\u00ed mateix, com a eix principal, aquests canvis ens han de permetre avan\u00e7ar cap al respecte i cap a l\u2019acompanyament en el desenvolupament global de tots i cadascun dels infants.<\/p>\n<p>La finalitat \u00faltima dels ambients \u00e9s generar contextos de benestar i aprenentatge tenint com a dispositius principals l\u2019espai i el material. Ambd\u00f3s dispositius han de permetre cobrir la necessitat de\u00a0<b>comunicaci\u00f3 i relaci\u00f3<\/b>\u00a0amb els altres i tamb\u00e9\u00a0<b>la curiositat<\/b>\u00a0dels nens i les nenes per entendre el m\u00f3n que els envolta.<\/p>\n<p>En aquests contextos, l\u2019infant \u00e9s el protagonista i\u00a0 les propostes que s\u2019hi plantegen han de provocar\u00a0<b>reptes<\/b>\u00a0que l\u2019acompanyin en la construcci\u00f3, creaci\u00f3 i elaboraci\u00f3 de la seva identitat ( acci\u00f3, emocions i pensament) Per tant, s\u00f3n propostes diversificades que atrauen l\u2019inter\u00e8s i proporcionen experi\u00e8ncies interessants i valuoses per tots els infants.<\/p>\n<p><b>La durada<\/b>\u00a0est\u00e0 pensada perqu\u00e8 sigui suficient per poder fer un recorregut amb la llibertat de decidir i provar diferents solucions i viure un projecte. Tamb\u00e9 ha de possibilitar que cada infant experimenti amb la capacitat de gestionar el seu temps, ja que aix\u00ed facilitem el desenvolupament de l\u2019autonomia i de la responsabilitat.<\/p>\n<p>L\u2019<b>espai<\/b> ha de ser acurat i suficientment acollidor, engrescador i vers\u00e0til per poder donar la possibilitat d\u2019imaginar, descobrir, transformar, experimentar, resoldre problemes o situacions amb creativitat. Dintre de cada ambient ser\u00e0 molt important la cura i claredat de l\u2019espai de treball, podent-se donar aix\u00ed microespais que provoquin diferents aprenentatges.<\/p>\n<p><strong style=\"font-size: 1.6875em; text-align: center;\">AMBIENT HIST\u00d2RIES<\/strong><\/p>\n<div class=\"row\" style=\"margin-bottom: 1em !important;\">\n<div class=\"small-12 large-4 text-center columns\">\n<div class=\"ast-oembed-container \" style=\"height: 100%;\"><iframe loading=\"lazy\" title=\"histories\" width=\"500\" height=\"281\" src=\"https:\/\/www.youtube.com\/embed\/whB_kKXf0Qs?feature=oembed\" frameborder=\"0\" allow=\"accelerometer; autoplay; clipboard-write; encrypted-media; gyroscope; picture-in-picture; web-share\" referrerpolicy=\"strict-origin-when-cross-origin\" allowfullscreen><\/iframe><\/div>\n<\/div>\n<div class=\"small-12 large-4 text-center columns\">\n<p><img loading=\"lazy\" decoding=\"async\" class=\"aligncenter size-medium wp-image-6863\" src=\"https:\/\/agora.xtec.cat\/ceip-lespalmeres\/wp-content\/uploads\/usu1432\/2021\/02\/DSCF0145-300x169.jpg\" alt=\"\" width=\"300\" height=\"169\" srcset=\"https:\/\/agora.xtec.cat\/ceip-lespalmeres\/wp-content\/uploads\/usu1432\/2021\/02\/DSCF0145-300x169.jpg 300w, https:\/\/agora.xtec.cat\/ceip-lespalmeres\/wp-content\/uploads\/usu1432\/2021\/02\/DSCF0145-768x432.jpg 768w, https:\/\/agora.xtec.cat\/ceip-lespalmeres\/wp-content\/uploads\/usu1432\/2021\/02\/DSCF0145-1024x576.jpg 1024w, https:\/\/agora.xtec.cat\/ceip-lespalmeres\/wp-content\/uploads\/usu1432\/2021\/02\/DSCF0145.jpg 1920w\" sizes=\"auto, (max-width: 300px) 100vw, 300px\" \/><\/p>\n<p style=\"text-align: left;\">Diferents propostes que els infants trobaran en aquest ambient de lectura, escolta, creaci\u00f3, representaci\u00f3 d\u2019hist\u00f2ries, i les diferents produccions.<\/p>\n<p>&nbsp;<\/p>\n<\/div>\n<div class=\"small-12 large-4 text-center columns\">\n<p><img loading=\"lazy\" decoding=\"async\" class=\"aligncenter size-medium wp-image-6864\" src=\"https:\/\/agora.xtec.cat\/ceip-lespalmeres\/wp-content\/uploads\/usu1432\/2021\/02\/DSCF0149-300x169.jpg\" alt=\"\" width=\"300\" height=\"169\" srcset=\"https:\/\/agora.xtec.cat\/ceip-lespalmeres\/wp-content\/uploads\/usu1432\/2021\/02\/DSCF0149-300x169.jpg 300w, https:\/\/agora.xtec.cat\/ceip-lespalmeres\/wp-content\/uploads\/usu1432\/2021\/02\/DSCF0149-768x432.jpg 768w, https:\/\/agora.xtec.cat\/ceip-lespalmeres\/wp-content\/uploads\/usu1432\/2021\/02\/DSCF0149-1024x576.jpg 1024w, https:\/\/agora.xtec.cat\/ceip-lespalmeres\/wp-content\/uploads\/usu1432\/2021\/02\/DSCF0149.jpg 1920w\" sizes=\"auto, (max-width: 300px) 100vw, 300px\" \/><\/p>\n<p style=\"text-align: left;\">Els infants desenvolupen el llenguatge escrit i oral, estimulen la imaginaci\u00f3, la creativitat i a la vegada que potenciem la seva iniciativa i autonomia personal.<\/p>\n<p>&nbsp;<\/p>\n<\/div>\n<\/div>\n<p>&nbsp;<\/p>\n<div class=\"row\" style=\"margin-bottom: 1em !important;\">\n<div class=\"small-12 large-4 text-center columns\">\n<p><img decoding=\"async\" src=\"https:\/\/img.icons8.com\/color\/120\/000000\/expired.png\" \/><\/p>\n<h3><strong>AMBIENT ART\u00cdSTIC<\/strong><\/h3>\n<p>M\u00e9s informaci\u00f3<\/p>\n<\/div>\n<div class=\"small-12 large-4 text-center columns\">\n<p><img loading=\"lazy\" decoding=\"async\" class=\"aligncenter size-medium wp-image-6865\" src=\"https:\/\/agora.xtec.cat\/ceip-lespalmeres\/wp-content\/uploads\/usu1432\/2021\/02\/DSCF0168-300x169.jpg\" alt=\"\" width=\"300\" height=\"169\" srcset=\"https:\/\/agora.xtec.cat\/ceip-lespalmeres\/wp-content\/uploads\/usu1432\/2021\/02\/DSCF0168-300x169.jpg 300w, https:\/\/agora.xtec.cat\/ceip-lespalmeres\/wp-content\/uploads\/usu1432\/2021\/02\/DSCF0168-768x432.jpg 768w, https:\/\/agora.xtec.cat\/ceip-lespalmeres\/wp-content\/uploads\/usu1432\/2021\/02\/DSCF0168-1024x576.jpg 1024w, https:\/\/agora.xtec.cat\/ceip-lespalmeres\/wp-content\/uploads\/usu1432\/2021\/02\/DSCF0168.jpg 1920w\" sizes=\"auto, (max-width: 300px) 100vw, 300px\" \/><\/p>\n<p style=\"text-align: left;\">Estimulem el desenvolupament de les habilitats creatives. Ha d\u2019oferir experi\u00e8ncies riques i diverses amb una \u00e0mplia gamma d\u2019activitats que incloguin tot tipus de manifestacions art\u00edstiques, t\u00e8cniques i habilitats pl\u00e0stiques.<\/p>\n<p>&nbsp;<\/p>\n<\/div>\n<div class=\"small-12 large-4 text-center columns\">\n<p><img loading=\"lazy\" decoding=\"async\" class=\"aligncenter size-medium wp-image-6866\" src=\"https:\/\/agora.xtec.cat\/ceip-lespalmeres\/wp-content\/uploads\/usu1432\/2021\/02\/DSCF0173-300x169.jpg\" alt=\"\" width=\"300\" height=\"169\" srcset=\"https:\/\/agora.xtec.cat\/ceip-lespalmeres\/wp-content\/uploads\/usu1432\/2021\/02\/DSCF0173-300x169.jpg 300w, https:\/\/agora.xtec.cat\/ceip-lespalmeres\/wp-content\/uploads\/usu1432\/2021\/02\/DSCF0173-768x432.jpg 768w, https:\/\/agora.xtec.cat\/ceip-lespalmeres\/wp-content\/uploads\/usu1432\/2021\/02\/DSCF0173-1024x576.jpg 1024w, https:\/\/agora.xtec.cat\/ceip-lespalmeres\/wp-content\/uploads\/usu1432\/2021\/02\/DSCF0173.jpg 1920w\" sizes=\"auto, (max-width: 300px) 100vw, 300px\" \/><\/p>\n<p style=\"text-align: left;\">Ha d\u2019oferir moments perqu\u00e8 els infants puguin dibuixar, pintar, modelar, retallar, construir\u2026<\/p>\n<p>&nbsp;<\/p>\n<\/div>\n<\/div>\n<div class=\"row\" style=\"margin-bottom: 1em !important;\">\n<div class=\"small-12 large-4 text-center columns\">\n<p><img decoding=\"async\" src=\"https:\/\/img.icons8.com\/color\/120\/000000\/expired.png\" \/><\/p>\n<h3><strong>AMBIENT CIENT\u00cdFIC<\/strong><\/h3>\n<p>M\u00e9s informaci\u00f3<\/p>\n<\/div>\n<div class=\"small-12 large-4 text-center columns\">\n<p><img decoding=\"async\" src=\"https:\/\/img.icons8.com\/color\/120\/000000\/leave.png\" \/><\/p>\n<p>M\u00e9s informaci\u00f3<\/p>\n<\/div>\n<div class=\"small-12 large-4 text-center columns\">\n<p><img decoding=\"async\" src=\"https:\/\/img.icons8.com\/color\/120\/000000\/task.png\" \/><\/p>\n<p style=\"margin-bottom: 0.2em;\">.<\/p>\n<p>M\u00e9s informaci\u00f3<\/p>\n<\/div>\n<\/div>\n<div class=\"row\" style=\"margin-bottom: 1em !important;\">\n<div class=\"small-12 large-4 text-center columns\">\n<p><img decoding=\"async\" src=\"https:\/\/img.icons8.com\/color\/120\/000000\/expired.png\" \/><\/p>\n<h3><strong>AMBIENT MUSICAL<\/strong><\/h3>\n<p>M\u00e9s informaci\u00f3<\/p>\n<\/div>\n<div class=\"small-12 large-4 text-center columns\">\n<p><img decoding=\"async\" src=\"https:\/\/img.icons8.com\/color\/120\/000000\/leave.png\" \/><\/p>\n<p style=\"text-align: left;\">L\u2019experimentaci\u00f3 sonora els proporciona eines per despertar la seva part m\u00e9s explorat\u00f2ria i creativa potenciant: aconseguir el gust pel so, despertar la dimensi\u00f3 imagin\u00e0ria de la m\u00fasica i gaudir de l\u2019organitzaci\u00f3 sonora i musical<\/p>\n<\/div>\n<div class=\"small-12 large-4 text-center columns\">\n<p><img decoding=\"async\" src=\"https:\/\/img.icons8.com\/color\/120\/000000\/task.png\" \/><\/p>\n<p style=\"text-align: left;\">Les propostes estimulen la imaginaci\u00f3 i la improvisaci\u00f3 individual i col\u00b7lectiva amb intenci\u00f3 comunicativa. Per tant, tamb\u00e9 es fomenta la seva iniciativa i autonomia personal.<\/p>\n<\/div>\n<\/div>\n<div class=\"row\" style=\"margin-bottom: 1em !important;\">\n<div class=\"small-12 large-4 text-center columns\">\n<p><img decoding=\"async\" src=\"https:\/\/img.icons8.com\/color\/120\/000000\/expired.png\" \/><\/p>\n<h3><strong>AMBIENT CONSTRUCCIONS<\/strong><\/h3>\n<\/div>\n<div class=\"small-12 large-4 text-center columns\">\n<p><img loading=\"lazy\" decoding=\"async\" class=\"aligncenter size-medium wp-image-6933\" src=\"https:\/\/agora.xtec.cat\/ceip-lespalmeres\/wp-content\/uploads\/usu1432\/2021\/03\/DSCF0729-300x169.jpg\" alt=\"\" width=\"300\" height=\"169\" srcset=\"https:\/\/agora.xtec.cat\/ceip-lespalmeres\/wp-content\/uploads\/usu1432\/2021\/03\/DSCF0729-300x169.jpg 300w, https:\/\/agora.xtec.cat\/ceip-lespalmeres\/wp-content\/uploads\/usu1432\/2021\/03\/DSCF0729-768x432.jpg 768w, https:\/\/agora.xtec.cat\/ceip-lespalmeres\/wp-content\/uploads\/usu1432\/2021\/03\/DSCF0729-1024x576.jpg 1024w, https:\/\/agora.xtec.cat\/ceip-lespalmeres\/wp-content\/uploads\/usu1432\/2021\/03\/DSCF0729.jpg 1920w\" sizes=\"auto, (max-width: 300px) 100vw, 300px\" \/><\/p>\n<p style=\"text-align: left;\">Construir permet projectar objectes, invents i estructures relacionades amb l\u2019arquitectura i l\u2019enginyeria, i per aix\u00f2 caldr\u00e0 experimentar amb conceptes espacials, mides, proporcions, pes, plans inclinats, l\u2019equilibri&#8230;<\/p>\n<\/div>\n<div class=\"small-12 large-4 text-center columns\">\n<p><img loading=\"lazy\" decoding=\"async\" class=\"aligncenter size-medium wp-image-6934\" src=\"https:\/\/agora.xtec.cat\/ceip-lespalmeres\/wp-content\/uploads\/usu1432\/2021\/03\/DSCF0732-300x169.jpg\" alt=\"\" width=\"300\" height=\"169\" srcset=\"https:\/\/agora.xtec.cat\/ceip-lespalmeres\/wp-content\/uploads\/usu1432\/2021\/03\/DSCF0732-300x169.jpg 300w, https:\/\/agora.xtec.cat\/ceip-lespalmeres\/wp-content\/uploads\/usu1432\/2021\/03\/DSCF0732-768x432.jpg 768w, https:\/\/agora.xtec.cat\/ceip-lespalmeres\/wp-content\/uploads\/usu1432\/2021\/03\/DSCF0732-1024x576.jpg 1024w, https:\/\/agora.xtec.cat\/ceip-lespalmeres\/wp-content\/uploads\/usu1432\/2021\/03\/DSCF0732.jpg 1920w\" sizes=\"auto, (max-width: 300px) 100vw, 300px\" \/><\/p>\n<p style=\"text-align: left;\">La idea de construir posa de relleu la capacitat de l\u2019infant per reafirmar-se en els seus processos de pensament.<\/p>\n<\/div>\n<\/div>\n<div class=\"row\" style=\"margin-bottom: 1em !important;\">\n<div class=\"small-12 large-4 text-center columns\">\n<h3><strong>AMBIENT VIDA COTIDIANA<\/strong><\/h3>\n<div class=\"ast-oembed-container \" style=\"height: 100%;\"><iframe loading=\"lazy\" title=\"AMBIENTS A CI\" width=\"500\" height=\"281\" src=\"https:\/\/www.youtube.com\/embed\/LXtMypX2QB8?feature=oembed\" frameborder=\"0\" allow=\"accelerometer; autoplay; clipboard-write; encrypted-media; gyroscope; picture-in-picture; web-share\" referrerpolicy=\"strict-origin-when-cross-origin\" allowfullscreen><\/iframe><\/div>\n<p>&nbsp;<\/p>\n<\/div>\n<div class=\"small-12 large-4 text-center columns\">\n<p>&nbsp;<\/p>\n<p><img loading=\"lazy\" decoding=\"async\" class=\"aligncenter size-medium wp-image-6931\" src=\"https:\/\/agora.xtec.cat\/ceip-lespalmeres\/wp-content\/uploads\/usu1432\/2021\/03\/DSCF0739-300x169.jpg\" alt=\"\" width=\"300\" height=\"169\" srcset=\"https:\/\/agora.xtec.cat\/ceip-lespalmeres\/wp-content\/uploads\/usu1432\/2021\/03\/DSCF0739-300x169.jpg 300w, https:\/\/agora.xtec.cat\/ceip-lespalmeres\/wp-content\/uploads\/usu1432\/2021\/03\/DSCF0739-768x432.jpg 768w, https:\/\/agora.xtec.cat\/ceip-lespalmeres\/wp-content\/uploads\/usu1432\/2021\/03\/DSCF0739-1024x576.jpg 1024w, https:\/\/agora.xtec.cat\/ceip-lespalmeres\/wp-content\/uploads\/usu1432\/2021\/03\/DSCF0739.jpg 1920w\" sizes=\"auto, (max-width: 300px) 100vw, 300px\" \/><\/p>\n<p style=\"text-align: left;\">A trav\u00e9s de l\u2019ambient de vida quotidiana sorgeix el joc simb\u00f2lic, el joc en el qual l\u2019infant imita accions de la vida quotidiana del m\u00f3n dels adults.<\/p>\n<\/div>\n<div class=\"small-12 large-4 text-center columns\">\n<p>&nbsp;<\/p>\n<p><img loading=\"lazy\" decoding=\"async\" class=\"aligncenter size-medium wp-image-6932\" src=\"https:\/\/agora.xtec.cat\/ceip-lespalmeres\/wp-content\/uploads\/usu1432\/2021\/03\/DSCF0741-300x169.jpg\" alt=\"\" width=\"300\" height=\"169\" srcset=\"https:\/\/agora.xtec.cat\/ceip-lespalmeres\/wp-content\/uploads\/usu1432\/2021\/03\/DSCF0741-300x169.jpg 300w, https:\/\/agora.xtec.cat\/ceip-lespalmeres\/wp-content\/uploads\/usu1432\/2021\/03\/DSCF0741-768x432.jpg 768w, https:\/\/agora.xtec.cat\/ceip-lespalmeres\/wp-content\/uploads\/usu1432\/2021\/03\/DSCF0741-1024x576.jpg 1024w, https:\/\/agora.xtec.cat\/ceip-lespalmeres\/wp-content\/uploads\/usu1432\/2021\/03\/DSCF0741.jpg 1920w\" sizes=\"auto, (max-width: 300px) 100vw, 300px\" \/><\/p>\n<p style=\"text-align: left;\">El fet d\u2019explorar i reproduir el m\u00f3n adult fa que es desenvolupi el pensament creatiu i els ajuda a resoldre conflictes, tensions, sentiments.<\/p>\n<\/div>\n<\/div>\n","protected":false},"excerpt":{"rendered":"<p>Aquesta proposta metodol\u00f2gica neix de la inquietud docent, de ja fa uns anys, de buscar maneres de fer que poguessin recollir al m\u00e0xim les necessitats de cada un dels nostres infants. Cerc\u00e0vem\u00a0 contextos on: Els nens i les nenes fossin\u00a0m\u00e9s protagonistes\u00a0i,\u00a0per tant, m\u00e9s part\u00edcips en la construcci\u00f3 del seu aprenentatge. La pres\u00e8ncia del\u00a0joc, com a [&hellip;]<\/p>\n","protected":false},"author":1,"featured_media":0,"parent":0,"menu_order":0,"comment_status":"closed","ping_status":"closed","template":"","meta":{"_bbp_topic_count":0,"_bbp_reply_count":0,"_bbp_total_topic_count":0,"_bbp_total_reply_count":0,"_bbp_voice_count":0,"_bbp_anonymous_reply_count":0,"_bbp_topic_count_hidden":0,"_bbp_reply_count_hidden":0,"_bbp_forum_subforum_count":0,"site-sidebar-layout":"default","site-content-layout":"","ast-site-content-layout":"","site-content-style":"default","site-sidebar-style":"default","ast-global-header-display":"","ast-banner-title-visibility":"","ast-main-header-display":"","ast-hfb-above-header-display":"","ast-hfb-below-header-display":"","ast-hfb-mobile-header-display":"","site-post-title":"","ast-breadcrumbs-content":"","ast-featured-img":"","footer-sml-layout":"","theme-transparent-header-meta":"","adv-header-id-meta":"","stick-header-meta":"","header-above-stick-meta":"","header-main-stick-meta":"","header-below-stick-meta":"","astra-migrate-meta-layouts":"default","ast-page-background-enabled":"default","ast-page-background-meta":{"desktop":{"background-color":"var(--ast-global-color-4)","background-image":"","background-repeat":"repeat","background-position":"center center","background-size":"auto","background-attachment":"scroll","background-type":"","background-media":"","overlay-type":"","overlay-color":"","overlay-opacity":"","overlay-gradient":""},"tablet":{"background-color":"","background-image":"","background-repeat":"repeat","background-position":"center center","background-size":"auto","background-attachment":"scroll","background-type":"","background-media":"","overlay-type":"","overlay-color":"","overlay-opacity":"","overlay-gradient":""},"mobile":{"background-color":"","background-image":"","background-repeat":"repeat","background-position":"center center","background-size":"auto","background-attachment":"scroll","background-type":"","background-media":"","overlay-type":"","overlay-color":"","overlay-opacity":"","overlay-gradient":""}},"ast-content-background-meta":{"desktop":{"background-color":"var(--ast-global-color-5)","background-image":"","background-repeat":"repeat","background-position":"center center","background-size":"auto","background-attachment":"scroll","background-type":"","background-media":"","overlay-type":"","overlay-color":"","overlay-opacity":"","overlay-gradient":""},"tablet":{"background-color":"var(--ast-global-color-5)","background-image":"","background-repeat":"repeat","background-position":"center center","background-size":"auto","background-attachment":"scroll","background-type":"","background-media":"","overlay-type":"","overlay-color":"","overlay-opacity":"","overlay-gradient":""},"mobile":{"background-color":"var(--ast-global-color-5)","background-image":"","background-repeat":"repeat","background-position":"center center","background-size":"auto","background-attachment":"scroll","background-type":"","background-media":"","overlay-type":"","overlay-color":"","overlay-opacity":"","overlay-gradient":""}},"footnotes":""},"class_list":["post-6508","page","type-page","status-publish","hentry"],"post_mailing_queue_ids":[],"_links":{"self":[{"href":"https:\/\/agora.xtec.cat\/ceip-lespalmeres\/wp-json\/wp\/v2\/pages\/6508","targetHints":{"allow":["GET"]}}],"collection":[{"href":"https:\/\/agora.xtec.cat\/ceip-lespalmeres\/wp-json\/wp\/v2\/pages"}],"about":[{"href":"https:\/\/agora.xtec.cat\/ceip-lespalmeres\/wp-json\/wp\/v2\/types\/page"}],"author":[{"embeddable":true,"href":"https:\/\/agora.xtec.cat\/ceip-lespalmeres\/wp-json\/wp\/v2\/users\/1"}],"replies":[{"embeddable":true,"href":"https:\/\/agora.xtec.cat\/ceip-lespalmeres\/wp-json\/wp\/v2\/comments?post=6508"}],"version-history":[{"count":3,"href":"https:\/\/agora.xtec.cat\/ceip-lespalmeres\/wp-json\/wp\/v2\/pages\/6508\/revisions"}],"predecessor-version":[{"id":6944,"href":"https:\/\/agora.xtec.cat\/ceip-lespalmeres\/wp-json\/wp\/v2\/pages\/6508\/revisions\/6944"}],"wp:attachment":[{"href":"https:\/\/agora.xtec.cat\/ceip-lespalmeres\/wp-json\/wp\/v2\/media?parent=6508"}],"curies":[{"name":"wp","href":"https:\/\/api.w.org\/{rel}","templated":true}]}}