{"id":6446,"date":"2021-01-21T12:04:51","date_gmt":"2021-01-21T11:04:51","guid":{"rendered":"http:\/\/agora.xtec.cat\/ceip-lespalmeres\/?page_id=6446"},"modified":"2023-10-22T19:38:58","modified_gmt":"2023-10-22T17:38:58","slug":"innovamat","status":"publish","type":"page","link":"https:\/\/agora.xtec.cat\/ceip-lespalmeres\/innovamat\/","title":{"rendered":"Innovamat"},"content":{"rendered":"<p><span style=\"font-weight: 400;\">Innovamat \u00e9s una proposta de matem\u00e0tiques per a l\u2019aula d\u2019Infantil i Prim\u00e0ria que vetlla per aconseguir que els infants <\/span><span style=\"font-weight: 400;\">aprenguin de manera m\u00e9s <\/span><b>competencial <\/b><span style=\"font-weight: 400;\">i <\/span><b>significativa<\/b><span style=\"font-weight: 400;\">, a trav\u00e9s de la <\/span><b>manipulaci\u00f3 <\/b><span style=\"font-weight: 400;\">i la <\/span><b>conversa<\/b><span style=\"font-weight: 400;\">.\u00a0<\/span><\/p>\n<h5><span style=\"font-weight: 400;\">Qu\u00e8 volem dir, amb aix\u00f2?<\/span><\/h5>\n<div class=\"row\" style=\"margin-bottom: 1em !important;\">\n<div class=\"small-12 large-4 text-center columns\">\n<p><img loading=\"lazy\" decoding=\"async\" class=\"\" src=\"https:\/\/blog.innovamat.com\/wp-content\/uploads\/2022\/06\/MIDA-IMATGE-DESTACADA-BLOG-7-1.png\" alt=\"matem\u00e0tiques-innovamat\" width=\"206\" height=\"112\" \/><\/p>\n<p style=\"margin-bottom: 0.2em;\"><span style=\"font-weight: 400;\">Treballar <\/span><b>manipulativament <\/b><span style=\"font-weight: 400;\">\u00e9s una forma de construir el coneixement. A partir de la manipulaci\u00f3 de materials i la conversa matem\u00e0tica dins l\u2019aula, els infants poden descobrir conceptes i estrat\u00e8gies de forma transparent, sense mecanitzar.<\/span><\/p>\n<\/div>\n<div class=\"small-12 large-4 text-center columns\">\n<p><img loading=\"lazy\" decoding=\"async\" class=\"\" src=\"https:\/\/blog.innovamat.com\/wp-content\/uploads\/2022\/05\/MIDA-IMATGE-DESTACADA-BLOG-4-1.png\" alt=\"Innovamat \u00e9s un m\u00e8tode que funciona? - Innovamat Blog\" width=\"213\" height=\"116\" \/><\/p>\n<p style=\"margin-bottom: 0.2em;\"><span style=\"font-weight: 400;\">Les directrius del Departament d\u2019Educaci\u00f3 marquen que l\u2019aprenentatge de les matem\u00e0tiques ha de ser <\/span><b>competencial<\/b><span style=\"font-weight: 400;\">. \u00c9s a dir, el focus s\u2019ha de posar en les habilitats i actituds matem\u00e0tiques mentre es desenvolupen els continguts.<\/span><\/p>\n<\/div>\n<div class=\"small-12 large-4 text-center columns\">\n<p><img loading=\"lazy\" decoding=\"async\" class=\"\" src=\"https:\/\/blog.innovamat.com\/wp-content\/uploads\/2022\/09\/Destacada-treballar-competencial.png\" width=\"229\" height=\"125\" \/><\/p>\n<p style=\"margin-bottom: 0.2em;\"><span style=\"font-weight: 400;\">Les persones que mostren bones habilitats matem\u00e0tiques no s\u00f3n aquelles que saben reproduir receptes matem\u00e0tiques amb efici\u00e8ncia: \u201csaber matem\u00e0tiques\u201d vol dir disposar de moltes estrat\u00e8gies de resoluci\u00f3 de problemes, de capacitat per saber-les comunicar i representar, de raonar els procediments i <\/span><span style=\"font-weight: 400;\">connectar-los amb altres branques i continguts.<\/span><\/p>\n<\/div>\n<\/div>\n<h5><span style=\"font-weight: 400;\">L&#8217;aula de matem\u00e0tiques ha de ser un entorn inspirador que el convidi a aprendre ia desenvolupar tot el seu potencial i<\/span><span style=\"font-weight: 400;\">, per aconseguir-ho, ser\u00e0 clau:<\/span><\/h5>\n<p><a class=\"button normal\" style=\"padding: 1em; font-weight: 400; margin: 0.1em; color: white !important; background-color: #3a5863bf;\" rel=\"noopener noreferrer\">La presentaci\u00f3 dels continguts i les destreses matem\u00e0tiques amb criteri did\u00e0ctic.<\/a><br \/>\n<a class=\"button normal\" style=\"padding: 1em; font-weight: 400; margin: 0.1em; color: white !important; background-color: #3a5863bf;\" rel=\"noopener noreferrer\">Respectar els diferents ritmes d&#8217;aprenentatge dels nens i nenes<\/a><a class=\"button normal\" style=\"padding: 1em; font-weight: 400; margin: 0.1em; color: white !important; background-color: #3a5863bf;\" rel=\"noopener noreferrer\">Donar valor als processos matem\u00e0tics: resoldre problemes, raonar, conectar, comunicar i representar. Sense oblidar els continguts<\/a><\/p>\n<div class=\"ast-oembed-container \" style=\"height: 100%;\"><iframe loading=\"lazy\" title=\"Innovamat: qu\u00e8 \u00e9s fer matem\u00e0tiques?\" width=\"500\" height=\"281\" src=\"https:\/\/www.youtube.com\/embed\/pERXXiZjS14?feature=oembed\" frameborder=\"0\" allow=\"accelerometer; autoplay; clipboard-write; encrypted-media; gyroscope; picture-in-picture; web-share\" referrerpolicy=\"strict-origin-when-cross-origin\" allowfullscreen><\/iframe><\/div>\n<div class=\"row\"><\/div>\n<p>&nbsp;<\/p>\n<div class=\"row\" style=\"margin-bottom: 1em !important;\">\n<div class=\"small-12 large-4 text-center columns\">\n<p><img loading=\"lazy\" decoding=\"async\" class=\"aligncenter wp-image-6458\" src=\"https:\/\/agora.xtec.cat\/ceip-lespalmeres\/wp-content\/uploads\/usu1432\/2021\/01\/Resoldre_Problemes_min-288x300.png\" alt=\"\" width=\"529\" height=\"551\" srcset=\"https:\/\/agora.xtec.cat\/ceip-lespalmeres\/wp-content\/uploads\/usu1432\/2021\/01\/Resoldre_Problemes_min-288x300.png 288w, https:\/\/agora.xtec.cat\/ceip-lespalmeres\/wp-content\/uploads\/usu1432\/2021\/01\/Resoldre_Problemes_min-768x801.png 768w, https:\/\/agora.xtec.cat\/ceip-lespalmeres\/wp-content\/uploads\/usu1432\/2021\/01\/Resoldre_Problemes_min.png 924w\" sizes=\"auto, (max-width: 529px) 100vw, 529px\" \/><\/p>\n<h3><span style=\"font-family: inherit; font-size: 1em; color: #339966;\">Resoldre problemes <\/span><\/h3>\n<p><span style=\"font-weight: 400;\">Ser capa\u00e7 d&#8217;enfrontar-se a situacions desconegudes, de dissenyar estrat\u00e8gies per resoldre-les, d&#8217;analitzar les seves possibles solucions i plantejar-se noves preguntes.<\/span><\/p>\n<\/div>\n<div class=\"small-12 large-4 text-center columns\">\n<p><img loading=\"lazy\" decoding=\"async\" class=\"aligncenter wp-image-6460\" src=\"https:\/\/agora.xtec.cat\/ceip-lespalmeres\/wp-content\/uploads\/usu1432\/2021\/01\/Raonament_proba_min-300x300.png\" alt=\"\" width=\"622\" height=\"622\" srcset=\"https:\/\/agora.xtec.cat\/ceip-lespalmeres\/wp-content\/uploads\/usu1432\/2021\/01\/Raonament_proba_min-300x300.png 300w, https:\/\/agora.xtec.cat\/ceip-lespalmeres\/wp-content\/uploads\/usu1432\/2021\/01\/Raonament_proba_min-150x150.png 150w\" sizes=\"auto, (max-width: 622px) 100vw, 622px\" \/><\/p>\n<h3><span style=\"color: #516fc9;\">Raonar i provar<\/span><\/h3>\n<p style=\"margin-bottom: 0.2em;\"><span style=\"font-weight: 400;\">Ser capa\u00e7 d&#8217;analitzar les situacions, fer conjectures i comprovar-les, deduir i argumentar les afirmacions que realitzem.<\/span><\/p>\n<p>&nbsp;<\/p>\n<\/div>\n<div class=\"small-12 large-4 text-center columns\">\n<p>&nbsp;<\/p>\n<\/div>\n<\/div>\n<div class=\"row\" style=\"margin-bottom: 1em !important;\">\n<div class=\"small-12 large-4 text-center columns\">\n<p><img loading=\"lazy\" decoding=\"async\" class=\"aligncenter wp-image-6461\" src=\"https:\/\/agora.xtec.cat\/ceip-lespalmeres\/wp-content\/uploads\/usu1432\/2021\/01\/Conectar_min-300x261.png\" alt=\"\" width=\"507\" height=\"440\" srcset=\"https:\/\/agora.xtec.cat\/ceip-lespalmeres\/wp-content\/uploads\/usu1432\/2021\/01\/Conectar_min-300x261.png 300w, https:\/\/agora.xtec.cat\/ceip-lespalmeres\/wp-content\/uploads\/usu1432\/2021\/01\/Conectar_min-768x668.png 768w, https:\/\/agora.xtec.cat\/ceip-lespalmeres\/wp-content\/uploads\/usu1432\/2021\/01\/Conectar_min.png 915w\" sizes=\"auto, (max-width: 507px) 100vw, 507px\" \/><\/p>\n<h3><span style=\"color: #ffcc00;\"><strong>Connectar<\/strong><\/span><\/h3>\n<p><span style=\"font-weight: 400;\">Ser capa\u00e7 de descobrir les relacions existents entre les diferents idees i conceptes del m\u00f3n matem\u00e0tic, o d&#8217;aquests amb el m\u00f3n que ens envolta.<\/span><\/p>\n<\/div>\n<div class=\"small-12 large-4 text-center columns\">\n<p><img loading=\"lazy\" decoding=\"async\" class=\"wp-image-6459 alignleft\" src=\"https:\/\/agora.xtec.cat\/ceip-lespalmeres\/wp-content\/uploads\/usu1432\/2021\/01\/Comunicar_Representar_min-298x300.png\" alt=\"\" width=\"521\" height=\"524\" srcset=\"https:\/\/agora.xtec.cat\/ceip-lespalmeres\/wp-content\/uploads\/usu1432\/2021\/01\/Comunicar_Representar_min-298x300.png 298w, https:\/\/agora.xtec.cat\/ceip-lespalmeres\/wp-content\/uploads\/usu1432\/2021\/01\/Comunicar_Representar_min-150x150.png 150w, https:\/\/agora.xtec.cat\/ceip-lespalmeres\/wp-content\/uploads\/usu1432\/2021\/01\/Comunicar_Representar_min-768x773.png 768w, https:\/\/agora.xtec.cat\/ceip-lespalmeres\/wp-content\/uploads\/usu1432\/2021\/01\/Comunicar_Representar_min.png 811w\" sizes=\"auto, (max-width: 521px) 100vw, 521px\" \/><\/p>\n<h3><span style=\"color: #993366;\"><strong>Comunicar i representar<\/strong><\/span><\/h3>\n<p><span style=\"font-weight: 400;\">Ser capa\u00e7 de transmetre i interpretar la informaci\u00f3 matem\u00e0tica a trav\u00e9s de qualsevol canal: de manera gr\u00e0fica o escrita, oral, amb l&#8217;ajuda de material o mitjan\u00e7ant la tecnologia existent<\/span><\/p>\n<p>M\u00e9s informaci\u00f3<\/p>\n<\/div>\n<div class=\"small-12 large-4 text-center columns\">\n<p>&nbsp;<\/p>\n<\/div>\n<\/div>\n<p>&nbsp;<\/p>\n","protected":false},"excerpt":{"rendered":"<p>Innovamat \u00e9s una proposta de matem\u00e0tiques per a l\u2019aula d\u2019Infantil i Prim\u00e0ria que vetlla per aconseguir que els infants aprenguin de manera m\u00e9s competencial i significativa, a trav\u00e9s de la manipulaci\u00f3 i la conversa.\u00a0 Qu\u00e8 volem dir, amb aix\u00f2? Treballar manipulativament \u00e9s una forma de construir el coneixement. A partir de la manipulaci\u00f3 de materials [&hellip;]<\/p>\n","protected":false},"author":1,"featured_media":0,"parent":0,"menu_order":0,"comment_status":"closed","ping_status":"closed","template":"","meta":{"_bbp_topic_count":0,"_bbp_reply_count":0,"_bbp_total_topic_count":0,"_bbp_total_reply_count":0,"_bbp_voice_count":0,"_bbp_anonymous_reply_count":0,"_bbp_topic_count_hidden":0,"_bbp_reply_count_hidden":0,"_bbp_forum_subforum_count":0,"site-sidebar-layout":"default","site-content-layout":"","ast-site-content-layout":"","site-content-style":"default","site-sidebar-style":"default","ast-global-header-display":"","ast-banner-title-visibility":"","ast-main-header-display":"","ast-hfb-above-header-display":"","ast-hfb-below-header-display":"","ast-hfb-mobile-header-display":"","site-post-title":"","ast-breadcrumbs-content":"","ast-featured-img":"","footer-sml-layout":"","theme-transparent-header-meta":"","adv-header-id-meta":"","stick-header-meta":"","header-above-stick-meta":"","header-main-stick-meta":"","header-below-stick-meta":"","astra-migrate-meta-layouts":"default","ast-page-background-enabled":"default","ast-page-background-meta":{"desktop":{"background-color":"var(--ast-global-color-4)","background-image":"","background-repeat":"repeat","background-position":"center center","background-size":"auto","background-attachment":"scroll","background-type":"","background-media":"","overlay-type":"","overlay-color":"","overlay-opacity":"","overlay-gradient":""},"tablet":{"background-color":"","background-image":"","background-repeat":"repeat","background-position":"center center","background-size":"auto","background-attachment":"scroll","background-type":"","background-media":"","overlay-type":"","overlay-color":"","overlay-opacity":"","overlay-gradient":""},"mobile":{"background-color":"","background-image":"","background-repeat":"repeat","background-position":"center center","background-size":"auto","background-attachment":"scroll","background-type":"","background-media":"","overlay-type":"","overlay-color":"","overlay-opacity":"","overlay-gradient":""}},"ast-content-background-meta":{"desktop":{"background-color":"var(--ast-global-color-5)","background-image":"","background-repeat":"repeat","background-position":"center center","background-size":"auto","background-attachment":"scroll","background-type":"","background-media":"","overlay-type":"","overlay-color":"","overlay-opacity":"","overlay-gradient":""},"tablet":{"background-color":"var(--ast-global-color-5)","background-image":"","background-repeat":"repeat","background-position":"center center","background-size":"auto","background-attachment":"scroll","background-type":"","background-media":"","overlay-type":"","overlay-color":"","overlay-opacity":"","overlay-gradient":""},"mobile":{"background-color":"var(--ast-global-color-5)","background-image":"","background-repeat":"repeat","background-position":"center center","background-size":"auto","background-attachment":"scroll","background-type":"","background-media":"","overlay-type":"","overlay-color":"","overlay-opacity":"","overlay-gradient":""}},"footnotes":""},"class_list":["post-6446","page","type-page","status-publish","hentry"],"post_mailing_queue_ids":[],"_links":{"self":[{"href":"https:\/\/agora.xtec.cat\/ceip-lespalmeres\/wp-json\/wp\/v2\/pages\/6446","targetHints":{"allow":["GET"]}}],"collection":[{"href":"https:\/\/agora.xtec.cat\/ceip-lespalmeres\/wp-json\/wp\/v2\/pages"}],"about":[{"href":"https:\/\/agora.xtec.cat\/ceip-lespalmeres\/wp-json\/wp\/v2\/types\/page"}],"author":[{"embeddable":true,"href":"https:\/\/agora.xtec.cat\/ceip-lespalmeres\/wp-json\/wp\/v2\/users\/1"}],"replies":[{"embeddable":true,"href":"https:\/\/agora.xtec.cat\/ceip-lespalmeres\/wp-json\/wp\/v2\/comments?post=6446"}],"version-history":[{"count":6,"href":"https:\/\/agora.xtec.cat\/ceip-lespalmeres\/wp-json\/wp\/v2\/pages\/6446\/revisions"}],"predecessor-version":[{"id":7867,"href":"https:\/\/agora.xtec.cat\/ceip-lespalmeres\/wp-json\/wp\/v2\/pages\/6446\/revisions\/7867"}],"wp:attachment":[{"href":"https:\/\/agora.xtec.cat\/ceip-lespalmeres\/wp-json\/wp\/v2\/media?parent=6446"}],"curies":[{"name":"wp","href":"https:\/\/api.w.org\/{rel}","templated":true}]}}